{"id":9827,"date":"2021-05-23T19:47:45","date_gmt":"2021-05-23T17:47:45","guid":{"rendered":"http:\/\/sp.tuchow.pl\/?page_id=9827"},"modified":"2021-05-23T20:25:17","modified_gmt":"2021-05-23T18:25:17","slug":"o-projekcie","status":"publish","type":"page","link":"https:\/\/sp.tuchow.pl\/index.php\/o-projekcie\/","title":{"rendered":"O projekcie"},"content":{"rendered":"<p><img loading=\"lazy\" decoding=\"async\" data-attachment-id=\"9788\" data-permalink=\"https:\/\/sp.tuchow.pl\/index.php\/power\/fe_power_poziom_pl\/\" data-orig-file=\"https:\/\/sp.tuchow.pl\/wp-content\/uploads\/2021\/05\/FE_POWER_poziom_pl-1_rgb.jpg\" data-orig-size=\"5883,756\" data-comments-opened=\"0\" data-image-meta=\"{&quot;aperture&quot;:&quot;0&quot;,&quot;credit&quot;:&quot;&quot;,&quot;camera&quot;:&quot;&quot;,&quot;caption&quot;:&quot;&quot;,&quot;created_timestamp&quot;:&quot;0&quot;,&quot;copyright&quot;:&quot;&quot;,&quot;focal_length&quot;:&quot;0&quot;,&quot;iso&quot;:&quot;0&quot;,&quot;shutter_speed&quot;:&quot;0&quot;,&quot;title&quot;:&quot;FE_POWER_poziom_pl&quot;,&quot;orientation&quot;:&quot;1&quot;}\" data-image-title=\"FE_POWER_poziom_pl\" data-image-description=\"\" data-image-caption=\"\" data-medium-file=\"https:\/\/sp.tuchow.pl\/wp-content\/uploads\/2021\/05\/FE_POWER_poziom_pl-1_rgb-300x39.jpg\" data-large-file=\"https:\/\/sp.tuchow.pl\/wp-content\/uploads\/2021\/05\/FE_POWER_poziom_pl-1_rgb-1024x132.jpg\" class=\"wp-image-9788 aligncenter\" src=\"https:\/\/sp.tuchow.pl\/wp-content\/uploads\/2021\/05\/FE_POWER_poziom_pl-1_rgb-300x39.jpg\" alt=\"\" width=\"477\" height=\"62\" srcset=\"https:\/\/sp.tuchow.pl\/wp-content\/uploads\/2021\/05\/FE_POWER_poziom_pl-1_rgb-300x39.jpg 300w, https:\/\/sp.tuchow.pl\/wp-content\/uploads\/2021\/05\/FE_POWER_poziom_pl-1_rgb-768x99.jpg 768w, https:\/\/sp.tuchow.pl\/wp-content\/uploads\/2021\/05\/FE_POWER_poziom_pl-1_rgb-1024x132.jpg 1024w\" sizes=\"auto, (max-width: 477px) 100vw, 477px\" \/><\/p>\n<h3 style=\"text-align: center;\"><span style=\"color: #0000ff;\"><b>Szko\u0142a Podstawowa <\/b><\/span><\/h3>\n<h3 style=\"text-align: center;\"><span style=\"color: #0000ff;\"><b>im. Stanis\u0142awa Staszica w Tuchowie<\/b><\/span><\/h3>\n<h3 style=\"text-align: center;\"><span style=\"color: #0000ff;\"><b>realizuje projekt:<\/b><\/span><\/h3>\n<h3 style=\"text-align: center;\"><span style=\"color: #0000ff;\"><b>\u201ePonadnarodowa Mobilno\u015b\u0107 Uczni\u00f3w\u201d<\/b><\/span><\/h3>\n<h3 style=\"text-align: center;\"><span style=\"color: #0000ff;\"><b>dofinansowany z Funduszy Europejskich<\/b><\/span><\/h3>\n<h3 style=\"text-align: center;\"><span style=\"color: #0000ff;\"><b>w ramach Programu Operacyjnego <\/b><\/span><\/h3>\n<h3 style=\"text-align: center;\"><span style=\"color: #0000ff;\"><b>Wiedza Edukacja Rozw\u00f3j<\/b><\/span><\/h3>\n<p>&nbsp;<\/p>\n<p><b>Dofinansowanie projektu z funduszy UE:<\/b> <b>118 932,00<\/b> <b>PLN<\/b><\/p>\n<p><b>Cel projektu, za\u0142o\u017cenia i spodziewane efekty:<\/b><\/p>\n<p style=\"text-align: justify;\"><b>Celem projektu<\/b><span style=\"font-weight: 400;\"> jest wzmocnienie kompetencji kluczowych uczni\u00f3w, a w szczeg\u00f3lno\u015bci: kompetencji w zakresie wieloj\u0119zyczno\u015bci, kompetencji cyfrowych, kompetencji osobistych, spo\u0142ecznych i w zakresie uczenia si\u0119 oraz kompetencji w zakresie nauk przyrodniczych, kompetencji w zakresie przedsi\u0119biorczo\u015bci oraz kompetencji w zakresie rozumienia i tworzenia informacji.<\/span><\/p>\n<p style=\"text-align: justify;\"><b>Projekt zak\u0142ada<\/b><span style=\"font-weight: 400;\"> zagraniczny wyjazd grupy uczni\u00f3w do kraju Unii Europejskiej, aby wsp\u00f3lnie z r\u00f3wie\u015bnikami z zagranicy realizowa\u0107 program zwi\u0105zany z tematem przedsi\u0119wzi\u0119cia.<\/span><\/p>\n<p style=\"text-align: justify;\"><b>Spodziewane efekty <\/b><span style=\"font-weight: 400;\">to m.in. wzrost kompetencji kluczowych u uczestnik\u00f3w oraz kszta\u0142cenie m\u0142odych os\u00f3b w duchu otwarto\u015bci, tolerancji i poszanowania r\u00f3\u017cnorodno\u015bci. Projekt b\u0119dzie mia\u0142 pozytywny wp\u0142yw na uczestnik\u00f3w pod wzgl\u0119dem ciekawo\u015bci \u015bwiata oraz gotowo\u015bci do podejmowania nowych wyzwa\u0144. Udzia\u0142 w projekcie to te\u017c szansa na rozw\u00f3j zawodowy nauczycieli.<\/span><\/p>\n<p>&nbsp;<\/p>\n<p><a href=\"https:\/\/sp.tuchow.pl\/pobierz\/power\/Informacje%20o%20projekcie.pdf\">Szczeg\u00f3\u0142owy opis przedsi\u0119wzi\u0119cia<\/a><\/p>\n","protected":false},"excerpt":{"rendered":"<p>Szko\u0142a Podstawowa im. Stanis\u0142awa Staszica w Tuchowie realizuje projekt: \u201ePonadnarodowa Mobilno\u015b\u0107 Uczni\u00f3w\u201d dofinansowany z Funduszy Europejskich w ramach Programu Operacyjnego<\/p>\n","protected":false},"author":4,"featured_media":0,"parent":0,"menu_order":0,"comment_status":"closed","ping_status":"closed","template":"","meta":{"advanced_seo_description":"","jetpack_seo_html_title":"","jetpack_seo_noindex":false,"ngg_post_thumbnail":0,"footnotes":""},"class_list":["post-9827","page","type-page","status-publish","hentry"],"jetpack_sharing_enabled":true,"jetpack_shortlink":"https:\/\/wp.me\/PghmmV-2yv","jetpack_likes_enabled":true,"jetpack-related-posts":[],"_links":{"self":[{"href":"https:\/\/sp.tuchow.pl\/index.php\/wp-json\/wp\/v2\/pages\/9827","targetHints":{"allow":["GET"]}}],"collection":[{"href":"https:\/\/sp.tuchow.pl\/index.php\/wp-json\/wp\/v2\/pages"}],"about":[{"href":"https:\/\/sp.tuchow.pl\/index.php\/wp-json\/wp\/v2\/types\/page"}],"author":[{"embeddable":true,"href":"https:\/\/sp.tuchow.pl\/index.php\/wp-json\/wp\/v2\/users\/4"}],"replies":[{"embeddable":true,"href":"https:\/\/sp.tuchow.pl\/index.php\/wp-json\/wp\/v2\/comments?post=9827"}],"version-history":[{"count":8,"href":"https:\/\/sp.tuchow.pl\/index.php\/wp-json\/wp\/v2\/pages\/9827\/revisions"}],"predecessor-version":[{"id":9851,"href":"https:\/\/sp.tuchow.pl\/index.php\/wp-json\/wp\/v2\/pages\/9827\/revisions\/9851"}],"wp:attachment":[{"href":"https:\/\/sp.tuchow.pl\/index.php\/wp-json\/wp\/v2\/media?parent=9827"}],"curies":[{"name":"wp","href":"https:\/\/api.w.org\/{rel}","templated":true}]}}

<p><img loading="lazy" decoding="async" data-attachment-id="9788" data-permalink="https://sp.tuchow.pl/index.php/power/fe_power_poziom_pl/" data-orig-file="https://sp.tuchow.pl/wp-content/uploads/2021/05/FE_POWER_poziom_pl-1_rgb.jpg" data-orig-size="5883,756" data-comments-opened="0" data-image-meta="{&quot;aperture&quot;:&quot;0&quot;,&quot;credit&quot;:&quot;&quot;,&quot;camera&quot;:&quot;&quot;,&quot;caption&quot;:&quot;&quot;,&quot;created_timestamp&quot;:&quot;0&quot;,&quot;copyright&quot;:&quot;&quot;,&quot;focal_length&quot;:&quot;0&quot;,&quot;iso&quot;:&quot;0&quot;,&quot;shutter_speed&quot;:&quot;0&quot;,&quot;title&quot;:&quot;FE_POWER_poziom_pl&quot;,&quot;orientation&quot;:&quot;1&quot;}" data-image-title="FE_POWER_poziom_pl" data-image-description="" data-image-caption="" data-medium-file="https://sp.tuchow.pl/wp-content/uploads/2021/05/FE_POWER_poziom_pl-1_rgb-300x39.jpg" data-large-file="https://sp.tuchow.pl/wp-content/uploads/2021/05/FE_POWER_poziom_pl-1_rgb-1024x132.jpg" class="wp-image-9788 aligncenter" src="https://sp.tuchow.pl/wp-content/uploads/2021/05/FE_POWER_poziom_pl-1_rgb-300x39.jpg" alt="" width="477" height="62" srcset="https://sp.tuchow.pl/wp-content/uploads/2021/05/FE_POWER_poziom_pl-1_rgb-300x39.jpg 300w, https://sp.tuchow.pl/wp-content/uploads/2021/05/FE_POWER_poziom_pl-1_rgb-768x99.jpg 768w, https://sp.tuchow.pl/wp-content/uploads/2021/05/FE_POWER_poziom_pl-1_rgb-1024x132.jpg 1024w" sizes="auto, (max-width: 477px) 100vw, 477px" /></p>
<h3 style="text-align: center;"><span style="color: #0000ff;"><b>Szkoła Podstawowa </b></span></h3>
<h3 style="text-align: center;"><span style="color: #0000ff;"><b>im. Stanisława Staszica w Tuchowie</b></span></h3>
<h3 style="text-align: center;"><span style="color: #0000ff;"><b>realizuje projekt:</b></span></h3>
<h3 style="text-align: center;"><span style="color: #0000ff;"><b>„Ponadnarodowa Mobilność Uczniów”</b></span></h3>
<h3 style="text-align: center;"><span style="color: #0000ff;"><b>dofinansowany z Funduszy Europejskich</b></span></h3>
<h3 style="text-align: center;"><span style="color: #0000ff;"><b>w ramach Programu Operacyjnego </b></span></h3>
<h3 style="text-align: center;"><span style="color: #0000ff;"><b>Wiedza Edukacja Rozwój</b></span></h3>
<p>&nbsp;</p>
<p><b>Dofinansowanie projektu z funduszy UE:</b> <b>118 932,00</b> <b>PLN</b></p>
<p><b>Cel projektu, założenia i spodziewane efekty:</b></p>
<p style="text-align: justify;"><b>Celem projektu</b><span style="font-weight: 400;"> jest wzmocnienie kompetencji kluczowych uczniów, a w szczególności: kompetencji w zakresie wielojęzyczności, kompetencji cyfrowych, kompetencji osobistych, społecznych i w zakresie uczenia się oraz kompetencji w zakresie nauk przyrodniczych, kompetencji w zakresie przedsiębiorczości oraz kompetencji w zakresie rozumienia i tworzenia informacji.</span></p>
<p style="text-align: justify;"><b>Projekt zakłada</b><span style="font-weight: 400;"> zagraniczny wyjazd grupy uczniów do kraju Unii Europejskiej, aby wspólnie z rówieśnikami z zagranicy realizować program związany z tematem przedsięwzięcia.</span></p>
<p style="text-align: justify;"><b>Spodziewane efekty </b><span style="font-weight: 400;">to m.in. wzrost kompetencji kluczowych u uczestników oraz kształcenie młodych osób w duchu otwartości, tolerancji i poszanowania różnorodności. Projekt będzie miał pozytywny wpływ na uczestników pod względem ciekawości świata oraz gotowości do podejmowania nowych wyzwań. Udział w projekcie to też szansa na rozwój zawodowy nauczycieli.</span></p>
<p>&nbsp;</p>
<p><a href="https://sp.tuchow.pl/pobierz/power/Informacje%20o%20projekcie.pdf">Szczegółowy opis przedsięwzięcia</a></p>

<p>Szkoła Podstawowa im. Stanisława Staszica w Tuchowie realizuje projekt: „Ponadnarodowa Mobilność Uczniów” dofinansowany z Funduszy Europejskich w ramach Programu Operacyjnego</p>
