{"id":8917,"date":"2020-01-28T14:07:16","date_gmt":"2020-01-28T13:07:16","guid":{"rendered":"http:\/\/sp.tuchow.pl\/?page_id=8917"},"modified":"2023-08-04T13:05:04","modified_gmt":"2023-08-04T11:05:04","slug":"testowa","status":"publish","type":"page","link":"https:\/\/sp.tuchow.pl\/index.php\/testowa\/","title":{"rendered":"Doradztwo zawodowe"},"content":{"rendered":"<div id=\"upl-list-11345\" class=\"upl-list\">\n<ul>\n<li><div class=\"upl-post-title\"><a href=\"https:\/\/sp.tuchow.pl\/index.php\/2024\/04\/09\/rekrutacja-do-szkol-ponadpodstawowych-2\/\">Rekrutacja do szk\u00f3\u0142 ponadpodstawowych<\/a><\/div><div class=\"upl-post-excerpt\">Terminy przeprowadzania post\u0119powania rekrutacyjnego i post\u0119powania uzupe\u0142niaj\u0105cego, w tym terminy \u2026<\/div><\/li>\n<li><div class=\"upl-post-title\"><a href=\"https:\/\/sp.tuchow.pl\/index.php\/2023\/02\/21\/dla-osmoklasistow-terminy-przeprowadzania-postepowania-rekrutacyjnego-i-postepowania-uzupelniajacego-a-takze-terminy-skladania-dokumentow-do-klas-i-publicznych-szkol-ponadpodstawowych\/\">Dla \u00f3smoklasist\u00f3w ->Terminy przeprowadzania post\u0119powania rekrutacyjnego i post\u0119powania uzupe\u0142niaj\u0105cego, a tak\u017ce terminy sk\u0142adania dokument\u00f3w do klas I publicznych szk\u00f3\u0142 ponadpodstawowych<\/a><\/div><div class=\"upl-post-excerpt\">Terminy przeprowadzania post\u0119powania rekrutacyjnego i post\u0119powania uzupe\u0142niaj\u0105cego, a tak\u017ce terminy \u2026<\/div><\/li>\n<li><div class=\"upl-post-title\"><a href=\"https:\/\/sp.tuchow.pl\/index.php\/2021\/04\/11\/dla-osmoklasistow-oferty-szkol-ponadpodstawowych\/\">Dla \u00f3smoklasist\u00f3w -> oferty szk\u00f3\u0142 ponadpodstawowych<\/a><\/div><div class=\"upl-post-excerpt\">LO Tuch\u00f3w http:\/\/www.lo-tuchow.pl\/index.php\/rekrutacja CKZiU Tuchow http:\/\/ckziu.tuchow.pl\/ ZSOiZ \u2026<\/div><\/li>\n<li><div class=\"upl-post-title\"><a href=\"https:\/\/sp.tuchow.pl\/index.php\/2021\/04\/10\/dla-osmoklasistow-najpopularniejsze-zawody-w-polsce-od-a-do-z\/\">Dla \u00f3smoklasist\u00f3w -> Najpopularniejsze zawody w Polsce, od a do z.<\/a><\/div><div class=\"upl-post-excerpt\">http:\/\/interviewme.pl\/blog\/lista-zawodow http:\/\/mapakarier.org\/ \u2026<\/div><\/li>\n<li><div class=\"upl-post-title\"><a href=\"https:\/\/sp.tuchow.pl\/index.php\/2021\/03\/10\/rekrutacja-do-szkol-ponadpodstawowych\/\">REKRUTACJA DO SZK\u00d3\u0141 PONADPODSTAWOWYCH<\/a><\/div><div class=\"upl-post-excerpt\">Rekrutacja do szk\u00f3\u0142 ponadpodstawowych w Tarnowie na rok szkolny 2021\/2022 \u2026<\/div><\/li>\n<li><div class=\"upl-post-title\"><a href=\"https:\/\/sp.tuchow.pl\/index.php\/2021\/03\/01\/doradztwo-zawodowe-w-ramach-projektu-spinka\/\">Doradztwo zawodowe w ramach projektu  &#8211;  \u201eSPINKA\u201d<\/a><\/div><div class=\"upl-post-excerpt\">DORADZTWO ZAWODOWE W RAMACH PROJEKTU SPINKA Przypominamy, \u017ce zaj\u0119cia w ramach projektu Modernizacja \u2026<\/div><\/li>\n<li><div class=\"upl-post-title\"><a href=\"https:\/\/sp.tuchow.pl\/index.php\/2020\/06\/12\/oferta-edukacyjna-szkol-ponadpodstawowych\/\">Oferta edukacyjna szk\u00f3\u0142 ponadpodstawowych<\/a><\/div><div class=\"upl-post-excerpt\">Dyrekcja i nauczyciele Zespo\u0142u Szk\u00f3\u0142 Ekonomiczno-Ogrodniczych w Tarnowie zapraszaj\u0105 uczni\u00f3w klas \u2026<\/div><\/li>\n<li><div class=\"upl-post-title\"><a href=\"https:\/\/sp.tuchow.pl\/index.php\/2020\/05\/27\/doradztwo-zawodowe-zarzadzenie-malopolskiego-kuratora-oswiaty-w-sprawie-nowych-terminow-przeprowadzania-postepowania-rekrutacyjnego-do-szkol-ponadpodstawowych\/\">Doradztwo zawodowe -> Zarz\u0105dzenie MA\u0141OPOLSKIEGO KURATORA O\u015aWIATY w sprawie nowych termin\u00f3w przeprowadzania post\u0119powania rekrutacyjnego do szk\u00f3\u0142 ponadpodstawowych<\/a><\/div><div class=\"upl-post-excerpt\">Zach\u0119camy \u00f3smoklasist\u00f3w to zapoznania si\u0119&nbsp;zarz\u0105dzeniem MA\u0141OPOLSKIEGO KURATORA O\u015aWIATY z dnia \u2026<\/div><\/li>\n<li><div class=\"upl-post-title\"><a href=\"https:\/\/sp.tuchow.pl\/index.php\/2020\/05\/15\/wirtualne-dni-otwarte-szkoly-im-szczepanika\/\">Wirtualne Dni Otwarte Szko\u0142y im. Szczepanika<\/a><\/div><div class=\"upl-post-excerpt\">Obecna sytuacja pandemiczna spowodowa\u0142a, \u017ce uczniowie klas \u00f3smych szk\u00f3\u0142 podstawowych, maj\u0105 \u2026<\/div><\/li>\n<\/ul>\n<\/div>\n\n","protected":false},"excerpt":{"rendered":"","protected":false},"author":9192192,"featured_media":0,"parent":0,"menu_order":0,"comment_status":"closed","ping_status":"closed","template":"","meta":{"advanced_seo_description":"","jetpack_seo_html_title":"","jetpack_seo_noindex":false,"ngg_post_thumbnail":0,"footnotes":""},"class_list":["post-8917","page","type-page","status-publish","hentry"],"jetpack_sharing_enabled":true,"jetpack_shortlink":"https:\/\/wp.me\/PghmmV-2jP","jetpack_likes_enabled":true,"jetpack-related-posts":[],"_links":{"self":[{"href":"https:\/\/sp.tuchow.pl\/index.php\/wp-json\/wp\/v2\/pages\/8917","targetHints":{"allow":["GET"]}}],"collection":[{"href":"https:\/\/sp.tuchow.pl\/index.php\/wp-json\/wp\/v2\/pages"}],"about":[{"href":"https:\/\/sp.tuchow.pl\/index.php\/wp-json\/wp\/v2\/types\/page"}],"author":[{"embeddable":true,"href":"https:\/\/sp.tuchow.pl\/index.php\/wp-json\/wp\/v2\/users\/9192192"}],"replies":[{"embeddable":true,"href":"https:\/\/sp.tuchow.pl\/index.php\/wp-json\/wp\/v2\/comments?post=8917"}],"version-history":[{"count":6,"href":"https:\/\/sp.tuchow.pl\/index.php\/wp-json\/wp\/v2\/pages\/8917\/revisions"}],"predecessor-version":[{"id":11346,"href":"https:\/\/sp.tuchow.pl\/index.php\/wp-json\/wp\/v2\/pages\/8917\/revisions\/11346"}],"wp:attachment":[{"href":"https:\/\/sp.tuchow.pl\/index.php\/wp-json\/wp\/v2\/media?parent=8917"}],"curies":[{"name":"wp","href":"https:\/\/api.w.org\/{rel}","templated":true}]}}