{"id":480,"date":"2016-03-21T17:04:36","date_gmt":"2016-03-21T16:04:36","guid":{"rendered":"http:\/\/zs.tuchow.pl\/?page_id=480"},"modified":"2023-08-03T12:24:31","modified_gmt":"2023-08-03T10:24:31","slug":"swietlica","status":"publish","type":"page","link":"https:\/\/sp.tuchow.pl\/index.php\/dla-uczniow\/swietlica\/","title":{"rendered":"\u015awietlica"},"content":{"rendered":"<h2>AKTUALNO\u015aCI!<\/h2>\n<div id=\"upl-list-11334\" class=\"upl-list\">\n<ul>\n<li><div class=\"upl-post-title\"><a href=\"https:\/\/sp.tuchow.pl\/index.php\/2022\/06\/04\/dzien-dziecka-w-swietlicy-szkolnej\/\">Dzie\u0144 Dziecka w \u015bwietlicy szkolnej<\/a><\/div><div class=\"upl-post-excerpt\">01.06.2022r. w \u015bwietlicy szkolnej uroczy\u015bcie obchodzony by\u0142 Mi\u0119dzynarodowy Dzie\u0144 Dziecka. Przez \u2026<\/div><\/li>\n<li><div class=\"upl-post-title\"><a href=\"https:\/\/sp.tuchow.pl\/index.php\/2022\/03\/09\/solidarni-z-ukraina-2\/\">&#8222;Solidarni z Ukrain\u0105&#8221;<\/a><\/div><div class=\"upl-post-excerpt\">Dzieciaki na \u015bwietlicy wykaza\u0142y si\u0119 empati\u0105 oraz wra\u017cliwo\u015bci\u0105 na sytuacj\u0119, jakiej znale\u017ali si\u0119 nasi \u2026<\/div><\/li>\n<li><div class=\"upl-post-title\"><a href=\"https:\/\/sp.tuchow.pl\/index.php\/2022\/03\/03\/karnawalowy-bal-maskowy-w-swietlicy-szkolnej\/\">&#8222;KARNAWA\u0141OWY BAL MASKOWY&#8221; w \u015bwietlicy szkolnej<\/a><\/div><div class=\"upl-post-excerpt\">23 lutego w naszej \u015bwietlicy odby\u0142 si\u0119 &#8222;KARNAWA\u0141OWY BAL MASKOWY&#8221;.&nbsp;Na ten dzie\u0144 \u2026<\/div><\/li>\n<li><div class=\"upl-post-title\"><a href=\"https:\/\/sp.tuchow.pl\/index.php\/2022\/02\/23\/10272\/\">Rozpoczynamy II okres w \u015bwietlicy szkolnej<\/a><\/div><div class=\"upl-post-excerpt\">W naszej szkole w II okresie \u015bwietlica zmieni\u0142a swoj\u0105 lokalizacj\u0119. Znajduje si\u0119 teraz obok \u2026<\/div><\/li>\n<li><div class=\"upl-post-title\"><a href=\"https:\/\/sp.tuchow.pl\/index.php\/2020\/04\/17\/konkurs-plastyczny-plakat-z-okazji-swieta-ziemi\/\">Konkurs plastyczny. Plakat z okazji \u015awi\u0119ta Ziemi.\u00a0<\/a><\/div><div class=\"upl-post-excerpt\">22 kwietnia setki milion\u00f3w ludzi na ca\u0142ym \u015bwiecie b\u0119dzie \u015bwi\u0119towa\u0107 Dzie\u0144 Ziemi. Idea troski o \u2026<\/div><\/li>\n<\/ul>\n<\/div>\n\n","protected":false},"excerpt":{"rendered":"<p>AKTUALNO\u015aCI!<\/p>\n","protected":false},"author":4,"featured_media":0,"parent":47,"menu_order":0,"comment_status":"closed","ping_status":"closed","template":"","meta":{"advanced_seo_description":"","jetpack_seo_html_title":"","jetpack_seo_noindex":false,"ngg_post_thumbnail":0,"footnotes":""},"class_list":["post-480","page","type-page","status-publish","hentry"],"jetpack_sharing_enabled":true,"jetpack_shortlink":"https:\/\/wp.me\/PghmmV-7K","jetpack_likes_enabled":true,"jetpack-related-posts":[],"_links":{"self":[{"href":"https:\/\/sp.tuchow.pl\/index.php\/wp-json\/wp\/v2\/pages\/480","targetHints":{"allow":["GET"]}}],"collection":[{"href":"https:\/\/sp.tuchow.pl\/index.php\/wp-json\/wp\/v2\/pages"}],"about":[{"href":"https:\/\/sp.tuchow.pl\/index.php\/wp-json\/wp\/v2\/types\/page"}],"author":[{"embeddable":true,"href":"https:\/\/sp.tuchow.pl\/index.php\/wp-json\/wp\/v2\/users\/4"}],"replies":[{"embeddable":true,"href":"https:\/\/sp.tuchow.pl\/index.php\/wp-json\/wp\/v2\/comments?post=480"}],"version-history":[{"count":4,"href":"https:\/\/sp.tuchow.pl\/index.php\/wp-json\/wp\/v2\/pages\/480\/revisions"}],"predecessor-version":[{"id":11335,"href":"https:\/\/sp.tuchow.pl\/index.php\/wp-json\/wp\/v2\/pages\/480\/revisions\/11335"}],"up":[{"embeddable":true,"href":"https:\/\/sp.tuchow.pl\/index.php\/wp-json\/wp\/v2\/pages\/47"}],"wp:attachment":[{"href":"https:\/\/sp.tuchow.pl\/index.php\/wp-json\/wp\/v2\/media?parent=480"}],"curies":[{"name":"wp","href":"https:\/\/api.w.org\/{rel}","templated":true}]}}

Świetlica

<h2>AKTUALNOŚCI!</h2>
<div id="upl-list-11334" class="upl-list">
<ul>
<li><div class="upl-post-title"><a href="https://sp.tuchow.pl/index.php/2022/06/04/dzien-dziecka-w-swietlicy-szkolnej/">Dzień Dziecka w świetlicy szkolnej</a></div><div class="upl-post-excerpt">01.06.2022r. w świetlicy szkolnej uroczyście obchodzony był Międzynarodowy Dzień Dziecka. Przez …</div></li>
<li><div class="upl-post-title"><a href="https://sp.tuchow.pl/index.php/2022/03/09/solidarni-z-ukraina-2/">&#8222;Solidarni z Ukrainą&#8221;</a></div><div class="upl-post-excerpt">Dzieciaki na świetlicy wykazały się empatią oraz wrażliwością na sytuację, jakiej znaleźli się nasi …</div></li>
<li><div class="upl-post-title"><a href="https://sp.tuchow.pl/index.php/2022/03/03/karnawalowy-bal-maskowy-w-swietlicy-szkolnej/">&#8222;KARNAWAŁOWY BAL MASKOWY&#8221; w świetlicy szkolnej</a></div><div class="upl-post-excerpt">23 lutego w naszej świetlicy odbył się &#8222;KARNAWAŁOWY BAL MASKOWY&#8221;.&nbsp;Na ten dzień …</div></li>
<li><div class="upl-post-title"><a href="https://sp.tuchow.pl/index.php/2022/02/23/10272/">Rozpoczynamy II okres w świetlicy szkolnej</a></div><div class="upl-post-excerpt">W naszej szkole w II okresie świetlica zmieniła swoją lokalizację. Znajduje się teraz obok …</div></li>
<li><div class="upl-post-title"><a href="https://sp.tuchow.pl/index.php/2020/04/17/konkurs-plastyczny-plakat-z-okazji-swieta-ziemi/">Konkurs plastyczny. Plakat z okazji Święta Ziemi. </a></div><div class="upl-post-excerpt">22 kwietnia setki milionów ludzi na całym świecie będzie świętować Dzień Ziemi. Idea troski o …</div></li>
</ul>
</div>

<p>AKTUALNOŚCI!</p>
