{"id":414,"date":"2016-03-20T18:15:26","date_gmt":"2016-03-20T17:15:26","guid":{"rendered":"http:\/\/zs.tuchow.pl\/?page_id=414"},"modified":"2023-08-02T11:29:14","modified_gmt":"2023-08-02T09:29:14","slug":"galeria-gimnazjum","status":"publish","type":"page","link":"https:\/\/sp.tuchow.pl\/index.php\/galeria\/galeria-gimnazjum\/","title":{"rendered":"Galeria Gimnazjum"},"content":{"rendered":"<div id=\"upl-list-11286\" class=\"upl-list\">\n<ul>\n<li><div class=\"upl-post-title\"><a href=\"https:\/\/sp.tuchow.pl\/index.php\/2017\/05\/23\/za-nami-iii-piknik-szkolny-zespolu-szkol-w-tuchowie\/\">Za nami\u2026  III PIKNIK SZKOLNY  Zespo\u0142u Szk\u00f3\u0142 w Tuchowie<\/a><\/div><div class=\"upl-post-excerpt\">Tegoroczny Piknik Szkolny odby\u0142 si\u0119 20 maja&nbsp; pod has\u0142em Znane i nieznane kraje \u015bwiata. Ambitny \u2026<\/div><\/li>\n<li><div class=\"upl-post-title\"><a href=\"https:\/\/sp.tuchow.pl\/index.php\/2017\/05\/22\/najjasniejszy-pan-franciszek-jozef-i-w-tuchowie\/\">Najja\u015bniejszy Pan Franciszek J\u00f3zef I  w Tuchowie&#8230;..<\/a><\/div><div class=\"upl-post-excerpt\">13 maja 2017 r. do Tuchowa zawitali niecodzienni go\u015bcie. Byli to: Jego Cesarska i Kr\u00f3lewska \u2026<\/div><\/li>\n<li><div class=\"upl-post-title\"><a href=\"https:\/\/sp.tuchow.pl\/index.php\/2017\/04\/09\/droga-krzyzowa-tuchowskich-gimnazjalistow-w-bazylice-mniejszej-w-tuchowie\/\">Droga Krzy\u017cowa tuchowskich gimnazjalist\u00f3w w Bazylice Mniejszej w Tuchowie<\/a><\/div><div class=\"upl-post-excerpt\">7 kwietnia 2017 roku uczniowie tuchowskiego Gimnazjum &nbsp;przygotowali i przedstawili \u2026<\/div><\/li>\n<li><div class=\"upl-post-title\"><a href=\"https:\/\/sp.tuchow.pl\/index.php\/2017\/04\/09\/jak-sie-chce-to-sie-moze-lukasz-z-3-a-gimnazjum-recytatorem\/\">Jak si\u0119 chce, to si\u0119 mo\u017ce! \u0141ukasz z 3 A gimnazjum recytatorem!<\/a><\/div><div class=\"upl-post-excerpt\">&nbsp;&nbsp;&nbsp;&nbsp;&nbsp;&nbsp;&nbsp;&nbsp;&nbsp;&nbsp;&nbsp; Centrum Kszta\u0142cenia Zawodowego i \u2026<\/div><\/li>\n<li><div class=\"upl-post-title\"><a href=\"https:\/\/sp.tuchow.pl\/index.php\/2016\/12\/20\/iv-gminny-konkurs-swiatecznej-piosenki-obcojezycznej\/\">IV GMINNY KONKURS \u015aWI\u0104TECZNEJ PIOSENKI OBCOJ\u0118ZYCZNEJ<\/a><\/div><div class=\"upl-post-excerpt\">Czas \u015bwi\u0105t Bo\u017cego Narodzenia to moment kiedy wszyscy zapominamy o troskach dnia codziennego. To \u2026<\/div><\/li>\n<li><div class=\"upl-post-title\"><a href=\"https:\/\/sp.tuchow.pl\/index.php\/2016\/10\/19\/gim-i-miejsce-w-polfinale-powiatowym-chlopcow-w-halowej-pilce-noznej\/\">GIM -> I miejsce w p\u00f3\u0142finale powiatowym ch\u0142opc\u00f3w w halowej pi\u0142ce no\u017cnej !<\/a><\/div><div class=\"upl-post-excerpt\">19 pa\u017adziernika w hali Tuchowskiego MOSiRU odby\u0142 si\u0119 p\u00f3\u0142fina\u0142 powiatowy ch\u0142opc\u00f3w. Do turnieju \u2026<\/div><\/li>\n<li><div class=\"upl-post-thumbnail\"><a href=\"https:\/\/sp.tuchow.pl\/index.php\/2016\/10\/19\/gim-i-miejsce-dziewczat-z-gimnazjum-w-polfinale-powiatowym-w-halowej-pilce-noznej\/\"><img loading=\"lazy\" decoding=\"async\" width=\"75\" height=\"75\" src=\"https:\/\/sp.tuchow.pl\/wp-content\/uploads\/2016\/10\/14690846_1814892008780315_1138400408708512952_n-150x150.jpg\" class=\"attachment-75x75 size-75x75 wp-post-image\" alt=\"\" data-attachment-id=\"5675\" data-permalink=\"https:\/\/sp.tuchow.pl\/index.php\/2016\/10\/19\/gim-i-miejsce-dziewczat-z-gimnazjum-w-polfinale-powiatowym-w-halowej-pilce-noznej\/14690846_1814892008780315_1138400408708512952_n\/\" data-orig-file=\"https:\/\/sp.tuchow.pl\/wp-content\/uploads\/2016\/10\/14690846_1814892008780315_1138400408708512952_n.jpg\" data-orig-size=\"568,320\" data-comments-opened=\"0\" data-image-meta=\"{&quot;aperture&quot;:&quot;0&quot;,&quot;credit&quot;:&quot;&quot;,&quot;camera&quot;:&quot;&quot;,&quot;caption&quot;:&quot;&quot;,&quot;created_timestamp&quot;:&quot;0&quot;,&quot;copyright&quot;:&quot;&quot;,&quot;focal_length&quot;:&quot;0&quot;,&quot;iso&quot;:&quot;0&quot;,&quot;shutter_speed&quot;:&quot;0&quot;,&quot;title&quot;:&quot;&quot;,&quot;orientation&quot;:&quot;0&quot;}\" data-image-title=\"14690846_1814892008780315_1138400408708512952_n\" data-image-description=\"\" data-image-caption=\"\" data-medium-file=\"https:\/\/sp.tuchow.pl\/wp-content\/uploads\/2016\/10\/14690846_1814892008780315_1138400408708512952_n-300x169.jpg\" data-large-file=\"https:\/\/sp.tuchow.pl\/wp-content\/uploads\/2016\/10\/14690846_1814892008780315_1138400408708512952_n.jpg\" \/><\/a><\/div><div class=\"upl-post-title\"><a href=\"https:\/\/sp.tuchow.pl\/index.php\/2016\/10\/19\/gim-i-miejsce-dziewczat-z-gimnazjum-w-polfinale-powiatowym-w-halowej-pilce-noznej\/\">GIM -> I miejsce dziewcz\u0105t z gimnazjum w p\u00f3\u0142finale powiatowym w halowej pi\u0142ce no\u017cnej!<\/a><\/div><div class=\"upl-post-excerpt\">Dnia 18 pa\u017adziernika (wtorek) w hali MOSiR w Tuchowie odby\u0142y si\u0119 p\u00f3\u0142fina\u0142y powiatowe w halowej \u2026<\/div><\/li>\n<li><div class=\"upl-post-title\"><a href=\"https:\/\/sp.tuchow.pl\/index.php\/2016\/09\/29\/sp-wybory-przewodniczacego-samorzadu-uczniowskiego\/\">SP -> Wybory przewodnicz\u0105cego Samorz\u0105du Uczniowskiego<\/a><\/div><div class=\"upl-post-excerpt\">29 wrze\u015bnia br. w Zespole Szk\u00f3\u0142 w Tuchowie odby\u0142y si\u0119 wybory przewodnicz\u0105cych Samorz\u0105du \u2026<\/div><\/li>\n<li><div class=\"upl-post-title\"><a href=\"https:\/\/sp.tuchow.pl\/index.php\/2016\/09\/19\/gim-wrzesniowe-szalenstwa-edukacyjne-uczniow-zs-w-tuchowie\/\">GIM -> Wrze\u015bniowe szale\u0144stwa edukacyjne uczni\u00f3w ZS w Tuchowie<\/a><\/div><div class=\"upl-post-excerpt\">Dnia 7 wrze\u015bnia grupa 38 uczni\u00f3w oraz 4 opiekun\u00f3w wyruszy\u0142a na 2-dniowy podb\u00f3j Wroc\u0142awia. Wszyscy z \u2026<\/div><\/li>\n<\/ul>\n<\/div>\n\n","protected":false},"excerpt":{"rendered":"","protected":false},"author":4,"featured_media":0,"parent":308,"menu_order":0,"comment_status":"closed","ping_status":"closed","template":"","meta":{"advanced_seo_description":"","jetpack_seo_html_title":"","jetpack_seo_noindex":false,"ngg_post_thumbnail":0,"footnotes":""},"class_list":["post-414","page","type-page","status-publish","hentry"],"jetpack_sharing_enabled":true,"jetpack_shortlink":"https:\/\/wp.me\/PghmmV-6G","jetpack_likes_enabled":true,"jetpack-related-posts":[],"_links":{"self":[{"href":"https:\/\/sp.tuchow.pl\/index.php\/wp-json\/wp\/v2\/pages\/414","targetHints":{"allow":["GET"]}}],"collection":[{"href":"https:\/\/sp.tuchow.pl\/index.php\/wp-json\/wp\/v2\/pages"}],"about":[{"href":"https:\/\/sp.tuchow.pl\/index.php\/wp-json\/wp\/v2\/types\/page"}],"author":[{"embeddable":true,"href":"https:\/\/sp.tuchow.pl\/index.php\/wp-json\/wp\/v2\/users\/4"}],"replies":[{"embeddable":true,"href":"https:\/\/sp.tuchow.pl\/index.php\/wp-json\/wp\/v2\/comments?post=414"}],"version-history":[{"count":12,"href":"https:\/\/sp.tuchow.pl\/index.php\/wp-json\/wp\/v2\/pages\/414\/revisions"}],"predecessor-version":[{"id":11287,"href":"https:\/\/sp.tuchow.pl\/index.php\/wp-json\/wp\/v2\/pages\/414\/revisions\/11287"}],"up":[{"embeddable":true,"href":"https:\/\/sp.tuchow.pl\/index.php\/wp-json\/wp\/v2\/pages\/308"}],"wp:attachment":[{"href":"https:\/\/sp.tuchow.pl\/index.php\/wp-json\/wp\/v2\/media?parent=414"}],"curies":[{"name":"wp","href":"https:\/\/api.w.org\/{rel}","templated":true}]}}

<div id="upl-list-11286" class="upl-list">
<ul>
<li><div class="upl-post-title"><a href="https://sp.tuchow.pl/index.php/2017/05/23/za-nami-iii-piknik-szkolny-zespolu-szkol-w-tuchowie/">Za nami…  III PIKNIK SZKOLNY  Zespołu Szkół w Tuchowie</a></div><div class="upl-post-excerpt">Tegoroczny Piknik Szkolny odbył się 20 maja&nbsp; pod hasłem Znane i nieznane kraje świata. Ambitny …</div></li>
<li><div class="upl-post-title"><a href="https://sp.tuchow.pl/index.php/2017/05/22/najjasniejszy-pan-franciszek-jozef-i-w-tuchowie/">Najjaśniejszy Pan Franciszek Józef I  w Tuchowie&#8230;..</a></div><div class="upl-post-excerpt">13 maja 2017 r. do Tuchowa zawitali niecodzienni goście. Byli to: Jego Cesarska i Królewska …</div></li>
<li><div class="upl-post-title"><a href="https://sp.tuchow.pl/index.php/2017/04/09/droga-krzyzowa-tuchowskich-gimnazjalistow-w-bazylice-mniejszej-w-tuchowie/">Droga Krzyżowa tuchowskich gimnazjalistów w Bazylice Mniejszej w Tuchowie</a></div><div class="upl-post-excerpt">7 kwietnia 2017 roku uczniowie tuchowskiego Gimnazjum &nbsp;przygotowali i przedstawili …</div></li>
<li><div class="upl-post-title"><a href="https://sp.tuchow.pl/index.php/2017/04/09/jak-sie-chce-to-sie-moze-lukasz-z-3-a-gimnazjum-recytatorem/">Jak się chce, to się może! Łukasz z 3 A gimnazjum recytatorem!</a></div><div class="upl-post-excerpt">&nbsp;&nbsp;&nbsp;&nbsp;&nbsp;&nbsp;&nbsp;&nbsp;&nbsp;&nbsp;&nbsp; Centrum Kształcenia Zawodowego i …</div></li>
<li><div class="upl-post-title"><a href="https://sp.tuchow.pl/index.php/2016/12/20/iv-gminny-konkurs-swiatecznej-piosenki-obcojezycznej/">IV GMINNY KONKURS ŚWIĄTECZNEJ PIOSENKI OBCOJĘZYCZNEJ</a></div><div class="upl-post-excerpt">Czas świąt Bożego Narodzenia to moment kiedy wszyscy zapominamy o troskach dnia codziennego. To …</div></li>
<li><div class="upl-post-title"><a href="https://sp.tuchow.pl/index.php/2016/10/19/gim-i-miejsce-w-polfinale-powiatowym-chlopcow-w-halowej-pilce-noznej/">GIM -> I miejsce w półfinale powiatowym chłopców w halowej piłce nożnej !</a></div><div class="upl-post-excerpt">19 października w hali Tuchowskiego MOSiRU odbył się półfinał powiatowy chłopców. Do turnieju …</div></li>
<li><div class="upl-post-thumbnail"><a href="https://sp.tuchow.pl/index.php/2016/10/19/gim-i-miejsce-dziewczat-z-gimnazjum-w-polfinale-powiatowym-w-halowej-pilce-noznej/"><img loading="lazy" decoding="async" width="75" height="75" src="https://sp.tuchow.pl/wp-content/uploads/2016/10/14690846_1814892008780315_1138400408708512952_n-150x150.jpg" class="attachment-75x75 size-75x75 wp-post-image" alt="" data-attachment-id="5675" data-permalink="https://sp.tuchow.pl/index.php/2016/10/19/gim-i-miejsce-dziewczat-z-gimnazjum-w-polfinale-powiatowym-w-halowej-pilce-noznej/14690846_1814892008780315_1138400408708512952_n/" data-orig-file="https://sp.tuchow.pl/wp-content/uploads/2016/10/14690846_1814892008780315_1138400408708512952_n.jpg" data-orig-size="568,320" data-comments-opened="0" data-image-meta="{&quot;aperture&quot;:&quot;0&quot;,&quot;credit&quot;:&quot;&quot;,&quot;camera&quot;:&quot;&quot;,&quot;caption&quot;:&quot;&quot;,&quot;created_timestamp&quot;:&quot;0&quot;,&quot;copyright&quot;:&quot;&quot;,&quot;focal_length&quot;:&quot;0&quot;,&quot;iso&quot;:&quot;0&quot;,&quot;shutter_speed&quot;:&quot;0&quot;,&quot;title&quot;:&quot;&quot;,&quot;orientation&quot;:&quot;0&quot;}" data-image-title="14690846_1814892008780315_1138400408708512952_n" data-image-description="" data-image-caption="" data-medium-file="https://sp.tuchow.pl/wp-content/uploads/2016/10/14690846_1814892008780315_1138400408708512952_n-300x169.jpg" data-large-file="https://sp.tuchow.pl/wp-content/uploads/2016/10/14690846_1814892008780315_1138400408708512952_n.jpg" /></a></div><div class="upl-post-title"><a href="https://sp.tuchow.pl/index.php/2016/10/19/gim-i-miejsce-dziewczat-z-gimnazjum-w-polfinale-powiatowym-w-halowej-pilce-noznej/">GIM -> I miejsce dziewcząt z gimnazjum w półfinale powiatowym w halowej piłce nożnej!</a></div><div class="upl-post-excerpt">Dnia 18 października (wtorek) w hali MOSiR w Tuchowie odbyły się półfinały powiatowe w halowej …</div></li>
<li><div class="upl-post-title"><a href="https://sp.tuchow.pl/index.php/2016/09/29/sp-wybory-przewodniczacego-samorzadu-uczniowskiego/">SP -> Wybory przewodniczącego Samorządu Uczniowskiego</a></div><div class="upl-post-excerpt">29 września br. w Zespole Szkół w Tuchowie odbyły się wybory przewodniczących Samorządu …</div></li>
<li><div class="upl-post-title"><a href="https://sp.tuchow.pl/index.php/2016/09/19/gim-wrzesniowe-szalenstwa-edukacyjne-uczniow-zs-w-tuchowie/">GIM -> Wrześniowe szaleństwa edukacyjne uczniów ZS w Tuchowie</a></div><div class="upl-post-excerpt">Dnia 7 września grupa 38 uczniów oraz 4 opiekunów wyruszyła na 2-dniowy podbój Wrocławia. Wszyscy z …</div></li>
</ul>
</div>
