{"id":308,"date":"2016-03-20T17:04:36","date_gmt":"2016-03-20T16:04:36","guid":{"rendered":"http:\/\/zs.tuchow.pl\/?page_id=308"},"modified":"2023-08-03T08:52:02","modified_gmt":"2023-08-03T06:52:02","slug":"galeria","status":"publish","type":"page","link":"https:\/\/sp.tuchow.pl\/index.php\/galeria\/","title":{"rendered":"Galerie"},"content":{"rendered":"<div id=\"upl-list-11320\" class=\"upl-list\">\n<ul>\n<li><div class=\"upl-post-title\"><a href=\"https:\/\/sp.tuchow.pl\/index.php\/2017\/05\/23\/za-nami-iii-piknik-szkolny-zespolu-szkol-w-tuchowie\/\">Za nami\u2026  III PIKNIK SZKOLNY  Zespo\u0142u Szk\u00f3\u0142 w Tuchowie<\/a><\/div><div class=\"upl-post-excerpt\">Tegoroczny Piknik Szkolny odby\u0142 si\u0119 20 maja&nbsp; pod has\u0142em Znane i nieznane kraje \u015bwiata. Ambitny \u2026<\/div><\/li>\n<li><div class=\"upl-post-title\"><a href=\"https:\/\/sp.tuchow.pl\/index.php\/2017\/04\/04\/podaj-lape-uczniowie-pomagaja-bezdomnym-zwierzakom\/\">\u201ePodaj \u0142ap\u0119!\u201d \u2013 uczniowie pomagaj\u0105 bezdomnym zwierzakom<\/a><\/div><div class=\"upl-post-excerpt\">Gdyby\u015bmy tylko wszyscy wzi\u0119li sobie do serca s\u0142owa Antoniego de Saint-Exup\u00e9ry: \u201ePozostajesz na \u2026<\/div><\/li>\n<li><div class=\"upl-post-title\"><a href=\"https:\/\/sp.tuchow.pl\/index.php\/2017\/03\/27\/kazdy-moze-zostac-swietym-relacja-filmowa\/\">Ka\u017cdy mo\u017ce zosta\u0107 \u015bwi\u0119tym &#8211; relacja filmowa.<\/a><\/div><div class=\"upl-post-excerpt\">Poch\u00f3d \u015awi\u0119tych &#8211; Ka\u017cdy mo\u017ce \u015bwi\u0119tym by\u0107.\u2026<\/div><\/li>\n<li><div class=\"upl-post-title\"><a href=\"https:\/\/sp.tuchow.pl\/index.php\/2017\/03\/22\/szkolny-mam-talent\/\">Szkolny ,,Mam Talent&#8221;<\/a><\/div><div class=\"upl-post-excerpt\">Szkolny ,,Mam Talent&#8221; 20 marca 2017 r. (tj. poniedzia\u0142ek) spo\u0142eczno\u015b\u0107 Zespo\u0142u Szk\u00f3\u0142 w \u2026<\/div><\/li>\n<li><div class=\"upl-post-title\"><a href=\"https:\/\/sp.tuchow.pl\/index.php\/2017\/03\/21\/konkurs-fotograficzny-przylapani-z-ksiazka\/\">Konkurs fotograficzny \u201ePRZY\u0141APANI Z KSI\u0104\u017bK\u0104\u201d<\/a><\/div><div class=\"upl-post-excerpt\">Konkurs fotograficzny \u201ePRZY\u0141APANI Z KSI\u0104\u017bK\u0104\u201d&nbsp;&nbsp;&nbsp;&nbsp; Zach\u0119canie dzieci do czytania \u2026<\/div><\/li>\n<li><div class=\"upl-post-title\"><a href=\"https:\/\/sp.tuchow.pl\/index.php\/2016\/11\/14\/zs-uroczyste-obchody-swieta-niepodleglosci-w-zespole-szkol-w-tuchowie\/\">ZS -> Uroczyste obchody \u015awi\u0119ta Niepodleg\u0142o\u015bci w Zespole Szk\u00f3\u0142 w Tuchowie.<\/a><\/div><div class=\"upl-post-excerpt\">10 listopada 2016 r. Dyrekcja, uczniowie i nauczyciele Zespo\u0142u Szk\u00f3\u0142 w Tuchowie brali udzia\u0142 w\u00a0 \u2026<\/div><\/li>\n<li><div class=\"upl-post-thumbnail\"><a href=\"https:\/\/sp.tuchow.pl\/index.php\/2016\/05\/19\/szkola-podstawowa-w-finale-konkursu-ratujemy-i-uczymy-ratowac\/\"><img loading=\"lazy\" decoding=\"async\" width=\"75\" height=\"75\" src=\"https:\/\/sp.tuchow.pl\/wp-content\/uploads\/2016\/04\/wosp-uczymy-ratowac-150x150.jpg\" class=\"attachment-75x75 size-75x75 wp-post-image\" alt=\"\" data-attachment-id=\"1882\" data-permalink=\"https:\/\/sp.tuchow.pl\/index.php\/2016\/04\/16\/sp-pierwsza-pomoc-to-dziecinnie-proste\/wosp-uczymy-ratowac\/\" data-orig-file=\"https:\/\/sp.tuchow.pl\/wp-content\/uploads\/2016\/04\/wosp-uczymy-ratowac.jpg\" data-orig-size=\"243,207\" data-comments-opened=\"0\" data-image-meta=\"{&quot;aperture&quot;:&quot;0&quot;,&quot;credit&quot;:&quot;&quot;,&quot;camera&quot;:&quot;&quot;,&quot;caption&quot;:&quot;&quot;,&quot;created_timestamp&quot;:&quot;0&quot;,&quot;copyright&quot;:&quot;&quot;,&quot;focal_length&quot;:&quot;0&quot;,&quot;iso&quot;:&quot;0&quot;,&quot;shutter_speed&quot;:&quot;0&quot;,&quot;title&quot;:&quot;&quot;,&quot;orientation&quot;:&quot;0&quot;}\" data-image-title=\"wosp uczymy ratowac\" data-image-description=\"\" data-image-caption=\"\" data-medium-file=\"https:\/\/sp.tuchow.pl\/wp-content\/uploads\/2016\/04\/wosp-uczymy-ratowac.jpg\" data-large-file=\"https:\/\/sp.tuchow.pl\/wp-content\/uploads\/2016\/04\/wosp-uczymy-ratowac.jpg\" \/><\/a><\/div><div class=\"upl-post-title\"><a href=\"https:\/\/sp.tuchow.pl\/index.php\/2016\/05\/19\/szkola-podstawowa-w-finale-konkursu-ratujemy-i-uczymy-ratowac\/\">Szko\u0142a Podstawowa w finale konkursu \u201eRatujemy i uczymy ratowa\u0107\u201d!<\/a><\/div><div class=\"upl-post-excerpt\">Znamy ju\u017c nazwy siedmiu szk\u00f3\u0142, kt\u00f3re przesz\u0142y do fina\u0142u V Og\u00f3lnopolskiego Konkursu \u201eRatujemy i \u2026<\/div><\/li>\n<li><div class=\"upl-post-thumbnail\"><a href=\"https:\/\/sp.tuchow.pl\/index.php\/2016\/05\/09\/ratujemy-i-uczymy-ratowac\/\"><img loading=\"lazy\" decoding=\"async\" width=\"75\" height=\"75\" src=\"https:\/\/sp.tuchow.pl\/wp-content\/uploads\/2016\/04\/wosp-uczymy-ratowac-150x150.jpg\" class=\"attachment-75x75 size-75x75 wp-post-image\" alt=\"\" data-attachment-id=\"1882\" data-permalink=\"https:\/\/sp.tuchow.pl\/index.php\/2016\/04\/16\/sp-pierwsza-pomoc-to-dziecinnie-proste\/wosp-uczymy-ratowac\/\" data-orig-file=\"https:\/\/sp.tuchow.pl\/wp-content\/uploads\/2016\/04\/wosp-uczymy-ratowac.jpg\" data-orig-size=\"243,207\" data-comments-opened=\"0\" data-image-meta=\"{&quot;aperture&quot;:&quot;0&quot;,&quot;credit&quot;:&quot;&quot;,&quot;camera&quot;:&quot;&quot;,&quot;caption&quot;:&quot;&quot;,&quot;created_timestamp&quot;:&quot;0&quot;,&quot;copyright&quot;:&quot;&quot;,&quot;focal_length&quot;:&quot;0&quot;,&quot;iso&quot;:&quot;0&quot;,&quot;shutter_speed&quot;:&quot;0&quot;,&quot;title&quot;:&quot;&quot;,&quot;orientation&quot;:&quot;0&quot;}\" data-image-title=\"wosp uczymy ratowac\" data-image-description=\"\" data-image-caption=\"\" data-medium-file=\"https:\/\/sp.tuchow.pl\/wp-content\/uploads\/2016\/04\/wosp-uczymy-ratowac.jpg\" data-large-file=\"https:\/\/sp.tuchow.pl\/wp-content\/uploads\/2016\/04\/wosp-uczymy-ratowac.jpg\" \/><\/a><\/div><div class=\"upl-post-title\"><a href=\"https:\/\/sp.tuchow.pl\/index.php\/2016\/05\/09\/ratujemy-i-uczymy-ratowac\/\">Ratujemy i Uczymy Ratowa\u0107<\/a><\/div><div class=\"upl-post-excerpt\">Pom\u00f3\u017c szkole przej\u015b\u0107 do Fina\u0142u Konkursu &#8211; polub ten film \u2764\u00a0\u00a0G\u0142osowanie trwa od 09.05 do \u2026<\/div><\/li>\n<li><div class=\"upl-post-title\"><a href=\"https:\/\/sp.tuchow.pl\/index.php\/2016\/03\/02\/akademia-z-okazji-swieta-niepodleglosci\/\">Akademia z okazji \u015awi\u0119ta Niepodleg\u0142o\u015bci<\/a><\/div><div class=\"upl-post-excerpt\">\u2026<\/div><\/li>\n<\/ul>\n<\/div>\n\n<p>&nbsp;<\/p>\n","protected":false},"excerpt":{"rendered":"<p>&nbsp;<\/p>\n","protected":false},"author":4,"featured_media":0,"parent":0,"menu_order":0,"comment_status":"closed","ping_status":"closed","template":"","meta":{"advanced_seo_description":"","jetpack_seo_html_title":"","jetpack_seo_noindex":false,"ngg_post_thumbnail":0,"footnotes":""},"class_list":["post-308","page","type-page","status-publish","hentry"],"jetpack_sharing_enabled":true,"jetpack_shortlink":"https:\/\/wp.me\/PghmmV-4Y","jetpack_likes_enabled":true,"jetpack-related-posts":[],"_links":{"self":[{"href":"https:\/\/sp.tuchow.pl\/index.php\/wp-json\/wp\/v2\/pages\/308","targetHints":{"allow":["GET"]}}],"collection":[{"href":"https:\/\/sp.tuchow.pl\/index.php\/wp-json\/wp\/v2\/pages"}],"about":[{"href":"https:\/\/sp.tuchow.pl\/index.php\/wp-json\/wp\/v2\/types\/page"}],"author":[{"embeddable":true,"href":"https:\/\/sp.tuchow.pl\/index.php\/wp-json\/wp\/v2\/users\/4"}],"replies":[{"embeddable":true,"href":"https:\/\/sp.tuchow.pl\/index.php\/wp-json\/wp\/v2\/comments?post=308"}],"version-history":[{"count":12,"href":"https:\/\/sp.tuchow.pl\/index.php\/wp-json\/wp\/v2\/pages\/308\/revisions"}],"predecessor-version":[{"id":11321,"href":"https:\/\/sp.tuchow.pl\/index.php\/wp-json\/wp\/v2\/pages\/308\/revisions\/11321"}],"wp:attachment":[{"href":"https:\/\/sp.tuchow.pl\/index.php\/wp-json\/wp\/v2\/media?parent=308"}],"curies":[{"name":"wp","href":"https:\/\/api.w.org\/{rel}","templated":true}]}}

<div id="upl-list-11320" class="upl-list">
<ul>
<li><div class="upl-post-title"><a href="https://sp.tuchow.pl/index.php/2017/05/23/za-nami-iii-piknik-szkolny-zespolu-szkol-w-tuchowie/">Za nami…  III PIKNIK SZKOLNY  Zespołu Szkół w Tuchowie</a></div><div class="upl-post-excerpt">Tegoroczny Piknik Szkolny odbył się 20 maja&nbsp; pod hasłem Znane i nieznane kraje świata. Ambitny …</div></li>
<li><div class="upl-post-title"><a href="https://sp.tuchow.pl/index.php/2017/04/04/podaj-lape-uczniowie-pomagaja-bezdomnym-zwierzakom/">„Podaj łapę!” – uczniowie pomagają bezdomnym zwierzakom</a></div><div class="upl-post-excerpt">Gdybyśmy tylko wszyscy wzięli sobie do serca słowa Antoniego de Saint-Exupéry: „Pozostajesz na …</div></li>
<li><div class="upl-post-title"><a href="https://sp.tuchow.pl/index.php/2017/03/27/kazdy-moze-zostac-swietym-relacja-filmowa/">Każdy może zostać świętym &#8211; relacja filmowa.</a></div><div class="upl-post-excerpt">Pochód Świętych &#8211; Każdy może świętym być.…</div></li>
<li><div class="upl-post-title"><a href="https://sp.tuchow.pl/index.php/2017/03/22/szkolny-mam-talent/">Szkolny ,,Mam Talent&#8221;</a></div><div class="upl-post-excerpt">Szkolny ,,Mam Talent&#8221; 20 marca 2017 r. (tj. poniedziałek) społeczność Zespołu Szkół w …</div></li>
<li><div class="upl-post-title"><a href="https://sp.tuchow.pl/index.php/2017/03/21/konkurs-fotograficzny-przylapani-z-ksiazka/">Konkurs fotograficzny „PRZYŁAPANI Z KSIĄŻKĄ”</a></div><div class="upl-post-excerpt">Konkurs fotograficzny „PRZYŁAPANI Z KSIĄŻKĄ”&nbsp;&nbsp;&nbsp;&nbsp; Zachęcanie dzieci do czytania …</div></li>
<li><div class="upl-post-title"><a href="https://sp.tuchow.pl/index.php/2016/11/14/zs-uroczyste-obchody-swieta-niepodleglosci-w-zespole-szkol-w-tuchowie/">ZS -> Uroczyste obchody Święta Niepodległości w Zespole Szkół w Tuchowie.</a></div><div class="upl-post-excerpt">10 listopada 2016 r. Dyrekcja, uczniowie i nauczyciele Zespołu Szkół w Tuchowie brali udział w  …</div></li>
<li><div class="upl-post-thumbnail"><a href="https://sp.tuchow.pl/index.php/2016/05/19/szkola-podstawowa-w-finale-konkursu-ratujemy-i-uczymy-ratowac/"><img loading="lazy" decoding="async" width="75" height="75" src="https://sp.tuchow.pl/wp-content/uploads/2016/04/wosp-uczymy-ratowac-150x150.jpg" class="attachment-75x75 size-75x75 wp-post-image" alt="" data-attachment-id="1882" data-permalink="https://sp.tuchow.pl/index.php/2016/04/16/sp-pierwsza-pomoc-to-dziecinnie-proste/wosp-uczymy-ratowac/" data-orig-file="https://sp.tuchow.pl/wp-content/uploads/2016/04/wosp-uczymy-ratowac.jpg" data-orig-size="243,207" data-comments-opened="0" data-image-meta="{&quot;aperture&quot;:&quot;0&quot;,&quot;credit&quot;:&quot;&quot;,&quot;camera&quot;:&quot;&quot;,&quot;caption&quot;:&quot;&quot;,&quot;created_timestamp&quot;:&quot;0&quot;,&quot;copyright&quot;:&quot;&quot;,&quot;focal_length&quot;:&quot;0&quot;,&quot;iso&quot;:&quot;0&quot;,&quot;shutter_speed&quot;:&quot;0&quot;,&quot;title&quot;:&quot;&quot;,&quot;orientation&quot;:&quot;0&quot;}" data-image-title="wosp uczymy ratowac" data-image-description="" data-image-caption="" data-medium-file="https://sp.tuchow.pl/wp-content/uploads/2016/04/wosp-uczymy-ratowac.jpg" data-large-file="https://sp.tuchow.pl/wp-content/uploads/2016/04/wosp-uczymy-ratowac.jpg" /></a></div><div class="upl-post-title"><a href="https://sp.tuchow.pl/index.php/2016/05/19/szkola-podstawowa-w-finale-konkursu-ratujemy-i-uczymy-ratowac/">Szkoła Podstawowa w finale konkursu „Ratujemy i uczymy ratować”!</a></div><div class="upl-post-excerpt">Znamy już nazwy siedmiu szkół, które przeszły do finału V Ogólnopolskiego Konkursu „Ratujemy i …</div></li>
<li><div class="upl-post-thumbnail"><a href="https://sp.tuchow.pl/index.php/2016/05/09/ratujemy-i-uczymy-ratowac/"><img loading="lazy" decoding="async" width="75" height="75" src="https://sp.tuchow.pl/wp-content/uploads/2016/04/wosp-uczymy-ratowac-150x150.jpg" class="attachment-75x75 size-75x75 wp-post-image" alt="" data-attachment-id="1882" data-permalink="https://sp.tuchow.pl/index.php/2016/04/16/sp-pierwsza-pomoc-to-dziecinnie-proste/wosp-uczymy-ratowac/" data-orig-file="https://sp.tuchow.pl/wp-content/uploads/2016/04/wosp-uczymy-ratowac.jpg" data-orig-size="243,207" data-comments-opened="0" data-image-meta="{&quot;aperture&quot;:&quot;0&quot;,&quot;credit&quot;:&quot;&quot;,&quot;camera&quot;:&quot;&quot;,&quot;caption&quot;:&quot;&quot;,&quot;created_timestamp&quot;:&quot;0&quot;,&quot;copyright&quot;:&quot;&quot;,&quot;focal_length&quot;:&quot;0&quot;,&quot;iso&quot;:&quot;0&quot;,&quot;shutter_speed&quot;:&quot;0&quot;,&quot;title&quot;:&quot;&quot;,&quot;orientation&quot;:&quot;0&quot;}" data-image-title="wosp uczymy ratowac" data-image-description="" data-image-caption="" data-medium-file="https://sp.tuchow.pl/wp-content/uploads/2016/04/wosp-uczymy-ratowac.jpg" data-large-file="https://sp.tuchow.pl/wp-content/uploads/2016/04/wosp-uczymy-ratowac.jpg" /></a></div><div class="upl-post-title"><a href="https://sp.tuchow.pl/index.php/2016/05/09/ratujemy-i-uczymy-ratowac/">Ratujemy i Uczymy Ratować</a></div><div class="upl-post-excerpt">Pomóż szkole przejść do Finału Konkursu &#8211; polub ten film ❤  Głosowanie trwa od 09.05 do …</div></li>
<li><div class="upl-post-title"><a href="https://sp.tuchow.pl/index.php/2016/03/02/akademia-z-okazji-swieta-niepodleglosci/">Akademia z okazji Święta Niepodległości</a></div><div class="upl-post-excerpt">…</div></li>
</ul>
</div>

<p>&nbsp;</p>
