{"id":295,"date":"2016-03-20T16:57:58","date_gmt":"2016-03-20T15:57:58","guid":{"rendered":"http:\/\/zs.tuchow.pl\/?page_id=295"},"modified":"2023-08-03T12:18:00","modified_gmt":"2023-08-03T10:18:00","slug":"konkursy","status":"publish","type":"page","link":"https:\/\/sp.tuchow.pl\/index.php\/inne\/konkursy\/","title":{"rendered":"Konkursy"},"content":{"rendered":"<p style=\"text-align: left;\"><div id=\"upl-list-11327\" class=\"upl-list\">\n<ul>\n<li><div class=\"upl-post-title\"><a href=\"https:\/\/sp.tuchow.pl\/index.php\/2026\/03\/03\/viii-gminny-konkurs-piosenki-angielskiej-everybody-can-sing\/\">VIII Gminny Konkurs Piosenki Angielskiej \u201eEverybody can sing\u201d<\/a><\/div><div class=\"upl-post-excerpt\">Serdecznie zapraszamy do udzia\u0142u w VIII Gminnym Konkursie Piosenki Angielskiej \u201eEverybody can \u2026<\/div><\/li>\n<li><div class=\"upl-post-title\"><a href=\"https:\/\/sp.tuchow.pl\/index.php\/2024\/12\/01\/xii-szkolny-konkurs-recytatorski-i-plastyczny-poswiecony-tworczosci-ks-j-twardowskiego\/\">XII Szkolny Konkurs Recytatorski i Plastyczny po\u015bwi\u0119cony tw\u00f3rczo\u015bci ks. J. Twardowskiego<\/a><\/div><div class=\"upl-post-excerpt\">XII SZKOLNY KONKURS RECYTATORSKI &nbsp;PO\u015aWI\u0118CONY TW\u00d3RCZO\u015aCI KSI\u0118DZA JANA TWARDOWSKIEGO &nbsp; I. \u2026<\/div><\/li>\n<li><div class=\"upl-post-title\"><a href=\"https:\/\/sp.tuchow.pl\/index.php\/2024\/04\/29\/wyniki-konkursu-literackiego-na-wiersz-o-bibliotece-ksiazce-czytaniu\/\">Wyniki konkursu literackiego na wiersz o bibliotece, ksi\u0105\u017cce, czytaniu.<\/a><\/div><div class=\"upl-post-excerpt\">W poniedzia\u0142ek 29 kwietnia 2024r.\u00a0 po raz pierwszy odby\u0142 si\u0119 Konkurs literacki na wiersz o \u2026<\/div><\/li>\n<li><div class=\"upl-post-title\"><a href=\"https:\/\/sp.tuchow.pl\/index.php\/2024\/04\/09\/moj-wyjatkowy-przyjaciel-i-ja\/\">\u201eM\u00f3j wyj\u0105tkowy Przyjaciel i ja\u201d<\/a><\/div><div class=\"upl-post-excerpt\">W ramach projektu &#8221; Ka\u017cdy inny &#8211; wszyscy r\u00f3wni &#8221; zapraszamy do udzia\u0142u w \u2026<\/div><\/li>\n<li><div class=\"upl-post-title\"><a href=\"https:\/\/sp.tuchow.pl\/index.php\/2024\/04\/04\/konkurs-literacki-pn-wiersz-o-bibliotece-ksiazce-czytelnictwie\/\">KONKURS LITERACKI PN. \u201eWIERSZ O BIBLIOTECE, KSI\u0104\u017bCE, CZYTELNICTWIE\u201d<\/a><\/div><div class=\"upl-post-excerpt\">Zach\u0119camy do udzia\u0142u w KONKURSIE LITERACKIM PN. \u201eWIERSZ O BIBLIOTECE, KSI\u0104\u017bCE, CZYTELNICTWIE\u201d \u2026<\/div><\/li>\n<li><div class=\"upl-post-title\"><a href=\"https:\/\/sp.tuchow.pl\/index.php\/2023\/12\/17\/konkursy-poswiecone-tworczosci-ksiedza-jana-twardowskiego\/\">Konkursy po\u015bwi\u0119cone tw\u00f3rczo\u015bci ksi\u0119dza Jana Twardowskiego<\/a><\/div><div class=\"upl-post-excerpt\">XI SZKOLNY KONKURS RECYTATORSKI \u00a0PO\u015aWI\u0118CONY TW\u00d3RCZO\u015aCI KSI\u0118DZA JANA TWARDOWSKIEGO \u00a0I. Organizator: \u2026<\/div><\/li>\n<li><div class=\"upl-post-title\"><a href=\"https:\/\/sp.tuchow.pl\/index.php\/2023\/12\/06\/xi-gminny-konkurs-swiatecznej-piosenki-obcojezycznej\/\">XI Gminny Konkurs \u015awi\u0105tecznej Piosenki Obcoj\u0119zycznej<\/a><\/div><div class=\"upl-post-excerpt\">Ju\u017c po raz jedenasty mamy zaszczyt zaprosi\u0107 uczni\u00f3w oraz nauczycieli do wzi\u0119cia udzia\u0142u w Gminnym \u2026<\/div><\/li>\n<li><div class=\"upl-post-title\"><a href=\"https:\/\/sp.tuchow.pl\/index.php\/2023\/11\/19\/zapraszamy-do-udzialu-w-konkursach\/\">Zapraszamy do udzia\u0142u w konkursach<\/a><\/div><div class=\"upl-post-excerpt\">Zapraszamy uczni\u00f3w naszej szko\u0142y oraz ich rodziny do udzia\u0142u w konkursach: &#8222;Projekt maskotki \u2026<\/div><\/li>\n<li><div class=\"upl-post-title\"><a href=\"https:\/\/sp.tuchow.pl\/index.php\/2023\/04\/04\/swiatowy-dzien-jezyka-angielskiego-konkurs\/\">\u015aWIATOWY DZIE\u0143 J\u0118ZYKA ANGIELSKIEGO\u00a0 &#8211; KONKURS<\/a><\/div><div class=\"upl-post-excerpt\">J\u0119zyk angielski jest jednym z sze\u015bciu oficjalnych j\u0119zyk\u00f3w ONZ. Bywa okre\u015blany jako pierwszy \u2026<\/div><\/li>\n<\/ul>\n<\/div>\n<\/p>\n<p>&nbsp;<\/p>\n","protected":false},"excerpt":{"rendered":"<p>&nbsp;<\/p>\n","protected":false},"author":4,"featured_media":0,"parent":281,"menu_order":0,"comment_status":"closed","ping_status":"closed","template":"","meta":{"advanced_seo_description":"","jetpack_seo_html_title":"","jetpack_seo_noindex":false,"ngg_post_thumbnail":0,"footnotes":""},"class_list":["post-295","page","type-page","status-publish","hentry"],"jetpack_sharing_enabled":true,"jetpack_shortlink":"https:\/\/wp.me\/PghmmV-4L","jetpack_likes_enabled":true,"jetpack-related-posts":[],"_links":{"self":[{"href":"https:\/\/sp.tuchow.pl\/index.php\/wp-json\/wp\/v2\/pages\/295","targetHints":{"allow":["GET"]}}],"collection":[{"href":"https:\/\/sp.tuchow.pl\/index.php\/wp-json\/wp\/v2\/pages"}],"about":[{"href":"https:\/\/sp.tuchow.pl\/index.php\/wp-json\/wp\/v2\/types\/page"}],"author":[{"embeddable":true,"href":"https:\/\/sp.tuchow.pl\/index.php\/wp-json\/wp\/v2\/users\/4"}],"replies":[{"embeddable":true,"href":"https:\/\/sp.tuchow.pl\/index.php\/wp-json\/wp\/v2\/comments?post=295"}],"version-history":[{"count":3,"href":"https:\/\/sp.tuchow.pl\/index.php\/wp-json\/wp\/v2\/pages\/295\/revisions"}],"predecessor-version":[{"id":11329,"href":"https:\/\/sp.tuchow.pl\/index.php\/wp-json\/wp\/v2\/pages\/295\/revisions\/11329"}],"up":[{"embeddable":true,"href":"https:\/\/sp.tuchow.pl\/index.php\/wp-json\/wp\/v2\/pages\/281"}],"wp:attachment":[{"href":"https:\/\/sp.tuchow.pl\/index.php\/wp-json\/wp\/v2\/media?parent=295"}],"curies":[{"name":"wp","href":"https:\/\/api.w.org\/{rel}","templated":true}]}}