{"id":222,"date":"2016-03-20T16:07:30","date_gmt":"2016-03-20T15:07:30","guid":{"rendered":"http:\/\/zs.tuchow.pl\/?page_id=222"},"modified":"2021-01-15T11:01:53","modified_gmt":"2021-01-15T10:01:53","slug":"o-szkole","status":"publish","type":"page","link":"https:\/\/sp.tuchow.pl\/index.php\/o-szkole\/","title":{"rendered":"O szkole"},"content":{"rendered":"<p style=\"text-align: justify;\"><strong>Szko\u0142a Podstawowa im. Stanis\u0142awa Staszica znajduje si\u0119 przy ulicy Jana Paw\u0142a II 6 w Tuchowie. W latach 2008-2017 szko\u0142a podstawowa wchodzi\u0142a w sk\u0142ad Zespo\u0142u Szk\u00f3\u0142. W tych latach w budynku szko\u0142y podstawowej mie\u015bci\u0142o si\u0119 Publiczne Gimnazjum im. Kazimierza Wielkiego, kt\u00f3re w latach 1999-2008 zajmowa\u0142o pomieszczenia Liceum Og\u00f3lnokszta\u0142c\u0105cego im. Miko\u0142aja Kopernika w Tuchowie.<\/strong><\/p>\n<p style=\"text-align: justify;\">Uchwa\u0142\u0105 Rady Miejskiej w Tuchowie z dnia 29 marca 2017 r. w sprawie planu sieci publicznych szk\u00f3\u0142 podstawowych prowadzonych przez Gmin\u0119 Tuch\u00f3w przy ul. Jana Paw\u0142a II 6 znajduje si\u0119 Szko\u0142a Podstawowa im. Stanis\u0142awa Staszica. Uchwa\u0142a wynika z wprowadzenia nowego ustroju szkolnego. Z dniem 1 wrze\u015bnia 2017&nbsp;r. ka\u017cda dotychczasowa sze\u015bcioletnia szko\u0142a podstawowa obejmuj\u0105ca klasy I\u2013VI sta\u0142a si\u0119 o\u015bmioletni\u0105 szko\u0142\u0105 podstawow\u0105 obejmuj\u0105c\u0105 klasy I\u2013VIII.<\/p>\n<p style=\"text-align: justify;\">Klasy drugie i trzecie Publicznego Gimnazjum im. Kazimierza Wielkiego zosta\u0142y w\u0142\u0105czone w struktury Szko\u0142y Podstawowej im. Stanis\u0142awa Staszica.<\/p>\n<p style=\"text-align: justify;\">Dzieci i m\u0142odzie\u017c naszej szko\u0142y ucz\u0105 si\u0119 w pi\u0119knym, du\u017cym trzypi\u0119trowym budynku, kt\u00f3ry w ostatnich latach zosta\u0142 gruntownie wyremontowany. Przy szkole podstawowej mie\u015bci si\u0119 nowoczesna pe\u0142nowymiarowa hala sportowa, w kt\u00f3rej uczniowie maj\u0105 zaj\u0119cia wychowania fizycznego, zdobywaj\u0105 pierwsze miejsca w zawodach sportowych i uczestnicz\u0105 w r\u00f3\u017cnych uroczysto\u015bciach. Jednak nie zawsze tak by\u0142o.<\/p>\n<p style=\"text-align: justify;\"><strong>Oto kr\u00f3tka najpierw historia Szko\u0142y Podstawowej:<\/strong><\/p>\n<p style=\"text-align: justify;\">Historia szko\u0142y w Tuchowie rozpoczyna si\u0119 w XIV w. Ot\u00f3\u017c powstanie szko\u0142y przy tuchowskim ko\u015bciele parafialnym mo\u017ce by\u0107 bliskie lokacji miasta (1340). Patronat nad ni\u0105 sprawowali w\u0142a\u015bciciele Tuchowa- benedyktyni z Ty\u0144ca. Pierwsza \u017ar\u00f3d\u0142owa wzmianka o szkole pochodzi od Jana D\u0142ugosza (1470). Do ko\u0144ca XVI w. szko\u0142\u0119 utrzymywali mieszczanie, a od 1596 r. obowi\u0105zek utrzymania nauczyciela przej\u0105\u0142 proboszcz od ko\u015bcio\u0142a \u015bw. Jakuba. Szko\u0142a elementarna w Tuchowie by\u0142a jedn\u0105 ze 170 szk\u00f3\u0142 parafialnych w kraju. O istnieniu szko\u0142y \u015bwiadcz\u0105 okre\u015blenia: scholae, rector scholae, magister scholae oraz minister i clecha. Przejawem rosn\u0105cej \u015bwiadomo\u015bci warto\u015bci wykszta\u0142cenia w\u015br\u00f3d mieszczan by\u0142y liczne zapisy mieszka\u0144c\u00f3w na rzecz przysz\u0142ego kszta\u0142cenia swoich syn\u00f3w. Albowiem w XV w. w\u015br\u00f3d student\u00f3w Uniwersytetu Krakowskiego by\u0142o 5 \u017cak\u00f3w, a w XVI &#8211; ju\u017c 12. Na uwag\u0119 zas\u0142uguje Marcin Melaniusz, kt\u00f3ry po studiach w 1616 r. zosta\u0142 proboszczem w Tuchowie. By\u0142 za\u0142o\u017cycielem fundacji umo\u017cliwiaj\u0105cej zdobycie wy\u017cszego wykszta\u0142cenia przez 2 tuchowskich uczni\u00f3w. Prawo wyznaczania tych\u017ce uczni\u00f3w przys\u0142ugiwa\u0142o proboszczom i burmistrzom tuchowskim. Zapis ten funkcjonowa\u0142 do 1803 r., kiedy to austriackie w\u0142adze odebra\u0142y Uniwersytetowi prawo dysponowania w\u0142asnymi funduszami.<\/p>\n<p style=\"text-align: justify;\">W XVIII w. upadek gospodarczy spowodowany dzia\u0142aniami wojennymi i epidemiami przyczyni\u0142 si\u0119 do upadku o\u015bwiaty. W Tuchowie w 1748 r. budynek szkolny by\u0142 spalony, nie by\u0142o kierownika szko\u0142y ani uczni\u00f3w. Dopiero w 1766 r. pojawi\u0142a si\u0119 szko\u0142a parafialna. Po 1772 r., kiedy Tuch\u00f3w znalaz\u0142 si\u0119 pod zaborem austriackim, powsta\u0142a szko\u0142a trywialna (1789 lub 1799). Ucz\u0119szczanie do szko\u0142y sta\u0142o si\u0119 obowi\u0105zkowe dla dzieci od 6 do 12 roku \u017cycia. Dzieci uczy\u0142y si\u0119 religii, historii biblijnej, czytania po niemiecku i polsku, pisania po polsku i niemiecku, rachunk\u00f3w oraz zasad gospodarstwa. Nauczyciele kszta\u0142cili si\u0119 na kursie preparand\u00f3w organizowanym przez szko\u0142y g\u0142\u00f3wne. W 1855 r. j\u0119zyk polski powr\u00f3ci\u0142 do szk\u00f3\u0142, staj\u0105c si\u0119 zwyk\u0142ym przedmiotem nauczania. J\u0119zykiem wyk\u0142adowym pozosta\u0142 niemiecki. W 1867 r. Ustawa Sejmu Krajowego Galicji wprowadzi\u0142a j\u0119zyk polski jako wyk\u0142adowy.<\/p>\n<p style=\"text-align: justify;\">Ustawa z dnia 2 maja 1873 r. m\u00f3wi\u0142a o zak\u0142adaniu i utrzymywaniu publicznych szk\u00f3\u0142 ludowych i obowi\u0105zku posy\u0142ania do nich dzieci. W Tuchowie zamiast szko\u0142y trywialnej wprowadzono szko\u0142\u0119 czteroklasow\u0105, wybudowan\u0105 z inicjatywy ks. Antoniego Siemie\u0144skiego. Uczy\u0142 w niej jeden nauczyciel. Potem szko\u0142a si\u0119 rozrasta\u0142a, przyby\u0142o uczni\u00f3w i nauczycieli. Szko\u0142a mie\u015bci\u0142a si\u0119 w trzech budynkach. Nauczyciele kszta\u0142cili si\u0119 w bezp\u0142atnych czteroletnich pa\u0144stwowych seminariach.<\/p>\n<p style=\"text-align: justify;\">W roku szkolnym 1914\/1915 nauka odbywa\u0142a si\u0119 przez trzy tygodnie, przez osiem miesi\u0119cy nie by\u0142o jej wcale. 14 czerwca wznowiono zaj\u0119cia. Odbywa\u0142y si\u0119 pod go\u0142ym niebem. Szybko ich zaniechano z powodu niskiej frekwencji.<\/p>\n<p style=\"text-align: justify;\">W 1916 r. powsta\u0142a dwuklasowa szko\u0142a na Wo\u0142owej. W 1917 r. tuchowska szko\u0142a sta\u0142a si\u0119 szko\u0142\u0105 pi\u0119cioklasow\u0105. Nauka odbywa\u0142a si\u0119 w czterech r\u00f3\u017cnych budynkach. Kierownikiem by\u0142 Adolf Wojtanowski. W 1918 r. powsta\u0142a siedmioklasowa szko\u0142a powszechna, jednakowa dla wszystkich dzieci bez wzgl\u0119du na status spo\u0142eczny i maj\u0105tkowy. Ok\u00f3lnikiem z dnia 2 czerwca 1926 r. Kuratorium Okr\u0119gu Szkolnego w Krakowie wprowadzi\u0142o nazw\u0119 &#8222;siedmioklasowa szko\u0142a powszechna im. S. Staszica&#8221;. W 1936 r. zosta\u0142a wybudowana przy ulicy 3 Maja dwupi\u0119trowa szko\u0142a. Kierownikiem zosta\u0142 Leopold Kluger.<\/p>\n<p style=\"text-align: justify;\">Wiele miejsca w nauczaniu po\u015bwi\u0119cano rozwijaniu uczu\u0107 patriotycznych, a symbole pa\u0144stwowe nale\u017ca\u0142o otacza\u0107 szczeg\u00f3lnym szacunkiem. Organizowano uroczysto\u015bci zwi\u0105zane z wielkimi postaciami: marsza\u0142kiem J\u00f3zefem Pi\u0142sudskim, patronem szko\u0142y Stanis\u0142awem Staszicem, kr\u00f3lem Boles\u0142awem Chrobrym, poet\u0105 Juliuszem S\u0142owackim, \u015bw. Stanis\u0142awem Kostk\u0105, gen. J\u00f3zefem Bemem, pisarzem Henrykiem Sienkiewiczem. Ponadto zwracano uwag\u0119 na zachowanie uczni\u00f3w w szkole. Oceny z zachowania obni\u017cano za: niepos\u0142usze\u0144stwo, krn\u0105brno\u015b\u0107, ubli\u017canie gospodarzowi klasy, lekcewa\u017c\u0105cy stosunek do nauczycieli, wa\u0142\u0119sanie si\u0119 wieczorem, kradzie\u017c, opuszczanie nauki. Dzieci uczono zami\u0142owania do czysto\u015bci i higieny osobistej. W szkole istnia\u0142y organizacje uczniowskie: Liga Obrony Przeciwlotniczej i Przeciwgazowej, Szkolna Kasa Oszcz\u0119dno\u015bci, Sp\u00f3\u0142dzielnia uczniowska, Liga Morska i Kolonialna, Polski Czerwony Krzy\u017c, Krucjata Eucharystyczna, Towarzystwo Popierania Budowy Publicznych Szk\u00f3\u0142 Powszechnych. W 1961 r. wprowadzono o\u015bmioklasow\u0105 szko\u0142\u0119 podstawow\u0105. A w 1999 r. &#8211; szko\u0142\u0119 sze\u015bcioklasow\u0105.<\/p>\n<p style=\"text-align: justify;\">Obecnie przy ulicy Jana Paw\u0142a II stoi w pe\u0142ni zmodernizowany i wyremontowany trzypi\u0119trowy budynek, kt\u00f3ry z daleka przyci\u0105ga swoim wygl\u0105dem: now\u0105 elewacj\u0105, dachem. Obok szko\u0142y w 2002 r. zosta\u0142a oddana do u\u017cytku nowa pe\u0142nowymiarowa hala sportowa. Przy szkole znajduj\u0105 si\u0119 dwa miejsca parkingowe dla rodzic\u00f3w uczni\u00f3w niepe\u0142nosprawnych. Szko\u0142a posiada wind\u0119.<\/p>\n<p style=\"text-align: justify;\">W szkole uczniowie zdobywaj\u0105 wiedz\u0119 i osi\u0105gaj\u0105 wysokie wyniki nauczania. Zdobywaj\u0105 tytu\u0142y laureat\u00f3w i finalist\u00f3w w konkursach przedmiotowych. Rozwijaj\u0105 zainteresowania artystyczne i sportowe. Uczniowie nie maj\u0105 sobie r\u00f3wnych w zawodach sportowych na wszystkich szczeblach, pocz\u0105wszy od gminnego, sko\u0144czywszy na mi\u0119dzynarodowym. Od 1979 r. uczniowie \u0107wicz\u0105 judo. Sekcj\u0119 judo za\u0142o\u017cy\u0142 Marek Srebro &#8211; pasjonat i nauczyciel tej dyscypliny sportu, obecnie dyrektor MOSiR-u. Z sukcesami dzia\u0142aj\u0105 sekcje: pi\u0142ki r\u0119cznej, pi\u0142ki no\u017cnej, tenisa sto\u0142owego i szach\u00f3w.<\/p>\n<p style=\"text-align: justify;\">Co wyr\u00f3\u017cnia nasz\u0105 szko\u0142\u0119? Wa\u017cne inicjatywy podejmowane w szkole. S\u0105 lub by\u0142y to:<\/p>\n<ul style=\"text-align: justify;\">\n<li>Dzieci\u0119cy teatrzyk &#8222;Samoradzik&#8221; dzia\u0142a\u0142 w szkole od 1997 do 2002 r. Skupia\u0142 on 15 uczni\u00f3w z klas pierwszych, drugich i pi\u0105tych. Prezentowa\u0142 programy kabaretowe, dostarczaj\u0105c humoru, zabawy, a tym samym rozrywki. U\u015bwietnia\u0142 uroczysto\u015bci szkolne, \u015brodowiskowe, gminne i powiatowe. W\u0142\u0105cza\u0142 si\u0119 tak\u017ce w akcje charytatywne na rzecz \u015brodowiska i gminy. \u0141\u0105cznie przedstawi\u0142 52 programy z r\u00f3\u017cnych okazji.<\/li>\n<li>Zesp\u00f3\u0142 teatralny &#8222;Fantazja&#8221; wystawi\u0142 musicale: &#8222;Trzewiki szcz\u0119\u015bcia&#8221;, &#8222;O Kasi, co g\u0105ski zgubi\u0142a&#8221;, &#8222;Czerwony Kapturek&#8221;, &#8222;Hej, na Krakowskim Rynku&#8221; oraz przedstawienia: &#8222;Pi\u00f3rnik&#8221;, &#8222;Uczone bia\u0142og\u0142owy Moliera&#8221; oraz okoliczno\u015bciowe przedstawienia z okazji \u015bwi\u0105t narodowych i ostatnio &#8222;Zygmunt z Bobowej go\u015bci W\u0142adys\u0142awa Jagie\u0142\u0142\u0119 w 1419 r.&#8221; z okazji 670-lecia lokacji miasta Tuchowa na Przegl\u0105dzie Widowisk Historycznych. Teatrzyk wyst\u0119powa\u0142 na scenie teatru L. Solskiego w Tarnowie, w Filharmonii Krakowskiej, w DK w My\u015blenicach.<\/li>\n<li>Konkursy (niekt\u00f3re od 27 lat) pod patronatem biblioteki szkolnej:<\/li>\n<\/ul>\n<p style=\"text-align: justify;\">&#8211; &#8222;W krainie ba\u015bni&#8221; dla klas IV &#8211; &#8222;W Akademii Pana Kleksa&#8221; dla klas IV- &#8222;Z mitologi\u0105 za pan brat&#8221; dla klas V &#8211; &#8222;Wyprawa do Afryki&#8221; dla klas V &#8211; &#8222;Z Tomkiem Wilmowskim w krainie kangur\u00f3w&#8221; dla klas VI &#8211; &#8222;Rycerskie \u015blubowanie&#8221; dla klas VII (obecnie I gimnazjum) &#8211; &#8222;Czy znasz tw\u00f3rczo\u015b\u0107 Tolkiena?&#8221; dla klas VI &#8211; &#8222;Europa naszym wsp\u00f3lnym domem&#8221; dla klas VI (O Unii Europejskiej i kulturze narod\u00f3w Europy) &#8211; &#8222;Wiem wszystko&#8221; dla klas VI &#8211; ,,Szkolny Konkurs Recytatorsko-Plastyczny po\u015bwi\u0119cony tw\u00f3rczo\u015bci ks. Jana Twardowskiego\u2019\u2019 dla klas III-VI\u2019\u2019.<\/p>\n<p style=\"text-align: justify;\">Ponadto w 2005 r. biblioteka by\u0142a organizatorem sympozjum naukowego po\u015bwi\u0119conego szkolnictwu w Tuchowie. Odby\u0142a si\u0119 wtedy promocja ksi\u0105\u017cki Paw\u0142a Ju\u015bki &#8222;Historia szkolnictwa powszechnego w Tuchowie w okresie II Rzeczpospolitej&#8221;. Od 2003 r. odbywa si\u0119 te\u017c impreza dla klas IV: &#8222;Beania, czyli otrz\u0119siny&#8221;.<\/p>\n<ul style=\"text-align: justify;\">\n<li>Zosta\u0142y przeprowadzone projekty mi\u0119dzyprzedmiotowe: &#8211; &#8222;Zdrowy styl \u017cycia- przeciw alkoholowi, papierosom i narkotykom&#8221; dla klas VI (2003).<\/li>\n<\/ul>\n<p style=\"text-align: justify;\">&#8211; &#8222;A to Polska w\u0142a\u015bnie&#8221; dla klas V (2004)- &#8222;Cztery pory roku. Jesie\u0144&#8221; dla klas VI (2005).<\/p>\n<ul style=\"text-align: justify;\">\n<li>Wydanie tomiku wierszy &#8222;Janowi Paw\u0142owi II. Dzieci Szko\u0142y Podstawowej w Tuchowie&#8221; ( w 2006 r. na I rocznic\u0119 \u015bmierci Ojca \u015awi\u0119tego).<\/li>\n<li>W szkole dzia\u0142a zesp\u00f3\u0142 wokalny.<\/li>\n<li>Od 2008 r. Szko\u0142a Podstawowa im. St. Staszica bierze udzia\u0142 w projekcie &#8222;Ju\u017c p\u0142ywam&#8221;. 30 dzieci nie umiej\u0105cych p\u0142ywa\u0107 ma mo\u017cliwo\u015b\u0107 korzystania z darmowych wyjazd\u00f3w na basen do Tarnowa, gdzie pod okiem instruktor\u00f3w ucz\u0105 si\u0119 i doskonal\u0105 swoje umiej\u0119tno\u015bci p\u0142ywackie. Projekt ma r\u00f3wnie\u017c na celu promocj\u0119 zdrowego i aktywnego wypoczynku, wdra\u017canie zasad bezpiecze\u0144stwa i higieny.<\/li>\n<li>Od 2013 r. szko\u0142a jest organizatorem Gminnego Konkursu \u015awi\u0105tecznej Piosenki Obcoj\u0119zycznej.<\/li>\n<li>Od 2015 r. w maju odbywa si\u0119 Piknik Szkolny. Przedsi\u0119wzi\u0119cie to cieszy si\u0119 du\u017cym uznaniem w \u015brodowisku lokalnym.<\/li>\n<li>Uczniowie bior\u0105 udzia\u0142 w licznych akcjach charytatywnych, d\u0105\u017c\u0105c w ten spos\u00f3b do realizowania pozytywnych warto\u015bci: prawdy, mi\u0142o\u015bci, wra\u017cliwo\u015bci na potrzeby innego cz\u0142owieka. Czynnie uczestnicz\u0105 w starannie przygotowywanych akademiach szkolnych i uroczysto\u015bciach lokalnych oraz projektach przedmiotowych i tematycznych.<\/li>\n<li>Uczniowie od kilkunastu lat wyje\u017cd\u017caj\u0105 na Zielon\u0105 Szko\u0142\u0119 nad Morze Ba\u0142tyckie.<\/li>\n<li>W szkole znajduje si\u0119 \u015bwietlica. Godziny pracy \u015bwietlicy zosta\u0142y dostosowane do potrzeb pracuj\u0105cych rodzic\u00f3w. Ze zmodernizowanej sto\u0142\u00f3wki rozchodz\u0105 si\u0119 pyszne zapachy domowych obiad\u00f3w po ca\u0142ej szkole. W odnowionym gabinecie piel\u0119gniarki \u015brodowiskowej mo\u017cna uzyska\u0107 pomoc medyczn\u0105. Pedagog szkolny pomo\u017ce w rozwi\u0105zaniu trudnych problem\u00f3w. W szkole zatrudniony jest te\u017c logopeda, kt\u00f3ry pracuje z dzie\u0107mi z zaburzeniami mowy.<\/li>\n<li>Sale lekcyjne zosta\u0142y wyposa\u017cone w nowoczesne \u015brodki dydaktyczne i sprz\u0119t audiowizualny, co wp\u0142ywa na podniesienie jako\u015bci pracy szko\u0142y. Powsta\u0142a profesjonalna pracownia j\u0119zykowa, dwie pracownie komputerowe oraz dwie szatnie szkolne dla uczni\u00f3w. Ka\u017cdy ucze\u0144 posiada indywidualn\u0105 szafk\u0119.<\/li>\n<\/ul>\n<p style=\"text-align: justify;\">Od 1 wrze\u015bnia 2015 roku zosta\u0142 wprowadzony dziennik elektroniczny, wspieraj\u0105cy proces edukacji, pe\u0142niejszy nadz\u00f3r nad post\u0119pami w pracy uczni\u00f3w, monitoruj\u0105cy frekwencj\u0119 i wspomagaj\u0105cy komunikacj\u0119 z rodzicami, jak r\u00f3wnie\u017c usprawniaj\u0105cy prac\u0119 nauczycieli.<\/p>\n<p style=\"text-align: justify;\">Autorem artyku\u0142u, kt\u00f3ry prezentuje histori\u0119 Szko\u0142y Podstawowej im. Stanis\u0142awa Staszica, jest mgr Renata G\u0105sior<\/p>\n<p>&nbsp;<\/p>\n<p>&nbsp;<\/p>\n<p>&nbsp;<\/p>\n<p>&nbsp;<\/p>\n<p>&nbsp;<\/p>\n<table style=\"width: 483.333px;\" border=\"0\">\n<tbody>\n<tr style=\"height: 19px;\">\n<td style=\"width: 66px; height: 19px;\">Adres:<\/td>\n<td style=\"width: 409.333px; height: 19px;\">Szko\u0142a Podstawowa im. Stanis\u0142awa Staszica w Tuchowie<\/td>\n<\/tr>\n<tr style=\"height: 19px;\">\n<td style=\"width: 66px; height: 19px;\">&nbsp;<\/td>\n<td style=\"width: 409.333px; height: 19px;\">ul. Jana Paw\u0142a II &nbsp;6<\/td>\n<\/tr>\n<tr style=\"height: 20.6667px;\">\n<td style=\"width: 66px; height: 20.6667px;\">&nbsp;<\/td>\n<td style=\"width: 409.333px; height: 20.6667px;\">33-170 Tuch\u00f3w<\/td>\n<\/tr>\n<tr style=\"height: 28px;\">\n<td style=\"width: 66px; height: 28px; text-align: left;\">&nbsp;tel\/fax.<\/td>\n<td style=\"width: 409.333px; height: 28px; text-align: left;\">14 652 52 20<\/td>\n<\/tr>\n<tr style=\"height: 19px;\">\n<td style=\"width: 66px; height: 19px;\">&nbsp;<\/td>\n<\/tr>\n<tr style=\"height: 19px;\">\n<td style=\"width: 66px; height: 19px;\">&nbsp;<\/td>\n<\/tr>\n<tr style=\"height: 19px;\">\n<td style=\"width: 66px; height: 19px;\">e-mail:<\/td>\n<td style=\"width: 409.333px; height: 19px;\">sptuchow@szkola.galas.net.pl<\/td>\n<\/tr>\n<\/tbody>\n<\/table>\n","protected":false},"excerpt":{"rendered":"<p>Szko\u0142a Podstawowa im. Stanis\u0142awa Staszica znajduje si\u0119 przy ulicy Jana Paw\u0142a II 6 w Tuchowie. W latach 2008-2017 szko\u0142a podstawowa<\/p>\n","protected":false},"author":4,"featured_media":0,"parent":0,"menu_order":0,"comment_status":"closed","ping_status":"closed","template":"","meta":{"advanced_seo_description":"","jetpack_seo_html_title":"","jetpack_seo_noindex":false,"ngg_post_thumbnail":0,"footnotes":""},"class_list":["post-222","page","type-page","status-publish","hentry"],"jetpack_sharing_enabled":true,"jetpack_shortlink":"https:\/\/wp.me\/PghmmV-3A","jetpack_likes_enabled":true,"jetpack-related-posts":[],"_links":{"self":[{"href":"https:\/\/sp.tuchow.pl\/index.php\/wp-json\/wp\/v2\/pages\/222","targetHints":{"allow":["GET"]}}],"collection":[{"href":"https:\/\/sp.tuchow.pl\/index.php\/wp-json\/wp\/v2\/pages"}],"about":[{"href":"https:\/\/sp.tuchow.pl\/index.php\/wp-json\/wp\/v2\/types\/page"}],"author":[{"embeddable":true,"href":"https:\/\/sp.tuchow.pl\/index.php\/wp-json\/wp\/v2\/users\/4"}],"replies":[{"embeddable":true,"href":"https:\/\/sp.tuchow.pl\/index.php\/wp-json\/wp\/v2\/comments?post=222"}],"version-history":[{"count":10,"href":"https:\/\/sp.tuchow.pl\/index.php\/wp-json\/wp\/v2\/pages\/222\/revisions"}],"predecessor-version":[{"id":9508,"href":"https:\/\/sp.tuchow.pl\/index.php\/wp-json\/wp\/v2\/pages\/222\/revisions\/9508"}],"wp:attachment":[{"href":"https:\/\/sp.tuchow.pl\/index.php\/wp-json\/wp\/v2\/media?parent=222"}],"curies":[{"name":"wp","href":"https:\/\/api.w.org\/{rel}","templated":true}]}}