{"id":218,"date":"2016-03-20T16:00:41","date_gmt":"2016-03-20T15:00:41","guid":{"rendered":"http:\/\/zs.tuchow.pl\/?page_id=218"},"modified":"2026-04-24T16:25:45","modified_gmt":"2026-04-24T14:25:45","slug":"stolowka-szkolna","status":"publish","type":"page","link":"https:\/\/sp.tuchow.pl\/index.php\/dla-rodzicow\/stolowka-szkolna\/","title":{"rendered":"Sto\u0142\u00f3wka szkolna"},"content":{"rendered":"<p>Dyrektor Szko\u0142y Podstawowej im. St. Staszica w Tuchowie informuje, \u017ce istnieje mo\u017cliwo\u015b\u0107 wp\u0142aty za obiady w sto\u0142\u00f3wce szkolnej drog\u0105 elektroniczn\u0105.<\/p>\n<p>Kwota za obiady powinna by\u0107 zaksi\u0119gowana do <b>20-tego ka\u017cdego miesi\u0105ca<\/b>.<\/p>\n<p><strong><a href=\"https:\/\/sp.tuchow.pl\/stolowka\/jadlospis.pdf\">Jad\u0142ospis od 27.04.2026 r. do 01.05.2026 r.<\/a><\/strong><\/p>\n<p><strong><a href=\"https:\/\/sp.tuchow.pl\/stolowka\/reg_stol.pdf\">Regulamin sto\u0142\u00f3wki szkolnej<\/a><\/strong><\/p>\n<p><a href=\"https:\/\/sp.tuchow.pl\/pliki\/rekrutacja\/stolowka.pdf\"><b>[Pobierz] KARTA ZG\u0141OSZENIA DZIECKA DO STO\u0141\u00d3WKI SZKOLNEJ<\/b><\/a><\/p>\n<p align=\"center\">&nbsp;<\/p>\n<p align=\"center\"><b>Dane do przelewu<\/b><\/p>\n<p><b>Szko\u0142a Podstawowa im. St. Staszica w Tuchowie<br \/>\n33-170 Tuch\u00f3w, ul. Jana Paw\u0142a II 6<\/b><\/p>\n<p><b>Nr konta: 02 8627 0001 2002 9003 3463 0001<\/b><\/p>\n<ul>\n<li>Wi\u0119cej informacji mo\u017cna uzyska\u0107 u pani Marii Schabowskiej &#8211; szkolnej intendentki pod numerem telefonu<br \/>\n14 652 52 20 wew. 28<\/li>\n<\/ul>\n<p>&nbsp;<\/p>\n","protected":false},"excerpt":{"rendered":"<p>Dyrektor Szko\u0142y Podstawowej im. St. Staszica w Tuchowie informuje, \u017ce istnieje mo\u017cliwo\u015b\u0107 wp\u0142aty za obiady w sto\u0142\u00f3wce szkolnej drog\u0105 elektroniczn\u0105.<\/p>\n","protected":false},"author":4,"featured_media":0,"parent":205,"menu_order":0,"comment_status":"closed","ping_status":"closed","template":"","meta":{"advanced_seo_description":"","jetpack_seo_html_title":"","jetpack_seo_noindex":false,"ngg_post_thumbnail":0,"footnotes":""},"class_list":["post-218","page","type-page","status-publish","hentry"],"jetpack_sharing_enabled":true,"jetpack_shortlink":"https:\/\/wp.me\/PghmmV-3w","jetpack_likes_enabled":true,"jetpack-related-posts":[],"_links":{"self":[{"href":"https:\/\/sp.tuchow.pl\/index.php\/wp-json\/wp\/v2\/pages\/218","targetHints":{"allow":["GET"]}}],"collection":[{"href":"https:\/\/sp.tuchow.pl\/index.php\/wp-json\/wp\/v2\/pages"}],"about":[{"href":"https:\/\/sp.tuchow.pl\/index.php\/wp-json\/wp\/v2\/types\/page"}],"author":[{"embeddable":true,"href":"https:\/\/sp.tuchow.pl\/index.php\/wp-json\/wp\/v2\/users\/4"}],"replies":[{"embeddable":true,"href":"https:\/\/sp.tuchow.pl\/index.php\/wp-json\/wp\/v2\/comments?post=218"}],"version-history":[{"count":72,"href":"https:\/\/sp.tuchow.pl\/index.php\/wp-json\/wp\/v2\/pages\/218\/revisions"}],"predecessor-version":[{"id":12549,"href":"https:\/\/sp.tuchow.pl\/index.php\/wp-json\/wp\/v2\/pages\/218\/revisions\/12549"}],"up":[{"embeddable":true,"href":"https:\/\/sp.tuchow.pl\/index.php\/wp-json\/wp\/v2\/pages\/205"}],"wp:attachment":[{"href":"https:\/\/sp.tuchow.pl\/index.php\/wp-json\/wp\/v2\/media?parent=218"}],"curies":[{"name":"wp","href":"https:\/\/api.w.org\/{rel}","templated":true}]}}