{"id":216,"date":"2016-03-20T15:58:52","date_gmt":"2016-03-20T14:58:52","guid":{"rendered":"http:\/\/zs.tuchow.pl\/?page_id=216"},"modified":"2026-04-08T08:00:52","modified_gmt":"2026-04-08T06:00:52","slug":"informacje","status":"publish","type":"page","link":"https:\/\/sp.tuchow.pl\/index.php\/dla-rodzicow\/informacje\/","title":{"rendered":"Informacje"},"content":{"rendered":"<h3 style=\"text-align: left;\" align=\"center\"><span style=\"text-decoration: underline;\"><span style=\"color: #000000;\"><b>Terminy zebra\u0144 i konsultacji z rodzicami w roku szkolnym 2025\/2026<\/b><\/span><\/span><\/h3>\n<p align=\"justify\"><b>Zebrania:&nbsp;<\/b> 11 wrze\u015bnia 2025 r.; 17 listopada 2025 r.; 29 stycznia 2026 r.; <strong>16 kwietnia 2026 r. (godz. 16:30 klasy I-IV i 17:00 dla klas V-VIII)<\/strong><\/p>\n<p style=\"text-align: left;\" align=\"center\"><b>Konsultacje (godz.16:30 klasy I &#8211; IV, godz. 17:00 klasy V &#8211; VIII):&nbsp;<\/b> 16 pa\u017adziernika 2025 r.; 12 marca 2026 r.; 28 maja 2026 r.<\/p>\n<h3 style=\"text-align: center;\"><b>Dodatkowe dni wolne od zaj\u0119\u0107 dydaktyczno-wychowawczych <\/b><span style=\"color: #000000;\"><b>w roku szkolnym 2025\/2026<\/b><\/span><\/h3>\n<p>Dyrektor Szko\u0142y Podstawowej im. St. Staszica w Tuchowie, po zasi\u0119gni\u0119ciu opinii rady pedagogicznej, rady rodzic\u00f3w i samorz\u0105du uczniowskiego ustala nast\u0119puj\u0105ce dni wolne od zaj\u0119\u0107 dydaktyczno &#8211; wychowawczych dla uczni\u00f3w:<\/p>\n<p>\u00b7 Dzie\u0144 31 pa\u017adziernika 2025 r. (pi\u0105tek)\u00b7 Dzie\u0144 10 listopada 2025 r. (poniedzia\u0142ek)<\/p>\n<p>\u00b7 Dzie\u0144 2,5 stycznia 2026 r. (pi\u0105tek, poniedzia\u0142ek)<\/p>\n<p>\u00b7 Dzie\u0144 11 maja 2026 r. (poniedzia\u0142ek) \u2013 egzamin \u00f3smoklasisty ( klasy si\u00f3dme pisz\u0105 pr\u00f3bny egzamin)<\/p>\n<p>\u00b7 Dzie\u0144 12 maja 2026 r. (wtorek) \u2013 egzamin \u00f3smoklasisty (klasy si\u00f3dme pisz\u0105 pr\u00f3bny egzamin)<\/p>\n<p>\u00b7 Dzie\u0144 13 maja 2026 r. (\u015broda) \u2013 egzamin \u00f3smoklasisty (klasy si\u00f3dme pisz\u0105 pr\u00f3bny egzamin)<\/p>\n<p>\u00b7 Dzie\u0144 3 czerwca 2026 r. (\u015broda), kt\u00f3ry b\u0119dzie odpracowany na pikniku szkolnym 23 maja 2026 r.<\/p>\n<p>\u00b7 Dzie\u0144 5 czerwca 2026 r. (pi\u0105tek)<\/p>\n<p>W tym dniu szko\u0142a ma obowi\u0105zek zorganizowania zaj\u0119\u0107 wychowawczo \u2013 opieku\u0144czych.<\/p>\n<p style=\"text-align: justify;\">Ze wzgl\u0119d\u00f3w organizacyjnych, rodzice, kt\u00f3rych dzieci b\u0119d\u0105 uczestniczy\u0107 w zaj\u0119ciach wychowawczo-opieku\u0144czych, <strong>zg\u0142aszaj\u0105 na pi\u015bmie &#8211; do wychowawcy klasy &#8211; konieczno\u015b\u0107 obj\u0119cia opiek\u0105 dziecka, co najmniej na 3 dni przed ustalonym dniem wolnym.<\/strong><\/p>\n<h4><span style=\"text-decoration: underline;\"><strong>UBEZPIECZENIE UCZNI\u00d3W<\/strong><\/span><\/h4>\n<p><a href=\"https:\/\/sp.tuchow.pl\/pobierz\/owu.pdf\">Ubezpieczenie EDU PLUS Og\u00f3lne Warunki Ubezpieczenia<\/a><\/p>\n<p><a href=\"https:\/\/sp.tuchow.pl\/pobierz\/rodo_ubezp.pdf\">KLAUZULA INFORMACYJNA DOTYCZ\u0104CA PRZETWARZANIA DANYCH OSOBOWYCH<\/a><\/p>\n<h3><span style=\"text-decoration: underline;\"><b>\u015awietlica szkolna<\/b><\/span><\/h3>\n<p align=\"justify\">\u015awietlica szkolna dzia\u0142aj\u0105ca w Szkole Podstawowej im. St. Staszica w Tuchowie jest czynna<\/p>\n<p align=\"justify\"><strong>od<\/strong> <b>poniedzia\u0142ku do pi\u0105tku w godzinach <b>6:30 &#8211; 16:00<\/b><\/b><\/p>\n<h3><span style=\"color: #ff6600;\">BIBLIOTEKA CZYNNA<\/span><br \/>\n<span style=\"color: #339966;\">PONIEDZIA\u0141EK:<\/span> 7.30 \u2013 14.00<br \/>\n<span style=\"color: #339966;\">WTOREK:<\/span> 7.30 &#8211; 14.00<br \/>\n<span style=\"color: #339966;\">\u015aRODA:<\/span> 7.30 \u2013 14.00<br \/>\n<span style=\"color: #339966;\">CZWARTEK:<\/span> 8.00 \u201314.00<br \/>\n<span style=\"color: #339966;\">PI\u0104TEK:<\/span> 7.00 \u2013 13.00<\/h3>\n<h3><span style=\"text-decoration: underline; color: #000000;\"><b>Dowozy uczni\u00f3w w roku szkolnym 2025\/2026<\/b><\/span><\/h3>\n<p align=\"left\">Dow\u00f3z uczni\u00f3w odbywa si\u0119 od poniedzia\u0142ku do pi\u0105tku zgodnie z harmonogramem:<\/p>\n<p align=\"left\"><b>Dowozy \/codziennie\/<\/b><\/p>\n<p align=\"left\">&#8211; Kielanowice &#8211; godz: 7:20<\/p>\n<p align=\"left\">&#8211; Wo\u0142owa &#8211; godz: 07:35<\/p>\n<p align=\"left\"><b>Odwozy \/codziennie\/<\/b><\/p>\n<p align=\"left\">Wo\u0142owa i Kielanowice &#8211; godz: 14:15<\/p>\n<h3><span style=\"text-decoration: underline;\"><span style=\"color: #000000;\"><b>Harmonogram pracy pedagoga<\/b><\/span><\/span><\/h3>\n<p align=\"left\"><b>Pedagog szkolny:<\/b> mgr Beata Kielawa<\/p>\n<p align=\"left\">poniedzia\u0142ek 8.00-12.00,<br \/>\nwtorek 8.00-13.00,<br \/>\n\u015broda 9.00-12.00,<br \/>\nczwartek 8.00-14.00,<br \/>\npi\u0105tek 8.00-10.00<\/p>\n<h3><span style=\"text-decoration: underline;\"><span style=\"color: #000000;\"><b>Harmonogram pracy pedagoga specjalnego<\/b><\/span><\/span><\/h3>\n<p align=\"left\"><b>Pedagog szkolny:<\/b> mgr Dorota Pierz<\/p>\n<p align=\"left\">poniedzia\u0142ek 9.55-13.25 i 14.10 &#8211; 15.10<br \/>\nwtorek 10.55-13.25,<br \/>\n\u015broda 8.00-10.30,<br \/>\nczwartek 10.55-13.25,<br \/>\npi\u0105tek 7.00-10.00<\/p>\n<h3><span style=\"text-decoration: underline;\"><span style=\"color: #000000;\"><b>Harmonogram pracy psychologa szkolnego<\/b><\/span><\/span><\/h3>\n<p align=\"left\"><b>Pedagog szkolny:<\/b> mgr Katarzyna Serafin<\/p>\n<p align=\"left\">poniedzia\u0142ek 08:00-13:00,<\/p>\n<p align=\"left\">\u015broda 08:00-12:00,<\/p>\n<p align=\"left\">pi\u0105tek 08:00-13:00<\/p>\n","protected":false},"excerpt":{"rendered":"<p>Terminy zebra\u0144 i konsultacji z rodzicami w roku szkolnym 2025\/2026 Zebrania:&nbsp; 11 wrze\u015bnia 2025 r.; 17 listopada 2025 r.; 29<\/p>\n","protected":false},"author":4,"featured_media":0,"parent":205,"menu_order":0,"comment_status":"closed","ping_status":"closed","template":"","meta":{"advanced_seo_description":"","jetpack_seo_html_title":"","jetpack_seo_noindex":false,"ngg_post_thumbnail":0,"footnotes":""},"class_list":["post-216","page","type-page","status-publish","hentry"],"jetpack_sharing_enabled":true,"jetpack_shortlink":"https:\/\/wp.me\/PghmmV-3u","jetpack_likes_enabled":true,"jetpack-related-posts":[],"_links":{"self":[{"href":"https:\/\/sp.tuchow.pl\/index.php\/wp-json\/wp\/v2\/pages\/216","targetHints":{"allow":["GET"]}}],"collection":[{"href":"https:\/\/sp.tuchow.pl\/index.php\/wp-json\/wp\/v2\/pages"}],"about":[{"href":"https:\/\/sp.tuchow.pl\/index.php\/wp-json\/wp\/v2\/types\/page"}],"author":[{"embeddable":true,"href":"https:\/\/sp.tuchow.pl\/index.php\/wp-json\/wp\/v2\/users\/4"}],"replies":[{"embeddable":true,"href":"https:\/\/sp.tuchow.pl\/index.php\/wp-json\/wp\/v2\/comments?post=216"}],"version-history":[{"count":54,"href":"https:\/\/sp.tuchow.pl\/index.php\/wp-json\/wp\/v2\/pages\/216\/revisions"}],"predecessor-version":[{"id":12526,"href":"https:\/\/sp.tuchow.pl\/index.php\/wp-json\/wp\/v2\/pages\/216\/revisions\/12526"}],"up":[{"embeddable":true,"href":"https:\/\/sp.tuchow.pl\/index.php\/wp-json\/wp\/v2\/pages\/205"}],"wp:attachment":[{"href":"https:\/\/sp.tuchow.pl\/index.php\/wp-json\/wp\/v2\/media?parent=216"}],"curies":[{"name":"wp","href":"https:\/\/api.w.org\/{rel}","templated":true}]}}

<h3 style="text-align: left;" align="center"><span style="text-decoration: underline;"><span style="color: #000000;"><b>Terminy zebrań i konsultacji z rodzicami w roku szkolnym 2025/2026</b></span></span></h3>
<p align="justify"><b>Zebrania:&nbsp;</b> 11 września 2025 r.; 17 listopada 2025 r.; 29 stycznia 2026 r.; <strong>16 kwietnia 2026 r. (godz. 16:30 klasy I-IV i 17:00 dla klas V-VIII)</strong></p>
<p style="text-align: left;" align="center"><b>Konsultacje (godz.16:30 klasy I &#8211; IV, godz. 17:00 klasy V &#8211; VIII):&nbsp;</b> 16 października 2025 r.; 12 marca 2026 r.; 28 maja 2026 r.</p>
<h3 style="text-align: center;"><b>Dodatkowe dni wolne od zajęć dydaktyczno-wychowawczych </b><span style="color: #000000;"><b>w roku szkolnym 2025/2026</b></span></h3>
<p>Dyrektor Szkoły Podstawowej im. St. Staszica w Tuchowie, po zasięgnięciu opinii rady pedagogicznej, rady rodziców i samorządu uczniowskiego ustala następujące dni wolne od zajęć dydaktyczno &#8211; wychowawczych dla uczniów:</p>
<p>· Dzień 31 października 2025 r. (piątek)· Dzień 10 listopada 2025 r. (poniedziałek)</p>
<p>· Dzień 2,5 stycznia 2026 r. (piątek, poniedziałek)</p>
<p>· Dzień 11 maja 2026 r. (poniedziałek) – egzamin ósmoklasisty ( klasy siódme piszą próbny egzamin)</p>
<p>· Dzień 12 maja 2026 r. (wtorek) – egzamin ósmoklasisty (klasy siódme piszą próbny egzamin)</p>
<p>· Dzień 13 maja 2026 r. (środa) – egzamin ósmoklasisty (klasy siódme piszą próbny egzamin)</p>
<p>· Dzień 3 czerwca 2026 r. (środa), który będzie odpracowany na pikniku szkolnym 23 maja 2026 r.</p>
<p>· Dzień 5 czerwca 2026 r. (piątek)</p>
<p>W tym dniu szkoła ma obowiązek zorganizowania zajęć wychowawczo – opiekuńczych.</p>
<p style="text-align: justify;">Ze względów organizacyjnych, rodzice, których dzieci będą uczestniczyć w zajęciach wychowawczo-opiekuńczych, <strong>zgłaszają na piśmie &#8211; do wychowawcy klasy &#8211; konieczność objęcia opieką dziecka, co najmniej na 3 dni przed ustalonym dniem wolnym.</strong></p>
<h4><span style="text-decoration: underline;"><strong>UBEZPIECZENIE UCZNIÓW</strong></span></h4>
<p><a href="https://sp.tuchow.pl/pobierz/owu.pdf">Ubezpieczenie EDU PLUS Ogólne Warunki Ubezpieczenia</a></p>
<p><a href="https://sp.tuchow.pl/pobierz/rodo_ubezp.pdf">KLAUZULA INFORMACYJNA DOTYCZĄCA PRZETWARZANIA DANYCH OSOBOWYCH</a></p>
<h3><span style="text-decoration: underline;"><b>Świetlica szkolna</b></span></h3>
<p align="justify">Świetlica szkolna działająca w Szkole Podstawowej im. St. Staszica w Tuchowie jest czynna</p>
<p align="justify"><strong>od</strong> <b>poniedziałku do piątku w godzinach <b>6:30 &#8211; 16:00</b></b></p>
<h3><span style="color: #ff6600;">BIBLIOTEKA CZYNNA</span><br />
<span style="color: #339966;">PONIEDZIAŁEK:</span> 7.30 – 14.00<br />
<span style="color: #339966;">WTOREK:</span> 7.30 &#8211; 14.00<br />
<span style="color: #339966;">ŚRODA:</span> 7.30 – 14.00<br />
<span style="color: #339966;">CZWARTEK:</span> 8.00 –14.00<br />
<span style="color: #339966;">PIĄTEK:</span> 7.00 – 13.00</h3>
<h3><span style="text-decoration: underline; color: #000000;"><b>Dowozy uczniów w roku szkolnym 2025/2026</b></span></h3>
<p align="left">Dowóz uczniów odbywa się od poniedziałku do piątku zgodnie z harmonogramem:</p>
<p align="left"><b>Dowozy /codziennie/</b></p>
<p align="left">&#8211; Kielanowice &#8211; godz: 7:20</p>
<p align="left">&#8211; Wołowa &#8211; godz: 07:35</p>
<p align="left"><b>Odwozy /codziennie/</b></p>
<p align="left">Wołowa i Kielanowice &#8211; godz: 14:15</p>
<h3><span style="text-decoration: underline;"><span style="color: #000000;"><b>Harmonogram pracy pedagoga</b></span></span></h3>
<p align="left"><b>Pedagog szkolny:</b> mgr Beata Kielawa</p>
<p align="left">poniedziałek 8.00-12.00,<br />
wtorek 8.00-13.00,<br />
środa 9.00-12.00,<br />
czwartek 8.00-14.00,<br />
piątek 8.00-10.00</p>
<h3><span style="text-decoration: underline;"><span style="color: #000000;"><b>Harmonogram pracy pedagoga specjalnego</b></span></span></h3>
<p align="left"><b>Pedagog szkolny:</b> mgr Dorota Pierz</p>
<p align="left">poniedziałek 9.55-13.25 i 14.10 &#8211; 15.10<br />
wtorek 10.55-13.25,<br />
środa 8.00-10.30,<br />
czwartek 10.55-13.25,<br />
piątek 7.00-10.00</p>
<h3><span style="text-decoration: underline;"><span style="color: #000000;"><b>Harmonogram pracy psychologa szkolnego</b></span></span></h3>
<p align="left"><b>Pedagog szkolny:</b> mgr Katarzyna Serafin</p>
<p align="left">poniedziałek 08:00-13:00,</p>
<p align="left">środa 08:00-12:00,</p>
<p align="left">piątek 08:00-13:00</p>

<p>Terminy zebrań i konsultacji z rodzicami w roku szkolnym 2025/2026 Zebrania:&nbsp; 11 września 2025 r.; 17 listopada 2025 r.; 29</p>
