{"id":212,"date":"2016-03-20T15:55:58","date_gmt":"2016-03-20T14:55:58","guid":{"rendered":"http:\/\/zs.tuchow.pl\/?page_id=212"},"modified":"2026-02-23T15:57:36","modified_gmt":"2026-02-23T14:57:36","slug":"rekrutacja-20172018","status":"publish","type":"page","link":"https:\/\/sp.tuchow.pl\/index.php\/dla-rodzicow\/rekrutacja-20172018\/","title":{"rendered":"Rekrutacja 2026\/2027"},"content":{"rendered":"<h2 style=\"text-align: center;\"><strong>Rekrutacja do klas I Szko\u0142y Podstawowej <\/strong><\/h2>\n<h2 style=\"text-align: center;\"><strong>im. Stanis\u0142awa Staszica w Tuchowie&nbsp;<\/strong><\/h2>\n<h2 style=\"text-align: center;\"><strong>rok szkolny 2026\/2027<\/strong><\/h2>\n<p>&nbsp;<\/p>\n<p style=\"text-align: justify;\">Dyrektor Szko\u0142y Podstawowej im. Stanis\u0142awa Staszica w Tuchowie informuje, \u017ce zapisy do klasy pierwszej przyjmowane b\u0119d\u0105 <strong>od 02 marca 2026 r. do 27 marca 2026 r.<\/strong><\/p>\n<p style=\"text-align: justify;\">Zg\u0142oszenia dla uczni\u00f3w z obwodu szko\u0142y (tj. Tuch\u00f3w, Meszna Opacka)&nbsp; oraz wnioski dla kandydat\u00f3w spoza obwodu nale\u017cy pobra\u0107 w sekretariacie szko\u0142y&nbsp;&nbsp;lub&nbsp;ze&nbsp;strony internetowej i&nbsp;z\u0142o\u017cy\u0107 w sekretariacie szko\u0142y w godzinach od 8<sup>00<\/sup> do 15<sup>00<\/sup>.&nbsp;<\/p>\n<p style=\"text-align: justify;\"><strong><em>Za\u0142\u0105czniki, kt\u00f3re nale\u017cy do\u0142\u0105czy\u0107 do zg\u0142oszenia\/wniosku o przyj\u0119cie:<\/em><\/strong><\/p>\n<ol>\n<li style=\"text-align: justify;\">Zdj\u0119cie biometryczne w formacie JPG lub JPEG w rozmiarze do 5MB i wymiarach minimum 492&#215;633 pikseli przes\u0142a\u0107 na adres <strong>mlegitymacja@sptuchow.tuchow.pl<\/strong> opisanego imieniem<br \/>\ni nazwiskiem ucznia).<\/li>\n<li style=\"text-align: justify;\">Karta zg\u0142oszenia dziecka do \u015bwietlicy, je\u015bli b\u0119dzie korzysta\u0142o.<\/li>\n<li style=\"text-align: justify;\">Karta zg\u0142oszenie dziecka do sto\u0142\u00f3wki szkolnej, je\u015bli b\u0119dzie korzysta\u0142o.<\/li>\n<li style=\"text-align: justify;\"><strong><u>Potwierdzenie woli zapisu dziecka do szko\u0142y nale\u017cy z\u0142o\u017cy\u0107 w terminie<br \/>\nod 08 kwietnia 2026&nbsp; r. do 14 kwietnia 2026 r.<\/u><\/strong><\/li>\n<li style=\"text-align: justify;\">Prosimy nie wpisywa\u0107 uwag dotycz\u0105cych wyboru wychowawcy, takie zg\u0142oszenia\/wnioski b\u0119d\u0105 zwracane.<\/li>\n<li style=\"text-align: justify;\">Prosz\u0119 o przed\u0142o\u017cenie aktu urodzenia dziecka.<\/li>\n<\/ol>\n<p><a href=\"https:\/\/sp.tuchow.pl\/pliki\/rekrutacja\/Regulamin%20rekrutacji.pdf\">Regulamin rekrutacji<\/a><\/p>\n<p><a href=\"https:\/\/sp.tuchow.pl\/pliki\/rekrutacja\/zgl_kan.pdf\">Zg\u0142oszenie kandydata do klasy pierwszej<\/a><\/p>\n<p><a href=\"https:\/\/sp.tuchow.pl\/pliki\/rekrutacja\/wn_o_przy.pdf\">Wniosek o przyj\u0119cie kandydata do kl I<\/a><\/p>\n<p><a href=\"https:\/\/sp.tuchow.pl\/pliki\/rekrutacja\/osw_woli.pdf\">O\u015bwiadczenie woli sk\u0142adane od 08 kwietnia 2026 do 14 kwietnia 2026 r.<\/a><\/p>\n<p><a href=\"https:\/\/sp.tuchow.pl\/pliki\/rekrutacja\/stolowka.pdf\">Karta zg\u0142oszenia dziecka do sto\u0142\u00f3wki szkolnej<\/a><\/p>\n<p><a href=\"https:\/\/sp.tuchow.pl\/pliki\/rekrutacja\/swietlica.pdf\">Karta zg\u0142oszenia dziecka do \u015bwietlicy szkolnej<\/a><\/p>\n<p><a href=\"https:\/\/sp.tuchow.pl\/pliki\/rekrutacja\/rel_ank.pdf\">O\u015aWIADCZENIE RODZIC\u00d3W W SPRAWIE UCZ\u0118SZCZANIA ICH DZIECKA NA LEKCJE RELIGII RZYMSKOKATOLICKIEJ<\/a><\/p>\n<p>&nbsp;<\/p>\n<p>&nbsp;<\/p>\n<p>&nbsp;<\/p>\n","protected":false},"excerpt":{"rendered":"<p>Rekrutacja do klas I Szko\u0142y Podstawowej im. Stanis\u0142awa Staszica w Tuchowie&nbsp; rok szkolny 2026\/2027 &nbsp; Dyrektor Szko\u0142y Podstawowej im. Stanis\u0142awa<\/p>\n","protected":false},"author":4,"featured_media":0,"parent":205,"menu_order":0,"comment_status":"closed","ping_status":"closed","template":"","meta":{"advanced_seo_description":"","jetpack_seo_html_title":"","jetpack_seo_noindex":false,"ngg_post_thumbnail":0,"footnotes":""},"class_list":["post-212","page","type-page","status-publish","hentry"],"jetpack_sharing_enabled":true,"jetpack_shortlink":"https:\/\/wp.me\/PghmmV-3q","jetpack_likes_enabled":true,"jetpack-related-posts":[],"_links":{"self":[{"href":"https:\/\/sp.tuchow.pl\/index.php\/wp-json\/wp\/v2\/pages\/212","targetHints":{"allow":["GET"]}}],"collection":[{"href":"https:\/\/sp.tuchow.pl\/index.php\/wp-json\/wp\/v2\/pages"}],"about":[{"href":"https:\/\/sp.tuchow.pl\/index.php\/wp-json\/wp\/v2\/types\/page"}],"author":[{"embeddable":true,"href":"https:\/\/sp.tuchow.pl\/index.php\/wp-json\/wp\/v2\/users\/4"}],"replies":[{"embeddable":true,"href":"https:\/\/sp.tuchow.pl\/index.php\/wp-json\/wp\/v2\/comments?post=212"}],"version-history":[{"count":32,"href":"https:\/\/sp.tuchow.pl\/index.php\/wp-json\/wp\/v2\/pages\/212\/revisions"}],"predecessor-version":[{"id":12463,"href":"https:\/\/sp.tuchow.pl\/index.php\/wp-json\/wp\/v2\/pages\/212\/revisions\/12463"}],"up":[{"embeddable":true,"href":"https:\/\/sp.tuchow.pl\/index.php\/wp-json\/wp\/v2\/pages\/205"}],"wp:attachment":[{"href":"https:\/\/sp.tuchow.pl\/index.php\/wp-json\/wp\/v2\/media?parent=212"}],"curies":[{"name":"wp","href":"https:\/\/api.w.org\/{rel}","templated":true}]}}

<h2 style="text-align: center;"><strong>Rekrutacja do klas I Szkoły Podstawowej </strong></h2>
<h2 style="text-align: center;"><strong>im. Stanisława Staszica w Tuchowie&nbsp;</strong></h2>
<h2 style="text-align: center;"><strong>rok szkolny 2026/2027</strong></h2>
<p>&nbsp;</p>
<p style="text-align: justify;">Dyrektor Szkoły Podstawowej im. Stanisława Staszica w Tuchowie informuje, że zapisy do klasy pierwszej przyjmowane będą <strong>od 02 marca 2026 r. do 27 marca 2026 r.</strong></p>
<p style="text-align: justify;">Zgłoszenia dla uczniów z obwodu szkoły (tj. Tuchów, Meszna Opacka)&nbsp; oraz wnioski dla kandydatów spoza obwodu należy pobrać w sekretariacie szkoły&nbsp;&nbsp;lub&nbsp;ze&nbsp;strony internetowej i&nbsp;złożyć w sekretariacie szkoły w godzinach od 8<sup>00</sup> do 15<sup>00</sup>.&nbsp;</p>
<p style="text-align: justify;"><strong><em>Załączniki, które należy dołączyć do zgłoszenia/wniosku o przyjęcie:</em></strong></p>
<ol>
<li style="text-align: justify;">Zdjęcie biometryczne w formacie JPG lub JPEG w rozmiarze do 5MB i wymiarach minimum 492&#215;633 pikseli przesłać na adres <strong>mlegitymacja@sptuchow.tuchow.pl</strong> opisanego imieniem<br />
i nazwiskiem ucznia).</li>
<li style="text-align: justify;">Karta zgłoszenia dziecka do świetlicy, jeśli będzie korzystało.</li>
<li style="text-align: justify;">Karta zgłoszenie dziecka do stołówki szkolnej, jeśli będzie korzystało.</li>
<li style="text-align: justify;"><strong><u>Potwierdzenie woli zapisu dziecka do szkoły należy złożyć w terminie<br />
od 08 kwietnia 2026&nbsp; r. do 14 kwietnia 2026 r.</u></strong></li>
<li style="text-align: justify;">Prosimy nie wpisywać uwag dotyczących wyboru wychowawcy, takie zgłoszenia/wnioski będą zwracane.</li>
<li style="text-align: justify;">Proszę o przedłożenie aktu urodzenia dziecka.</li>
</ol>
<p><a href="https://sp.tuchow.pl/pliki/rekrutacja/Regulamin%20rekrutacji.pdf">Regulamin rekrutacji</a></p>
<p><a href="https://sp.tuchow.pl/pliki/rekrutacja/zgl_kan.pdf">Zgłoszenie kandydata do klasy pierwszej</a></p>
<p><a href="https://sp.tuchow.pl/pliki/rekrutacja/wn_o_przy.pdf">Wniosek o przyjęcie kandydata do kl I</a></p>
<p><a href="https://sp.tuchow.pl/pliki/rekrutacja/osw_woli.pdf">Oświadczenie woli składane od 08 kwietnia 2026 do 14 kwietnia 2026 r.</a></p>
<p><a href="https://sp.tuchow.pl/pliki/rekrutacja/stolowka.pdf">Karta zgłoszenia dziecka do stołówki szkolnej</a></p>
<p><a href="https://sp.tuchow.pl/pliki/rekrutacja/swietlica.pdf">Karta zgłoszenia dziecka do świetlicy szkolnej</a></p>
<p><a href="https://sp.tuchow.pl/pliki/rekrutacja/rel_ank.pdf">OŚWIADCZENIE RODZICÓW W SPRAWIE UCZĘSZCZANIA ICH DZIECKA NA LEKCJE RELIGII RZYMSKOKATOLICKIEJ</a></p>
<p>&nbsp;</p>
<p>&nbsp;</p>
<p>&nbsp;</p>

<p>Rekrutacja do klas I Szkoły Podstawowej im. Stanisława Staszica w Tuchowie&nbsp; rok szkolny 2026/2027 &nbsp; Dyrektor Szkoły Podstawowej im. Stanisława</p>
