{"id":11890,"date":"2024-10-03T15:57:24","date_gmt":"2024-10-03T13:57:24","guid":{"rendered":"http:\/\/sp.tuchow.pl\/?page_id=11890"},"modified":"2024-10-03T20:16:00","modified_gmt":"2024-10-03T18:16:00","slug":"projekt-1","status":"publish","type":"page","link":"https:\/\/sp.tuchow.pl\/index.php\/projekt-1\/","title":{"rendered":"Projekt 1"},"content":{"rendered":"<p><img loading=\"lazy\" decoding=\"async\" data-attachment-id=\"10791\" data-permalink=\"https:\/\/sp.tuchow.pl\/index.php\/eco-green-light-for-learning-in-travel\/pl-wspolfinansowane-przez-unie-europejska_pantone\/\" data-orig-file=\"https:\/\/sp.tuchow.pl\/wp-content\/uploads\/2022\/12\/PL-Wsp\u00f3\u0142finansowane-przez-Uni\u0119-Europejsk\u0105_PANTONE.jpg\" data-orig-size=\"5280,891\" data-comments-opened=\"0\" data-image-meta=\"{&quot;aperture&quot;:&quot;0&quot;,&quot;credit&quot;:&quot;&quot;,&quot;camera&quot;:&quot;&quot;,&quot;caption&quot;:&quot;&quot;,&quot;created_timestamp&quot;:&quot;0&quot;,&quot;copyright&quot;:&quot;&quot;,&quot;focal_length&quot;:&quot;0&quot;,&quot;iso&quot;:&quot;0&quot;,&quot;shutter_speed&quot;:&quot;0&quot;,&quot;title&quot;:&quot;&quot;,&quot;orientation&quot;:&quot;0&quot;}\" data-image-title=\"PL Wsp\u00f3\u0142finansowane przez Uni\u0119 Europejsk\u0105_PANTONE\" data-image-description=\"\" data-image-caption=\"\" data-medium-file=\"https:\/\/sp.tuchow.pl\/wp-content\/uploads\/2022\/12\/PL-Wsp\u00f3\u0142finansowane-przez-Uni\u0119-Europejsk\u0105_PANTONE-300x51.jpg\" data-large-file=\"https:\/\/sp.tuchow.pl\/wp-content\/uploads\/2022\/12\/PL-Wsp\u00f3\u0142finansowane-przez-Uni\u0119-Europejsk\u0105_PANTONE-1024x173.jpg\" class=\"wp-image-10791 aligncenter\" src=\"https:\/\/sp.tuchow.pl\/wp-content\/uploads\/2022\/12\/PL-Wsp\u00f3\u0142finansowane-przez-Uni\u0119-Europejsk\u0105_PANTONE.jpg\" alt=\"\" width=\"882\" height=\"149\" srcset=\"https:\/\/sp.tuchow.pl\/wp-content\/uploads\/2022\/12\/PL-Wsp\u00f3\u0142finansowane-przez-Uni\u0119-Europejsk\u0105_PANTONE.jpg 5280w, https:\/\/sp.tuchow.pl\/wp-content\/uploads\/2022\/12\/PL-Wsp\u00f3\u0142finansowane-przez-Uni\u0119-Europejsk\u0105_PANTONE-300x51.jpg 300w, https:\/\/sp.tuchow.pl\/wp-content\/uploads\/2022\/12\/PL-Wsp\u00f3\u0142finansowane-przez-Uni\u0119-Europejsk\u0105_PANTONE-768x130.jpg 768w, https:\/\/sp.tuchow.pl\/wp-content\/uploads\/2022\/12\/PL-Wsp\u00f3\u0142finansowane-przez-Uni\u0119-Europejsk\u0105_PANTONE-1024x173.jpg 1024w\" sizes=\"auto, (max-width: 882px) 100vw, 882px\" \/><\/p>\n<p style=\"text-align: center;\"><span style=\"color: #ff9900;\"><strong>Komisja Europejska oraz Narodowa Agencja Programu Erasmus+ nie ponosz\u0105 odpowiedzialno\u015bci za zawarto\u015b\u0107 merytoryczn\u0105 umieszczon\u0105 w materia\u0142ach na tej stronie.<\/strong><\/span><\/p>\n<div class='pfpItem entry-content'><h2 class='entry-title'><a href='https:\/\/sp.tuchow.pl\/index.php\/2025\/06\/10\/wyjazd-grupy-naszych-uczniow-do-grecji\/'>Wyjazd grupy naszych uczni\u00f3w do Grecji<\/a><\/h2><p style=\"text-align: justify;\"><span style=\"font-weight: 400;\">Uczniowie naszej szko\u0142y odwiedzili partnersk\u0105 szko\u0142\u0119 w greckim mie\u015bcie Chalandrii w terminie 18 &#8211; 24 maja. Na t\u0119 grupow\u0105 mobilno\u015b\u0107 uczni\u00f3w wyjecha\u0142o 12 uczestnik\u00f3w projektu z klas \u00f3smych i 2 opiekun\u00f3w.&nbsp;<\/span><\/p>\n<p style=\"text-align: justify;\"><span style=\"font-weight: 400;\">Podczas wyjazd\u00f3w uczniowie poznawali kultur\u0119 i histori\u0119 partnerskich kraj\u00f3w, zawi\u0105zywali nowe przyja\u017anie...<a href='https:\/\/sp.tuchow.pl\/index.php\/2025\/06\/10\/wyjazd-grupy-naszych-uczniow-do-grecji\/' class='pfpReadMore'>Read More &raquo;<\/a><div class='clear'><\/div><hr><\/div><div class='pfpItem entry-content'><h2 class='entry-title'><a href='https:\/\/sp.tuchow.pl\/index.php\/2025\/06\/10\/z-erasmusem-w-grecji\/'>Z ERASMUSEM W GRECJI<\/a><\/h2><p style=\"text-align: justify;\"><span style=\"font-weight: 400;\">W pierwszym projekcie w ramach Akredytacji Erasmusa, finansowanym przez Uni\u0119 Europejsk\u0105, nasza szko\u0142a wsp\u00f3\u0142pracuje z greck\u0105 szko\u0142\u0105 8\u03bf \u0393\u03c5\u03bc\u03bd\u03ac\u03c3\u03b9\u03bf \u03a7\u03b1\u03bb\u03b1\u03bd\u03b4\u03c1\u03af\u03bf\u03c5 (8th Junior High School in Chalandri) realizuj\u0105c dzia\u0142ania pod has\u0142em: &#8222;SustAInability in our diet? IT works!&#8221; Dope\u0142nieniem kilkumi\u0119si\u0119cznej wsp\u00f3\u0142pracy wirtualnej by\u0142y wyjazdy uczestnik\u00f3w projekty do partnerskich...<a href='https:\/\/sp.tuchow.pl\/index.php\/2025\/06\/10\/z-erasmusem-w-grecji\/' class='pfpReadMore'>Read More &raquo;<\/a><div class='clear'><\/div><hr><\/div><div class='pfpItem entry-content'><h2 class='entry-title'><a href='https:\/\/sp.tuchow.pl\/index.php\/2024\/10\/28\/lista-uczniow-zakwalifikowanych-do-udzialu-w-grupowej-mobilnosci-uczniow-w-projekcie-1-akredytacji-erasmusa\/'>Lista uczni\u00f3w zakwalifikowanych do udzia\u0142u w grupowej mobilno\u015bci uczni\u00f3w w projekcie 1 Akredytacji Erasmusa<\/a><\/h2><p>Oto ostateczna lista uczni\u00f3w zakwalifikowanych do udzia\u0142u w grupowej mobilno\u015bci uczni\u00f3w w projekcie 1 Akredytacji Erasmusa.<\/p>\n<blockquote class=\"wp-embedded-content\" data-secret=\"lrwZAYoLzX\"><p><a href=\"https:\/\/sp.tuchow.pl\/index.php\/rekrutacja-2\/\">Rekrutacja -&gt; Projekt 1<\/a><\/p><\/blockquote>\n<p><iframe loading=\"lazy\" class=\"wp-embedded-content\" sandbox=\"allow-scripts\" security=\"restricted\" style=\"position: absolute; visibility: hidden;\" title=\"&#8222;Rekrutacja -&gt; Projekt 1&#8221; &#8212; Szko\u0142a Podstawowa w Tuchowie\" src=\"https:\/\/sp.tuchow.pl\/index.php\/rekrutacja-2\/embed\/#?secret=mmTEsaQMar#?secret=lrwZAYoLzX\" data-secret=\"lrwZAYoLzX\" width=\"600\" height=\"338\" frameborder=\"0\" marginwidth=\"0\" marginheight=\"0\" scrolling=\"no\"><\/iframe><\/p>\n<p>Gratulujemy i dzi\u0119kujemy bardzo...<a href='https:\/\/sp.tuchow.pl\/index.php\/2024\/10\/28\/lista-uczniow-zakwalifikowanych-do-udzialu-w-grupowej-mobilnosci-uczniow-w-projekcie-1-akredytacji-erasmusa\/' class='pfpReadMore'>Read More &raquo;<\/a><div class='clear'><\/div><hr><\/div><div class='pfpItem entry-content'><h2 class='entry-title'><a href='https:\/\/sp.tuchow.pl\/index.php\/2024\/10\/23\/wyniki-rekrutacji-realizowanych-w-projekcie-1-w-akredytacji-erasmusa-2\/'>Wyniki rekrutacji realizowanych w Projekcie 1 w akredytacji Erasmusa<\/a><\/h2><p style=\"text-align: justify;\">Przedstawiamy dzisiaj list\u0119 uczni\u00f3w zakwalifikowanych do udzia\u0142u w grupowej mobilno\u015bci uczni\u00f3w w projekcie 1 Akredytacji Erasmusa, a tak\u017ce ostateczn\u0105 list\u0119 nauczycieli zakwalifikowanych do udzia\u0142u w kursach i szkoleniach.<\/p>\n<p><strong>Bardzo dzi\u0119kujemy wszystkim kandydatom za udzia\u0142 w rekrutacji.<\/strong><\/p>\n<blockquote class=\"wp-embedded-content\" data-secret=\"lrwZAYoLzX\"><p><a href=\"https:\/\/sp.tuchow.pl\/index.php\/rekrutacja-2\/\">Rekrutacja -&gt; Projekt 1<\/a><\/p><\/blockquote>\n<p><iframe loading=\"lazy\" class=\"wp-embedded-content\" sandbox=\"allow-scripts\" security=\"restricted\" style=\"position: absolute; visibility:...<a href='https:\/\/sp.tuchow.pl\/index.php\/2024\/10\/23\/wyniki-rekrutacji-realizowanych-w-projekcie-1-w-akredytacji-erasmusa-2\/' class='pfpReadMore'>Read More &raquo;<\/a><div class='clear'><\/div><hr><\/div><div class='pfpItem entry-content'><h2 class='entry-title'><a href='https:\/\/sp.tuchow.pl\/index.php\/2024\/10\/16\/wyniki-rekrutacji-realizowanych-w-projekcie-1-w-akredytacji-erasmusa\/'>Wyniki rekrutacji realizowanych w Projekcie 1 w akredytacji Erasmusa<\/a><\/h2><div>Przedstawiamy list\u0119 uczni\u00f3w kandyduj\u0105cych do udzia\u0142u w grupowej mobilno\u015bci uczni\u00f3w w projekcie Erasmus+, kt\u00f3rzy zostali zakwalifikowani do II etapu rekrutacji oraz list\u0119 nauczycieli zakwalifikowanych do udzia\u0142u w kursach i szkoleniach.<\/div>\n<div>&nbsp;<\/div>\n<div><span style=\"color: #ff0000;\"><strong>II ETAP REKRUTACJI DLA UCZNI\u00d3W ODB\u0118DZIE SI\u0118 W PONIEDZIA\u0141EK 21 PA\u0179DZIERNIKA 2024r. O GODZ. 14.15 W SALI 23 W...<a href='https:\/\/sp.tuchow.pl\/index.php\/2024\/10\/16\/wyniki-rekrutacji-realizowanych-w-projekcie-1-w-akredytacji-erasmusa\/' class='pfpReadMore'>Read More &raquo;<\/a><div class='clear'><\/div><hr><\/div><div class='pfpItem entry-content'><h2 class='entry-title'><a href='https:\/\/sp.tuchow.pl\/index.php\/2024\/10\/03\/rekrutacja-uczestnikow-projektu-1-w-akredytacji-erasmusa\/'>Rekrutacja uczestnik\u00f3w Projektu 1 w Akredytacji Erasmusa<\/a><\/h2><img decoding=\"async\" src=\"https:\/\/sp.tuchow.pl\/wp-content\/uploads\/2024\/10\/PL-Wspolfinansowane-przez-Unie-Europejska_POS-150x150.jpg\" \/><p style=\"text-align: justify;\">Rozpoczynamy rekrutacj\u0119 uczestnik\u00f3w Projektu 1 w Akredytacji Erasmusa. Do udzia\u0142u w projekcie zapraszamy uczni\u00f3w klas VIII oraz nauczycieli i pracownik\u00f3w szko\u0142y. Proces ma wy\u0142oni\u0107 grup\u0119 10 uczestnik\u00f3w grupowej mobilno\u015bci uczni\u00f3w oraz 4 uczestnik\u00f3w kursu j\u0119zykowego za granic\u0105 (kurs j\u0119zykowy). Projekt jest wsp\u00f3\u0142finansowany przez Uni\u0119 Europejsk\u0105.<\/p>\n<p style=\"text-align: justify;\">Na stronie...<a href='https:\/\/sp.tuchow.pl\/index.php\/2024\/10\/03\/rekrutacja-uczestnikow-projektu-1-w-akredytacji-erasmusa\/' class='pfpReadMore'>Read More &raquo;<\/a><div class='clear'><\/div><hr><\/div><div class='pfpItem entry-content'><h2 class='entry-title'><a href='https:\/\/sp.tuchow.pl\/index.php\/2024\/10\/01\/nasza-szkola-z-akredytacja-erasmusa\/'>NASZA SZKO\u0141A Z AKREDYTACJ\u0104 ERASMUSA<\/a><\/h2><img loading=\"lazy\" decoding=\"async\" class=\"alignnone size-full\" src=\"http:\/\/scontent-vie1-1.xx.fbcdn.net\/v\/t39.30808-6\/461686039_1061419079321189_7008269184115273033_n.jpg?stp=dst-jpg_p552x414&amp;_nc_cat=108&amp;ccb=1-7&amp;_nc_sid=127cfc&amp;_nc_ohc=ESD1c8dpg3gQ7kNvgFlfwuG&amp;_nc_ht=scontent-vie1-1.xx&amp;_nc_gid=AVNQ_qv-pRj0RLcL2PRJJl5&amp;oh=00_AYAezMEZQTbyUSXqqCPowUXbsbu1p15beugKQD6J-HZx7A&amp;oe=67020435\" width=\"586\" height=\"414\"><div class=\"xdj266r x11i5rnm xat24cr x1mh8g0r x1vvkbs x126k92a\">\n<div dir=\"auto\" style=\"text-align: justify;\">Z rado\u015bci\u0105 informujemy, \u017ce nasza szko\u0142a rozpoczyna w tym roku kolejne dzia\u0142ania w dziedzinie projekt\u00f3w mi\u0119dzynarodowych, tym razem w Akredytacji Erasmusa. Przyznanie Akredytacji Erasmusa gwarantuje mo\u017cliwo\u015b\u0107 realizacji mobilno\u015bci zagranicznych w ramach dzia\u0142a\u0144 maj\u0105cych na celu rozw\u00f3j szko\u0142y. Wniosek o Akredytacj\u0119 z\u0142o\u017cony...<a href='https:\/\/sp.tuchow.pl\/index.php\/2024\/10\/01\/nasza-szkola-z-akredytacja-erasmusa\/' class='pfpReadMore'>Read More &raquo;<\/a><div class='clear'><\/div><hr><\/div>\n<p>&nbsp;<\/p>\n","protected":false},"excerpt":{"rendered":"<p>Komisja Europejska oraz Narodowa Agencja Programu Erasmus+ nie ponosz\u0105 odpowiedzialno\u015bci za zawarto\u015b\u0107 merytoryczn\u0105 umieszczon\u0105 w materia\u0142ach na tej stronie. &nbsp;<\/p>\n","protected":false},"author":4,"featured_media":0,"parent":0,"menu_order":0,"comment_status":"closed","ping_status":"closed","template":"","meta":{"advanced_seo_description":"","jetpack_seo_html_title":"","jetpack_seo_noindex":false,"ngg_post_thumbnail":0,"footnotes":""},"class_list":["post-11890","page","type-page","status-publish","hentry"],"jetpack_sharing_enabled":true,"jetpack_shortlink":"https:\/\/wp.me\/PghmmV-35M","jetpack_likes_enabled":true,"jetpack-related-posts":[],"_links":{"self":[{"href":"https:\/\/sp.tuchow.pl\/index.php\/wp-json\/wp\/v2\/pages\/11890","targetHints":{"allow":["GET"]}}],"collection":[{"href":"https:\/\/sp.tuchow.pl\/index.php\/wp-json\/wp\/v2\/pages"}],"about":[{"href":"https:\/\/sp.tuchow.pl\/index.php\/wp-json\/wp\/v2\/types\/page"}],"author":[{"embeddable":true,"href":"https:\/\/sp.tuchow.pl\/index.php\/wp-json\/wp\/v2\/users\/4"}],"replies":[{"embeddable":true,"href":"https:\/\/sp.tuchow.pl\/index.php\/wp-json\/wp\/v2\/comments?post=11890"}],"version-history":[{"count":2,"href":"https:\/\/sp.tuchow.pl\/index.php\/wp-json\/wp\/v2\/pages\/11890\/revisions"}],"predecessor-version":[{"id":11907,"href":"https:\/\/sp.tuchow.pl\/index.php\/wp-json\/wp\/v2\/pages\/11890\/revisions\/11907"}],"wp:attachment":[{"href":"https:\/\/sp.tuchow.pl\/index.php\/wp-json\/wp\/v2\/media?parent=11890"}],"curies":[{"name":"wp","href":"https:\/\/api.w.org\/{rel}","templated":true}]}}

<p><img loading="lazy" decoding="async" data-attachment-id="10791" data-permalink="https://sp.tuchow.pl/index.php/eco-green-light-for-learning-in-travel/pl-wspolfinansowane-przez-unie-europejska_pantone/" data-orig-file="https://sp.tuchow.pl/wp-content/uploads/2022/12/PL-Współfinansowane-przez-Unię-Europejską_PANTONE.jpg" data-orig-size="5280,891" data-comments-opened="0" data-image-meta="{&quot;aperture&quot;:&quot;0&quot;,&quot;credit&quot;:&quot;&quot;,&quot;camera&quot;:&quot;&quot;,&quot;caption&quot;:&quot;&quot;,&quot;created_timestamp&quot;:&quot;0&quot;,&quot;copyright&quot;:&quot;&quot;,&quot;focal_length&quot;:&quot;0&quot;,&quot;iso&quot;:&quot;0&quot;,&quot;shutter_speed&quot;:&quot;0&quot;,&quot;title&quot;:&quot;&quot;,&quot;orientation&quot;:&quot;0&quot;}" data-image-title="PL Współfinansowane przez Unię Europejską_PANTONE" data-image-description="" data-image-caption="" data-medium-file="https://sp.tuchow.pl/wp-content/uploads/2022/12/PL-Współfinansowane-przez-Unię-Europejską_PANTONE-300x51.jpg" data-large-file="https://sp.tuchow.pl/wp-content/uploads/2022/12/PL-Współfinansowane-przez-Unię-Europejską_PANTONE-1024x173.jpg" class="wp-image-10791 aligncenter" src="https://sp.tuchow.pl/wp-content/uploads/2022/12/PL-Współfinansowane-przez-Unię-Europejską_PANTONE.jpg" alt="" width="882" height="149" srcset="https://sp.tuchow.pl/wp-content/uploads/2022/12/PL-Współfinansowane-przez-Unię-Europejską_PANTONE.jpg 5280w, https://sp.tuchow.pl/wp-content/uploads/2022/12/PL-Współfinansowane-przez-Unię-Europejską_PANTONE-300x51.jpg 300w, https://sp.tuchow.pl/wp-content/uploads/2022/12/PL-Współfinansowane-przez-Unię-Europejską_PANTONE-768x130.jpg 768w, https://sp.tuchow.pl/wp-content/uploads/2022/12/PL-Współfinansowane-przez-Unię-Europejską_PANTONE-1024x173.jpg 1024w" sizes="auto, (max-width: 882px) 100vw, 882px" /></p>
<p style="text-align: center;"><span style="color: #ff9900;"><strong>Komisja Europejska oraz Narodowa Agencja Programu Erasmus+ nie ponoszą odpowiedzialności za zawartość merytoryczną umieszczoną w materiałach na tej stronie.</strong></span></p>
<div class='pfpItem entry-content'><h2 class='entry-title'><a href='https://sp.tuchow.pl/index.php/2025/06/10/wyjazd-grupy-naszych-uczniow-do-grecji/'>Wyjazd grupy naszych uczniów do Grecji</a></h2><p style="text-align: justify;"><span style="font-weight: 400;">Uczniowie naszej szkoły odwiedzili partnerską szkołę w greckim mieście Chalandrii w terminie 18 &#8211; 24 maja. Na tę grupową mobilność uczniów wyjechało 12 uczestników projektu z klas ósmych i 2 opiekunów.&nbsp;</span></p>
<p style="text-align: justify;"><span style="font-weight: 400;">Podczas wyjazdów uczniowie poznawali kulturę i historię partnerskich krajów, zawiązywali nowe przyjaźnie...<a href='https://sp.tuchow.pl/index.php/2025/06/10/wyjazd-grupy-naszych-uczniow-do-grecji/' class='pfpReadMore'>Read More &raquo;</a><div class='clear'></div><hr></div><div class='pfpItem entry-content'><h2 class='entry-title'><a href='https://sp.tuchow.pl/index.php/2025/06/10/z-erasmusem-w-grecji/'>Z ERASMUSEM W GRECJI</a></h2><p style="text-align: justify;"><span style="font-weight: 400;">W pierwszym projekcie w ramach Akredytacji Erasmusa, finansowanym przez Unię Europejską, nasza szkoła współpracuje z grecką szkołą 8ο Γυμνάσιο Χαλανδρίου (8th Junior High School in Chalandri) realizując działania pod hasłem: &#8222;SustAInability in our diet? IT works!&#8221; Dopełnieniem kilkumięsięcznej współpracy wirtualnej były wyjazdy uczestników projekty do partnerskich...<a href='https://sp.tuchow.pl/index.php/2025/06/10/z-erasmusem-w-grecji/' class='pfpReadMore'>Read More &raquo;</a><div class='clear'></div><hr></div><div class='pfpItem entry-content'><h2 class='entry-title'><a href='https://sp.tuchow.pl/index.php/2024/10/28/lista-uczniow-zakwalifikowanych-do-udzialu-w-grupowej-mobilnosci-uczniow-w-projekcie-1-akredytacji-erasmusa/'>Lista uczniów zakwalifikowanych do udziału w grupowej mobilności uczniów w projekcie 1 Akredytacji Erasmusa</a></h2><p>Oto ostateczna lista uczniów zakwalifikowanych do udziału w grupowej mobilności uczniów w projekcie 1 Akredytacji Erasmusa.</p>
<blockquote class="wp-embedded-content" data-secret="lrwZAYoLzX"><p><a href="https://sp.tuchow.pl/index.php/rekrutacja-2/">Rekrutacja -&gt; Projekt 1</a></p></blockquote>
<p><iframe loading="lazy" class="wp-embedded-content" sandbox="allow-scripts" security="restricted" style="position: absolute; visibility: hidden;" title="&#8222;Rekrutacja -&gt; Projekt 1&#8221; &#8212; Szkoła Podstawowa w Tuchowie" src="https://sp.tuchow.pl/index.php/rekrutacja-2/embed/#?secret=mmTEsaQMar#?secret=lrwZAYoLzX" data-secret="lrwZAYoLzX" width="600" height="338" frameborder="0" marginwidth="0" marginheight="0" scrolling="no"></iframe></p>
<p>Gratulujemy i dziękujemy bardzo...<a href='https://sp.tuchow.pl/index.php/2024/10/28/lista-uczniow-zakwalifikowanych-do-udzialu-w-grupowej-mobilnosci-uczniow-w-projekcie-1-akredytacji-erasmusa/' class='pfpReadMore'>Read More &raquo;</a><div class='clear'></div><hr></div><div class='pfpItem entry-content'><h2 class='entry-title'><a href='https://sp.tuchow.pl/index.php/2024/10/23/wyniki-rekrutacji-realizowanych-w-projekcie-1-w-akredytacji-erasmusa-2/'>Wyniki rekrutacji realizowanych w Projekcie 1 w akredytacji Erasmusa</a></h2><p style="text-align: justify;">Przedstawiamy dzisiaj listę uczniów zakwalifikowanych do udziału w grupowej mobilności uczniów w projekcie 1 Akredytacji Erasmusa, a także ostateczną listę nauczycieli zakwalifikowanych do udziału w kursach i szkoleniach.</p>
<p><strong>Bardzo dziękujemy wszystkim kandydatom za udział w rekrutacji.</strong></p>
<blockquote class="wp-embedded-content" data-secret="lrwZAYoLzX"><p><a href="https://sp.tuchow.pl/index.php/rekrutacja-2/">Rekrutacja -&gt; Projekt 1</a></p></blockquote>
<p><iframe loading="lazy" class="wp-embedded-content" sandbox="allow-scripts" security="restricted" style="position: absolute; visibility:...<a href='https://sp.tuchow.pl/index.php/2024/10/23/wyniki-rekrutacji-realizowanych-w-projekcie-1-w-akredytacji-erasmusa-2/' class='pfpReadMore'>Read More &raquo;</a><div class='clear'></div><hr></div><div class='pfpItem entry-content'><h2 class='entry-title'><a href='https://sp.tuchow.pl/index.php/2024/10/16/wyniki-rekrutacji-realizowanych-w-projekcie-1-w-akredytacji-erasmusa/'>Wyniki rekrutacji realizowanych w Projekcie 1 w akredytacji Erasmusa</a></h2><div>Przedstawiamy listę uczniów kandydujących do udziału w grupowej mobilności uczniów w projekcie Erasmus+, którzy zostali zakwalifikowani do II etapu rekrutacji oraz listę nauczycieli zakwalifikowanych do udziału w kursach i szkoleniach.</div>
<div>&nbsp;</div>
<div><span style="color: #ff0000;"><strong>II ETAP REKRUTACJI DLA UCZNIÓW ODBĘDZIE SIĘ W PONIEDZIAŁEK 21 PAŹDZIERNIKA 2024r. O GODZ. 14.15 W SALI 23 W...<a href='https://sp.tuchow.pl/index.php/2024/10/16/wyniki-rekrutacji-realizowanych-w-projekcie-1-w-akredytacji-erasmusa/' class='pfpReadMore'>Read More &raquo;</a><div class='clear'></div><hr></div><div class='pfpItem entry-content'><h2 class='entry-title'><a href='https://sp.tuchow.pl/index.php/2024/10/03/rekrutacja-uczestnikow-projektu-1-w-akredytacji-erasmusa/'>Rekrutacja uczestników Projektu 1 w Akredytacji Erasmusa</a></h2><img decoding="async" src="https://sp.tuchow.pl/wp-content/uploads/2024/10/PL-Wspolfinansowane-przez-Unie-Europejska_POS-150x150.jpg" /><p style="text-align: justify;">Rozpoczynamy rekrutację uczestników Projektu 1 w Akredytacji Erasmusa. Do udziału w projekcie zapraszamy uczniów klas VIII oraz nauczycieli i pracowników szkoły. Proces ma wyłonić grupę 10 uczestników grupowej mobilności uczniów oraz 4 uczestników kursu językowego za granicą (kurs językowy). Projekt jest współfinansowany przez Unię Europejską.</p>
<p style="text-align: justify;">Na stronie...<a href='https://sp.tuchow.pl/index.php/2024/10/03/rekrutacja-uczestnikow-projektu-1-w-akredytacji-erasmusa/' class='pfpReadMore'>Read More &raquo;</a><div class='clear'></div><hr></div><div class='pfpItem entry-content'><h2 class='entry-title'><a href='https://sp.tuchow.pl/index.php/2024/10/01/nasza-szkola-z-akredytacja-erasmusa/'>NASZA SZKOŁA Z AKREDYTACJĄ ERASMUSA</a></h2><img loading="lazy" decoding="async" class="alignnone size-full" src="http://scontent-vie1-1.xx.fbcdn.net/v/t39.30808-6/461686039_1061419079321189_7008269184115273033_n.jpg?stp=dst-jpg_p552x414&amp;_nc_cat=108&amp;ccb=1-7&amp;_nc_sid=127cfc&amp;_nc_ohc=ESD1c8dpg3gQ7kNvgFlfwuG&amp;_nc_ht=scontent-vie1-1.xx&amp;_nc_gid=AVNQ_qv-pRj0RLcL2PRJJl5&amp;oh=00_AYAezMEZQTbyUSXqqCPowUXbsbu1p15beugKQD6J-HZx7A&amp;oe=67020435" width="586" height="414"><div class="xdj266r x11i5rnm xat24cr x1mh8g0r x1vvkbs x126k92a">
<div dir="auto" style="text-align: justify;">Z radością informujemy, że nasza szkoła rozpoczyna w tym roku kolejne działania w dziedzinie projektów międzynarodowych, tym razem w Akredytacji Erasmusa. Przyznanie Akredytacji Erasmusa gwarantuje możliwość realizacji mobilności zagranicznych w ramach działań mających na celu rozwój szkoły. Wniosek o Akredytację złożony...<a href='https://sp.tuchow.pl/index.php/2024/10/01/nasza-szkola-z-akredytacja-erasmusa/' class='pfpReadMore'>Read More &raquo;</a><div class='clear'></div><hr></div>
<p>&nbsp;</p>

<p>Komisja Europejska oraz Narodowa Agencja Programu Erasmus+ nie ponoszą odpowiedzialności za zawartość merytoryczną umieszczoną w materiałach na tej stronie. &nbsp;</p>
