{"id":10805,"date":"2022-12-30T17:51:51","date_gmt":"2022-12-30T16:51:51","guid":{"rendered":"http:\/\/sp.tuchow.pl\/?page_id=10805"},"modified":"2022-12-30T17:56:49","modified_gmt":"2022-12-30T16:56:49","slug":"o-projekcie-2","status":"publish","type":"page","link":"https:\/\/sp.tuchow.pl\/index.php\/o-projekcie-2\/","title":{"rendered":"O projekcie"},"content":{"rendered":"<p><img loading=\"lazy\" decoding=\"async\" data-attachment-id=\"10791\" data-permalink=\"https:\/\/sp.tuchow.pl\/index.php\/eco-green-light-for-learning-in-travel\/pl-wspolfinansowane-przez-unie-europejska_pantone\/\" data-orig-file=\"https:\/\/sp.tuchow.pl\/wp-content\/uploads\/2022\/12\/PL-Wsp\u00f3\u0142finansowane-przez-Uni\u0119-Europejsk\u0105_PANTONE.jpg\" data-orig-size=\"5280,891\" data-comments-opened=\"0\" data-image-meta=\"{&quot;aperture&quot;:&quot;0&quot;,&quot;credit&quot;:&quot;&quot;,&quot;camera&quot;:&quot;&quot;,&quot;caption&quot;:&quot;&quot;,&quot;created_timestamp&quot;:&quot;0&quot;,&quot;copyright&quot;:&quot;&quot;,&quot;focal_length&quot;:&quot;0&quot;,&quot;iso&quot;:&quot;0&quot;,&quot;shutter_speed&quot;:&quot;0&quot;,&quot;title&quot;:&quot;&quot;,&quot;orientation&quot;:&quot;0&quot;}\" data-image-title=\"PL Wsp\u00f3\u0142finansowane przez Uni\u0119 Europejsk\u0105_PANTONE\" data-image-description=\"\" data-image-caption=\"\" data-medium-file=\"https:\/\/sp.tuchow.pl\/wp-content\/uploads\/2022\/12\/PL-Wsp\u00f3\u0142finansowane-przez-Uni\u0119-Europejsk\u0105_PANTONE-300x51.jpg\" data-large-file=\"https:\/\/sp.tuchow.pl\/wp-content\/uploads\/2022\/12\/PL-Wsp\u00f3\u0142finansowane-przez-Uni\u0119-Europejsk\u0105_PANTONE-1024x173.jpg\" class=\"wp-image-10791 aligncenter\" src=\"https:\/\/sp.tuchow.pl\/wp-content\/uploads\/2022\/12\/PL-Wsp\u00f3\u0142finansowane-przez-Uni\u0119-Europejsk\u0105_PANTONE.jpg\" alt=\"\" width=\"1101\" height=\"186\" srcset=\"https:\/\/sp.tuchow.pl\/wp-content\/uploads\/2022\/12\/PL-Wsp\u00f3\u0142finansowane-przez-Uni\u0119-Europejsk\u0105_PANTONE.jpg 5280w, https:\/\/sp.tuchow.pl\/wp-content\/uploads\/2022\/12\/PL-Wsp\u00f3\u0142finansowane-przez-Uni\u0119-Europejsk\u0105_PANTONE-300x51.jpg 300w, https:\/\/sp.tuchow.pl\/wp-content\/uploads\/2022\/12\/PL-Wsp\u00f3\u0142finansowane-przez-Uni\u0119-Europejsk\u0105_PANTONE-768x130.jpg 768w, https:\/\/sp.tuchow.pl\/wp-content\/uploads\/2022\/12\/PL-Wsp\u00f3\u0142finansowane-przez-Uni\u0119-Europejsk\u0105_PANTONE-1024x173.jpg 1024w\" sizes=\"auto, (max-width: 1101px) 100vw, 1101px\" \/><\/p>\n<p><b>INFORMACJE O PROJEKCIE<\/b><\/p>\n<p><span style=\"font-weight: 400;\">Tytu\u0142 projektu: <strong>Eco-green light for learning in travel (Zielone \u015bwiat\u0142o dla uczenia w podr\u00f3\u017cy)<\/strong><\/span><\/p>\n<p><span style=\"font-weight: 400;\">Numer projektu: <strong>2022-1-PL01-KA122-SCH-000071665<\/strong><\/span><\/p>\n<p><span style=\"font-weight: 400;\">Okres realizacji: <strong>31 grudnia 2022r. &#8211; 29 czerwca 2024r.&nbsp;<\/strong><\/span><\/p>\n<p><span style=\"font-weight: 400;\">Kwota dofinansowania: <strong>36 600 euro<\/strong><\/span><\/p>\n<p>&nbsp;<\/p>\n<p><strong>Cele:&nbsp;&nbsp;<\/strong><\/p>\n<p><span style=\"font-weight: 400;\">*Podniesienie kompetencji j\u0119zykowych z j\u0119zyka angielskiego uczni\u00f3w i nauczycieli *Doskonalenie kadry i uczni\u00f3w w zakresie wykorzystania technologii informacyjno-komputerowych<\/span><\/p>\n<p><span style=\"font-weight: 400;\">*Kszta\u0142towanie postaw proekologicznych w\u015br\u00f3d uczni\u00f3w naszej szko\u0142y<\/span><\/p>\n<p><span style=\"font-weight: 400;\">*Rozw\u00f3j zawodowy i osobisty nauczycieli i pracownik\u00f3w szko\u0142y<\/span><\/p>\n<p>&nbsp;<\/p>\n<p><strong>Grupa docelowa:&nbsp;<\/strong><\/p>\n<p><span style=\"font-weight: 400;\">W odniesieniu do grupowej mobilno\u015bci uczni\u00f3w: uczniowie obecnych klas IV i V<\/span><\/p>\n<p><span style=\"font-weight: 400;\">W mobilno\u015bci, po procesie rekrutacji we\u017amie, udzia\u0142 18 uczni\u00f3w<\/span><\/p>\n<p><span style=\"font-weight: 400;\">Harmonogram dzia\u0142a\u0144:<\/span><\/p>\n<ul>\n<li style=\"font-weight: 400;\" aria-level=\"1\"><span style=\"font-weight: 400;\">2023 (ca\u0142y rok) wsp\u00f3\u0142praca z zagranicznymi r\u00f3wie\u015bnikami na platformie wirtualnej<\/span><\/li>\n<li style=\"font-weight: 400;\" aria-level=\"1\"><span style=\"font-weight: 400;\">I po\u0142owa 2024 r. rekrutacja do mobilno\u015bci i mobilno\u015b\u0107 do Hiszpanii, S\u0142owacji i Rumunii.<\/span><\/li>\n<\/ul>\n<p>&nbsp;<\/p>\n<p><span style=\"font-weight: 400;\">W odniesieniu do kurs\u00f3w i szkole\u0144 &#8211; 9 nauczycieli i pracownik\u00f3w szko\u0142y.<\/span><\/p>\n<p><span style=\"font-weight: 400;\">Harmonogram dzia\u0142a\u0144:<\/span><\/p>\n<ul>\n<li style=\"font-weight: 400;\" aria-level=\"1\"><span style=\"font-weight: 400;\">realizacja kurs\u00f3w &#8211; 2023 r.<\/span><\/li>\n<\/ul>\n","protected":false},"excerpt":{"rendered":"<p>INFORMACJE O PROJEKCIE Tytu\u0142 projektu: Eco-green light for learning in travel (Zielone \u015bwiat\u0142o dla uczenia w podr\u00f3\u017cy) Numer projektu: 2022-1-PL01-KA122-SCH-000071665<\/p>\n","protected":false},"author":4,"featured_media":0,"parent":0,"menu_order":0,"comment_status":"closed","ping_status":"closed","template":"","meta":{"advanced_seo_description":"","jetpack_seo_html_title":"","jetpack_seo_noindex":false,"ngg_post_thumbnail":0,"footnotes":""},"class_list":["post-10805","page","type-page","status-publish","hentry"],"jetpack_sharing_enabled":true,"jetpack_shortlink":"https:\/\/wp.me\/PghmmV-2Oh","jetpack_likes_enabled":true,"jetpack-related-posts":[],"_links":{"self":[{"href":"https:\/\/sp.tuchow.pl\/index.php\/wp-json\/wp\/v2\/pages\/10805","targetHints":{"allow":["GET"]}}],"collection":[{"href":"https:\/\/sp.tuchow.pl\/index.php\/wp-json\/wp\/v2\/pages"}],"about":[{"href":"https:\/\/sp.tuchow.pl\/index.php\/wp-json\/wp\/v2\/types\/page"}],"author":[{"embeddable":true,"href":"https:\/\/sp.tuchow.pl\/index.php\/wp-json\/wp\/v2\/users\/4"}],"replies":[{"embeddable":true,"href":"https:\/\/sp.tuchow.pl\/index.php\/wp-json\/wp\/v2\/comments?post=10805"}],"version-history":[{"count":3,"href":"https:\/\/sp.tuchow.pl\/index.php\/wp-json\/wp\/v2\/pages\/10805\/revisions"}],"predecessor-version":[{"id":10810,"href":"https:\/\/sp.tuchow.pl\/index.php\/wp-json\/wp\/v2\/pages\/10805\/revisions\/10810"}],"wp:attachment":[{"href":"https:\/\/sp.tuchow.pl\/index.php\/wp-json\/wp\/v2\/media?parent=10805"}],"curies":[{"name":"wp","href":"https:\/\/api.w.org\/{rel}","templated":true}]}}