{"id":10797,"date":"2022-12-30T17:07:59","date_gmt":"2022-12-30T16:07:59","guid":{"rendered":"http:\/\/sp.tuchow.pl\/?page_id=10797"},"modified":"2022-12-30T17:57:39","modified_gmt":"2022-12-30T16:57:39","slug":"partnerzy-3","status":"publish","type":"page","link":"https:\/\/sp.tuchow.pl\/index.php\/partnerzy-3\/","title":{"rendered":"Partnerzy"},"content":{"rendered":"<p><img loading=\"lazy\" decoding=\"async\" data-attachment-id=\"10791\" data-permalink=\"https:\/\/sp.tuchow.pl\/index.php\/eco-green-light-for-learning-in-travel\/pl-wspolfinansowane-przez-unie-europejska_pantone\/\" data-orig-file=\"https:\/\/sp.tuchow.pl\/wp-content\/uploads\/2022\/12\/PL-Wsp\u00f3\u0142finansowane-przez-Uni\u0119-Europejsk\u0105_PANTONE.jpg\" data-orig-size=\"5280,891\" data-comments-opened=\"0\" data-image-meta=\"{&quot;aperture&quot;:&quot;0&quot;,&quot;credit&quot;:&quot;&quot;,&quot;camera&quot;:&quot;&quot;,&quot;caption&quot;:&quot;&quot;,&quot;created_timestamp&quot;:&quot;0&quot;,&quot;copyright&quot;:&quot;&quot;,&quot;focal_length&quot;:&quot;0&quot;,&quot;iso&quot;:&quot;0&quot;,&quot;shutter_speed&quot;:&quot;0&quot;,&quot;title&quot;:&quot;&quot;,&quot;orientation&quot;:&quot;0&quot;}\" data-image-title=\"PL Wsp\u00f3\u0142finansowane przez Uni\u0119 Europejsk\u0105_PANTONE\" data-image-description=\"\" data-image-caption=\"\" data-medium-file=\"https:\/\/sp.tuchow.pl\/wp-content\/uploads\/2022\/12\/PL-Wsp\u00f3\u0142finansowane-przez-Uni\u0119-Europejsk\u0105_PANTONE-300x51.jpg\" data-large-file=\"https:\/\/sp.tuchow.pl\/wp-content\/uploads\/2022\/12\/PL-Wsp\u00f3\u0142finansowane-przez-Uni\u0119-Europejsk\u0105_PANTONE-1024x173.jpg\" class=\"wp-image-10791 aligncenter\" src=\"https:\/\/sp.tuchow.pl\/wp-content\/uploads\/2022\/12\/PL-Wsp\u00f3\u0142finansowane-przez-Uni\u0119-Europejsk\u0105_PANTONE.jpg\" alt=\"\" width=\"1172\" height=\"198\" srcset=\"https:\/\/sp.tuchow.pl\/wp-content\/uploads\/2022\/12\/PL-Wsp\u00f3\u0142finansowane-przez-Uni\u0119-Europejsk\u0105_PANTONE.jpg 5280w, https:\/\/sp.tuchow.pl\/wp-content\/uploads\/2022\/12\/PL-Wsp\u00f3\u0142finansowane-przez-Uni\u0119-Europejsk\u0105_PANTONE-300x51.jpg 300w, https:\/\/sp.tuchow.pl\/wp-content\/uploads\/2022\/12\/PL-Wsp\u00f3\u0142finansowane-przez-Uni\u0119-Europejsk\u0105_PANTONE-768x130.jpg 768w, https:\/\/sp.tuchow.pl\/wp-content\/uploads\/2022\/12\/PL-Wsp\u00f3\u0142finansowane-przez-Uni\u0119-Europejsk\u0105_PANTONE-1024x173.jpg 1024w\" sizes=\"auto, (max-width: 1172px) 100vw, 1172px\" \/><\/p>\n<p><img loading=\"lazy\" decoding=\"async\" data-attachment-id=\"10802\" data-permalink=\"https:\/\/sp.tuchow.pl\/index.php\/partnerzy-3\/partnerzy-4\/\" data-orig-file=\"https:\/\/sp.tuchow.pl\/wp-content\/uploads\/2022\/12\/Partnerzy.jpg\" data-orig-size=\"896,964\" data-comments-opened=\"0\" data-image-meta=\"{&quot;aperture&quot;:&quot;0&quot;,&quot;credit&quot;:&quot;&quot;,&quot;camera&quot;:&quot;&quot;,&quot;caption&quot;:&quot;&quot;,&quot;created_timestamp&quot;:&quot;0&quot;,&quot;copyright&quot;:&quot;&quot;,&quot;focal_length&quot;:&quot;0&quot;,&quot;iso&quot;:&quot;0&quot;,&quot;shutter_speed&quot;:&quot;0&quot;,&quot;title&quot;:&quot;&quot;,&quot;orientation&quot;:&quot;0&quot;}\" data-image-title=\"Partnerzy\" data-image-description=\"\" data-image-caption=\"\" data-medium-file=\"https:\/\/sp.tuchow.pl\/wp-content\/uploads\/2022\/12\/Partnerzy-279x300.jpg\" data-large-file=\"https:\/\/sp.tuchow.pl\/wp-content\/uploads\/2022\/12\/Partnerzy.jpg\" class=\"size-full wp-image-10802 aligncenter\" src=\"https:\/\/sp.tuchow.pl\/wp-content\/uploads\/2022\/12\/Partnerzy.jpg\" alt=\"\" width=\"896\" height=\"964\" srcset=\"https:\/\/sp.tuchow.pl\/wp-content\/uploads\/2022\/12\/Partnerzy.jpg 896w, https:\/\/sp.tuchow.pl\/wp-content\/uploads\/2022\/12\/Partnerzy-279x300.jpg 279w, https:\/\/sp.tuchow.pl\/wp-content\/uploads\/2022\/12\/Partnerzy-768x826.jpg 768w\" sizes=\"auto, (max-width: 896px) 100vw, 896px\" \/><\/p>\n","protected":false},"excerpt":{"rendered":"","protected":false},"author":4,"featured_media":0,"parent":0,"menu_order":0,"comment_status":"closed","ping_status":"closed","template":"","meta":{"advanced_seo_description":"","jetpack_seo_html_title":"","jetpack_seo_noindex":false,"ngg_post_thumbnail":0,"footnotes":""},"class_list":["post-10797","page","type-page","status-publish","hentry"],"jetpack_sharing_enabled":true,"jetpack_shortlink":"https:\/\/wp.me\/PghmmV-2O9","jetpack_likes_enabled":true,"jetpack-related-posts":[],"_links":{"self":[{"href":"https:\/\/sp.tuchow.pl\/index.php\/wp-json\/wp\/v2\/pages\/10797","targetHints":{"allow":["GET"]}}],"collection":[{"href":"https:\/\/sp.tuchow.pl\/index.php\/wp-json\/wp\/v2\/pages"}],"about":[{"href":"https:\/\/sp.tuchow.pl\/index.php\/wp-json\/wp\/v2\/types\/page"}],"author":[{"embeddable":true,"href":"https:\/\/sp.tuchow.pl\/index.php\/wp-json\/wp\/v2\/users\/4"}],"replies":[{"embeddable":true,"href":"https:\/\/sp.tuchow.pl\/index.php\/wp-json\/wp\/v2\/comments?post=10797"}],"version-history":[{"count":5,"href":"https:\/\/sp.tuchow.pl\/index.php\/wp-json\/wp\/v2\/pages\/10797\/revisions"}],"predecessor-version":[{"id":10811,"href":"https:\/\/sp.tuchow.pl\/index.php\/wp-json\/wp\/v2\/pages\/10797\/revisions\/10811"}],"wp:attachment":[{"href":"https:\/\/sp.tuchow.pl\/index.php\/wp-json\/wp\/v2\/media?parent=10797"}],"curies":[{"name":"wp","href":"https:\/\/api.w.org\/{rel}","templated":true}]}}