{"id":10786,"date":"2022-12-30T14:53:09","date_gmt":"2022-12-30T13:53:09","guid":{"rendered":"http:\/\/sp.tuchow.pl\/?page_id=10786"},"modified":"2023-04-25T21:06:30","modified_gmt":"2023-04-25T19:06:30","slug":"primary-school-musical","status":"publish","type":"page","link":"https:\/\/sp.tuchow.pl\/index.php\/primary-school-musical\/","title":{"rendered":"&#8222;Primary School Musical&#8221;"},"content":{"rendered":"<div class='pfpItem entry-content'><h2 class='entry-title'><a href='https:\/\/sp.tuchow.pl\/index.php\/2023\/06\/06\/muzycznych-podrozy-w-projekcie-erasmus-ciag-dalszy-tym-razem-w-hiszpanii\/'>MUZYCZNYCH\u00a0 PODR\u00d3\u017bY W PROJEKCIE ERASMUS+ CI\u0104G DALSZY - TYM RAZEM W HISZPANII<\/a><\/h2><p><span style=\"font-weight: 300;\">Grupa 5 uczni\u00f3w i 2 opiekun\u00f3w wr\u00f3ci\u0142a niedawno z ostatniego wyjazdu w projekcie Erasmus+ \u201cPrimary School Musical\u201d. Tym razem uczestnik\u00f3w projektu go\u015bci\u0142 hiszpa\u0144ski region Katalonia, a dok\u0142adnie ma\u0142e miasto Sant Marti Sarroca. Tamtejsza szko\u0142a podstawowa Escola Jaume Balmes jest jednym z trzech partner\u00f3w tego projektu. Opr\u00f3cz naszej reprezentacji,...<a href='https:\/\/sp.tuchow.pl\/index.php\/2023\/06\/06\/muzycznych-podrozy-w-projekcie-erasmus-ciag-dalszy-tym-razem-w-hiszpanii\/' class='pfpReadMore'>Read More &raquo;<\/a><div class='clear'><\/div><hr><\/div><div class='pfpItem entry-content'><h2 class='entry-title'><a href='https:\/\/sp.tuchow.pl\/index.php\/2023\/05\/28\/goscie-goscie\/'>Go\u015bcie, go\u015bcie\u2026<\/a><\/h2><img loading=\"lazy\" decoding=\"async\" class=\"aligncenter size-full\" src=\"http:\/\/scontent-vie1-1.xx.fbcdn.net\/v\/t39.30808-6\/349127155_3382601825389891_6575302625794706580_n.jpg?stp=cp6_dst-jpg&amp;_nc_cat=108&amp;ccb=1-7&amp;_nc_sid=730e14&amp;_nc_ohc=LZXh7dhI6AYAX_YufL-&amp;_nc_ht=scontent-vie1-1.xx&amp;oh=00_AfDfrpc1TxgHgTLvWpqDR4Atuux78Nef-Eji0dmxFHVo6A&amp;oe=6478EC43\" width=\"2048\" height=\"1536\"><p style=\"text-align: justify;\">W dniach 14 \u2013 20 maja br. W naszej szkole mo\u017cna by\u0142o cz\u0119\u015bciej us\u0142ysze\u0107 j\u0119zykhiszpa\u0144ski i portugalski.<\/p>\n<p style=\"text-align: justify;\">&nbsp;Wszystko to w zwi\u0105zku z wizyt\u0105 grup uczni\u00f3w i opiekun\u00f3w ze szk\u00f3\u0142 partnerskich w projekcie Erasmus+ \u201ePrimary School Musical\u201d. Nasza szko\u0142a jest w tym projekcie instytucj\u0105 przyjmuj\u0105c\u0105, ale w odpowiedzi...<a href='https:\/\/sp.tuchow.pl\/index.php\/2023\/05\/28\/goscie-goscie\/' class='pfpReadMore'>Read More &raquo;<\/a><div class='clear'><\/div><hr><\/div><div class='pfpItem entry-content'><h2 class='entry-title'><a href='https:\/\/sp.tuchow.pl\/index.php\/2023\/04\/25\/muzyczna-podroz-do-portugalii\/'>MUZYCZNA PODR\u00d3\u017b DO PORTUGALII<\/a><\/h2><img loading=\"lazy\" decoding=\"async\" class=\"aligncenter size-full\" src=\"http:\/\/scontent-vie1-1.xx.fbcdn.net\/v\/t39.30808-6\/343044214_782685396718898_8080792727360836179_n.jpg?_nc_cat=104&amp;ccb=1-7&amp;_nc_sid=730e14&amp;_nc_ohc=4w2SQ8-IppEAX8VlUeK&amp;_nc_ht=scontent-vie1-1.xx&amp;oh=00_AfAnHkSx5LFYs96ZCIK7nO73Pqx_NLuJXnSpn4qi4uYypA&amp;oe=644DA533\" width=\"3051\" height=\"1374\"><p><span style=\"font-weight: 300;\">Od 16 do 20 kwietnia grupa 5 uczni\u00f3w z klasy 6a wraz z 2 opiekunami uczestniczy\u0142a w wyje\u017adzie do Portugalii do szko\u0142y EB1 Igreja Cristelo &#8211; Agrupamento de Escolas de Barcelos w Portugalii w ramach wsp\u00f3\u0142pracy mi\u0119dzynarodowej w projekcie Erasmus+ \u201cPrimary School Musical\u201d. Inicjatorem projektu jest hiszpa\u0144ska szko\u0142a...<a href='https:\/\/sp.tuchow.pl\/index.php\/2023\/04\/25\/muzyczna-podroz-do-portugalii\/' class='pfpReadMore'>Read More &raquo;<\/a><div class='clear'><\/div><hr><\/div>\n","protected":false},"excerpt":{"rendered":"","protected":false},"author":4,"featured_media":0,"parent":0,"menu_order":0,"comment_status":"closed","ping_status":"closed","template":"","meta":{"advanced_seo_description":"","jetpack_seo_html_title":"","jetpack_seo_noindex":false,"ngg_post_thumbnail":0,"footnotes":""},"class_list":["post-10786","page","type-page","status-publish","hentry"],"jetpack_sharing_enabled":true,"jetpack_shortlink":"https:\/\/wp.me\/PghmmV-2NY","jetpack_likes_enabled":true,"jetpack-related-posts":[],"_links":{"self":[{"href":"https:\/\/sp.tuchow.pl\/index.php\/wp-json\/wp\/v2\/pages\/10786","targetHints":{"allow":["GET"]}}],"collection":[{"href":"https:\/\/sp.tuchow.pl\/index.php\/wp-json\/wp\/v2\/pages"}],"about":[{"href":"https:\/\/sp.tuchow.pl\/index.php\/wp-json\/wp\/v2\/types\/page"}],"author":[{"embeddable":true,"href":"https:\/\/sp.tuchow.pl\/index.php\/wp-json\/wp\/v2\/users\/4"}],"replies":[{"embeddable":true,"href":"https:\/\/sp.tuchow.pl\/index.php\/wp-json\/wp\/v2\/comments?post=10786"}],"version-history":[{"count":4,"href":"https:\/\/sp.tuchow.pl\/index.php\/wp-json\/wp\/v2\/pages\/10786\/revisions"}],"predecessor-version":[{"id":11010,"href":"https:\/\/sp.tuchow.pl\/index.php\/wp-json\/wp\/v2\/pages\/10786\/revisions\/11010"}],"wp:attachment":[{"href":"https:\/\/sp.tuchow.pl\/index.php\/wp-json\/wp\/v2\/media?parent=10786"}],"curies":[{"name":"wp","href":"https:\/\/api.w.org\/{rel}","templated":true}]}}

<div class='pfpItem entry-content'><h2 class='entry-title'><a href='https://sp.tuchow.pl/index.php/2023/06/06/muzycznych-podrozy-w-projekcie-erasmus-ciag-dalszy-tym-razem-w-hiszpanii/'>MUZYCZNYCH  PODRÓŻY W PROJEKCIE ERASMUS+ CIĄG DALSZY - TYM RAZEM W HISZPANII</a></h2><p><span style="font-weight: 300;">Grupa 5 uczniów i 2 opiekunów wróciła niedawno z ostatniego wyjazdu w projekcie Erasmus+ “Primary School Musical”. Tym razem uczestników projektu gościł hiszpański region Katalonia, a dokładnie małe miasto Sant Marti Sarroca. Tamtejsza szkoła podstawowa Escola Jaume Balmes jest jednym z trzech partnerów tego projektu. Oprócz naszej reprezentacji,...<a href='https://sp.tuchow.pl/index.php/2023/06/06/muzycznych-podrozy-w-projekcie-erasmus-ciag-dalszy-tym-razem-w-hiszpanii/' class='pfpReadMore'>Read More &raquo;</a><div class='clear'></div><hr></div><div class='pfpItem entry-content'><h2 class='entry-title'><a href='https://sp.tuchow.pl/index.php/2023/05/28/goscie-goscie/'>Goście, goście…</a></h2><img loading="lazy" decoding="async" class="aligncenter size-full" src="http://scontent-vie1-1.xx.fbcdn.net/v/t39.30808-6/349127155_3382601825389891_6575302625794706580_n.jpg?stp=cp6_dst-jpg&amp;_nc_cat=108&amp;ccb=1-7&amp;_nc_sid=730e14&amp;_nc_ohc=LZXh7dhI6AYAX_YufL-&amp;_nc_ht=scontent-vie1-1.xx&amp;oh=00_AfDfrpc1TxgHgTLvWpqDR4Atuux78Nef-Eji0dmxFHVo6A&amp;oe=6478EC43" width="2048" height="1536"><p style="text-align: justify;">W dniach 14 – 20 maja br. W naszej szkole można było częściej usłyszeć językhiszpański i portugalski.</p>
<p style="text-align: justify;">&nbsp;Wszystko to w związku z wizytą grup uczniów i opiekunów ze szkół partnerskich w projekcie Erasmus+ „Primary School Musical”. Nasza szkoła jest w tym projekcie instytucją przyjmującą, ale w odpowiedzi...<a href='https://sp.tuchow.pl/index.php/2023/05/28/goscie-goscie/' class='pfpReadMore'>Read More &raquo;</a><div class='clear'></div><hr></div><div class='pfpItem entry-content'><h2 class='entry-title'><a href='https://sp.tuchow.pl/index.php/2023/04/25/muzyczna-podroz-do-portugalii/'>MUZYCZNA PODRÓŻ DO PORTUGALII</a></h2><img loading="lazy" decoding="async" class="aligncenter size-full" src="http://scontent-vie1-1.xx.fbcdn.net/v/t39.30808-6/343044214_782685396718898_8080792727360836179_n.jpg?_nc_cat=104&amp;ccb=1-7&amp;_nc_sid=730e14&amp;_nc_ohc=4w2SQ8-IppEAX8VlUeK&amp;_nc_ht=scontent-vie1-1.xx&amp;oh=00_AfAnHkSx5LFYs96ZCIK7nO73Pqx_NLuJXnSpn4qi4uYypA&amp;oe=644DA533" width="3051" height="1374"><p><span style="font-weight: 300;">Od 16 do 20 kwietnia grupa 5 uczniów z klasy 6a wraz z 2 opiekunami uczestniczyła w wyjeździe do Portugalii do szkoły EB1 Igreja Cristelo &#8211; Agrupamento de Escolas de Barcelos w Portugalii w ramach współpracy międzynarodowej w projekcie Erasmus+ “Primary School Musical”. Inicjatorem projektu jest hiszpańska szkoła...<a href='https://sp.tuchow.pl/index.php/2023/04/25/muzyczna-podroz-do-portugalii/' class='pfpReadMore'>Read More &raquo;</a><div class='clear'></div><hr></div>
