{"id":10784,"date":"2022-12-30T14:53:09","date_gmt":"2022-12-30T13:53:09","guid":{"rendered":"http:\/\/sp.tuchow.pl\/?page_id=10784"},"modified":"2022-12-30T15:11:23","modified_gmt":"2022-12-30T14:11:23","slug":"eco-green-light-for-learning-in-travel","status":"publish","type":"page","link":"https:\/\/sp.tuchow.pl\/index.php\/eco-green-light-for-learning-in-travel\/","title":{"rendered":"&#8222;Eco-green light for learning in travel&#8221;"},"content":{"rendered":"<p><img loading=\"lazy\" decoding=\"async\" data-attachment-id=\"10791\" data-permalink=\"https:\/\/sp.tuchow.pl\/index.php\/eco-green-light-for-learning-in-travel\/pl-wspolfinansowane-przez-unie-europejska_pantone\/\" data-orig-file=\"https:\/\/sp.tuchow.pl\/wp-content\/uploads\/2022\/12\/PL-Wsp\u00f3\u0142finansowane-przez-Uni\u0119-Europejsk\u0105_PANTONE.jpg\" data-orig-size=\"5280,891\" data-comments-opened=\"0\" data-image-meta=\"{&quot;aperture&quot;:&quot;0&quot;,&quot;credit&quot;:&quot;&quot;,&quot;camera&quot;:&quot;&quot;,&quot;caption&quot;:&quot;&quot;,&quot;created_timestamp&quot;:&quot;0&quot;,&quot;copyright&quot;:&quot;&quot;,&quot;focal_length&quot;:&quot;0&quot;,&quot;iso&quot;:&quot;0&quot;,&quot;shutter_speed&quot;:&quot;0&quot;,&quot;title&quot;:&quot;&quot;,&quot;orientation&quot;:&quot;0&quot;}\" data-image-title=\"PL Wsp\u00f3\u0142finansowane przez Uni\u0119 Europejsk\u0105_PANTONE\" data-image-description=\"\" data-image-caption=\"\" data-medium-file=\"https:\/\/sp.tuchow.pl\/wp-content\/uploads\/2022\/12\/PL-Wsp\u00f3\u0142finansowane-przez-Uni\u0119-Europejsk\u0105_PANTONE-300x51.jpg\" data-large-file=\"https:\/\/sp.tuchow.pl\/wp-content\/uploads\/2022\/12\/PL-Wsp\u00f3\u0142finansowane-przez-Uni\u0119-Europejsk\u0105_PANTONE-1024x173.jpg\" class=\"wp-image-10791 aligncenter\" src=\"https:\/\/sp.tuchow.pl\/wp-content\/uploads\/2022\/12\/PL-Wsp\u00f3\u0142finansowane-przez-Uni\u0119-Europejsk\u0105_PANTONE.jpg\" alt=\"\" width=\"882\" height=\"149\" srcset=\"https:\/\/sp.tuchow.pl\/wp-content\/uploads\/2022\/12\/PL-Wsp\u00f3\u0142finansowane-przez-Uni\u0119-Europejsk\u0105_PANTONE.jpg 5280w, https:\/\/sp.tuchow.pl\/wp-content\/uploads\/2022\/12\/PL-Wsp\u00f3\u0142finansowane-przez-Uni\u0119-Europejsk\u0105_PANTONE-300x51.jpg 300w, https:\/\/sp.tuchow.pl\/wp-content\/uploads\/2022\/12\/PL-Wsp\u00f3\u0142finansowane-przez-Uni\u0119-Europejsk\u0105_PANTONE-768x130.jpg 768w, https:\/\/sp.tuchow.pl\/wp-content\/uploads\/2022\/12\/PL-Wsp\u00f3\u0142finansowane-przez-Uni\u0119-Europejsk\u0105_PANTONE-1024x173.jpg 1024w\" sizes=\"auto, (max-width: 882px) 100vw, 882px\" \/><\/p>\n<p style=\"text-align: center;\"><span style=\"color: #ff9900;\"><strong>Komisja Europejska oraz Narodowa Agencja Programu Erasmus+ nie ponosz\u0105 odpowiedzialno\u015bci za zawarto\u015b\u0107 merytoryczn\u0105 umieszczon\u0105 w materia\u0142ach na tej stronie.<\/strong><\/span><\/p>\n<div class='pfpItem entry-content'><h2 class='entry-title'><a href='https:\/\/sp.tuchow.pl\/index.php\/2024\/09\/26\/podroze-z-erasmus\/'>Podr\u00f3\u017ce z Erasmus+<\/a><\/h2><img decoding=\"async\" src=\"https:\/\/sp.tuchow.pl\/wp-content\/uploads\/2024\/09\/PL-V-Wspolfinansowane-przez-Unie-Europejska_POS-150x150.jpg\" \/><p style=\"text-align: justify;\">Nasza szko\u0142a zako\u0144czy\u0142a niedawno ostatni etap projektu Erasmus+ \u201cZielone \u015bwiat\u0142o dla uczenia w podr\u00f3\u017cy\u201d (nr 2022-1-PL01-KA122-SCH-000071665). Podsumowane zosta\u0142y trwaj\u0105ce 18 miesi\u0119cy dzia\u0142ania, od 30 grudnia 2022r. Projekt wsp\u00f3\u0142finansowany by\u0142 ze \u015brodk\u00f3w Unii Europejskiej, a kwota dofinansowania wynios\u0142a 36 600 euro.<\/p>\n<p style=\"text-align: justify;\">Projekt ten nie by\u0142 pierwszym realizowanym przez...<a href='https:\/\/sp.tuchow.pl\/index.php\/2024\/09\/26\/podroze-z-erasmus\/' class='pfpReadMore'>Read More &raquo;<\/a><div class='clear'><\/div><hr><\/div><div class='pfpItem entry-content'><h2 class='entry-title'><a href='https:\/\/sp.tuchow.pl\/index.php\/2024\/04\/26\/wyjazd-uczniow-do-rumunii-w-projekcie-erasmus-2\/'>Wyjazd uczni\u00f3w do Rumunii w projekcie Erasmus+<\/a><\/h2><img loading=\"lazy\" decoding=\"async\" class=\"aligncenter size-full\" src=\"http:\/\/scontent-vie1-1.xx.fbcdn.net\/v\/t39.30808-6\/438852070_944943567635408_2667752335046419432_n.jpg?_nc_cat=106&amp;ccb=1-7&amp;_nc_sid=5f2048&amp;_nc_ohc=D1t6lWKevecAb6wSHbU&amp;_nc_ht=scontent-vie1-1.xx&amp;oh=00_AfCrrjIiYYR795zECdbu4XQa7ERGlzjBuOkDj42FE7UhrA&amp;oe=6631D78E\" width=\"1600\" height=\"1200\" \/><div class=\"xdj266r x11i5rnm xat24cr x1mh8g0r x1vvkbs x126k92a\">\n<div dir=\"auto\">\u015aroda<\/div>\n<\/div>\n<div class=\"x11i5rnm xat24cr x1mh8g0r x1vvkbs xtlvy1s x126k92a\">\n<div dir=\"auto\">Ten pi\u0119knie zapowiadaj\u0105cy si\u0119 dzie\u0144 zacz\u0119li\u015bmy od pysznego \u015bniadania. P\u00f3\u017aniej, o wczesnej porze udali\u015bmy si\u0119 w dalek\u0105 podr\u00f3\u017c do Zamku Bran w Transylwanii. Tam zwiedzili\u015bmy wiele wystaw i komnat s\u0142ynnego hrabiego Blada Teresa, kt\u00f3rego uwa\u017ca si\u0119...<a href='https:\/\/sp.tuchow.pl\/index.php\/2024\/04\/26\/wyjazd-uczniow-do-rumunii-w-projekcie-erasmus-2\/' class='pfpReadMore'>Read More &raquo;<\/a><div class='clear'><\/div><hr><\/div><div class='pfpItem entry-content'><h2 class='entry-title'><a href='https:\/\/sp.tuchow.pl\/index.php\/2024\/04\/26\/wyjazd-uczniow-do-rumunii-w-projekcie-erasmus\/'>Wyjazd uczni\u00f3w do Rumunii w projekcie Erasmus+<\/a><\/h2><img loading=\"lazy\" decoding=\"async\" class=\"alignnone size-full\" src=\"http:\/\/scontent-vie1-1.xx.fbcdn.net\/v\/t39.30808-6\/437590059_942823697847395_2185608839116608793_n.jpg?_nc_cat=111&amp;ccb=1-7&amp;_nc_sid=5f2048&amp;_nc_ohc=o9Vfs0upNtQAb7p1LDa&amp;_nc_ht=scontent-vie1-1.xx&amp;oh=00_AfCUSDwDLww44oC1jpr_hWYIAUZWZsJCfn9kB9qangiYBQ&amp;oe=6631CD89\" width=\"1600\" height=\"1200\" \/><div class=\"xdj266r x11i5rnm xat24cr x1mh8g0r x1vvkbs x126k92a\">\n<div dir=\"auto\" style=\"text-align: justify;\">W minion\u0105 niedziel\u0119 rozpocz\u0119\u0142a si\u0119 pierwsza z trzech mobilno\u015bci uczni\u00f3w w projekcie Erasmus+ \u201cZielone \u015awiat\u0142o dla uczenia w podr\u00f3\u017cy\u201d, wsp\u00f3\u0142finansowanego ze \u015brodk\u00f3w Unii Europejskiej. 6 uczni\u00f3w: Patrycja, Marysia, Ala, Karolina, Kornelia i Wojtek razem z 2 opiekun\u00f3w wyruszy\u0142o do partnerskiej szko\u0142y...<a href='https:\/\/sp.tuchow.pl\/index.php\/2024\/04\/26\/wyjazd-uczniow-do-rumunii-w-projekcie-erasmus\/' class='pfpReadMore'>Read More &raquo;<\/a><div class='clear'><\/div><hr><\/div><div class='pfpItem entry-content'><h2 class='entry-title'><a href='https:\/\/sp.tuchow.pl\/index.php\/2024\/01\/06\/z-wizyta-w-barcelonie\/'>Z wizyt\u0105 w Barcelonie<\/a><\/h2><img loading=\"lazy\" decoding=\"async\" class=\"alignnone size-full\" src=\"http:\/\/scontent-vie1-1.xx.fbcdn.net\/v\/t39.30808-6\/417567175_868003545329411_3504656536131539721_n.jpg?_nc_cat=107&amp;ccb=1-7&amp;_nc_sid=3635dc&amp;_nc_ohc=2pKBAofgYWYAX89Kpqk&amp;_nc_ht=scontent-vie1-1.xx&amp;oh=00_AfAvIjXxJ26KbNkZqccsTV6T58PS0vcaEJC8snAS9E_wPQ&amp;oe=659E69C6\" width=\"1600\" height=\"1196\" \/><p style=\"text-align: justify;\">Dwie nauczycielki Szko\u0142y Podstawowej im. Stanis\u0142awa Staszica w Tuchowie odby\u0142y sze\u015bciodniowy kurs w samym sercu Hiszpanii, czyli pi\u0119knej Barcelonie. Kurs zosta\u0142 zrealizowany w ramach projektu Erasmus+ \u201cZielone \u015bwiat\u0142o dla uczenia w podr\u00f3\u017cy\u201d, wsp\u00f3\u0142finansowanego przez Uni\u0119 Europejsk\u0105. Podczas\u00a0 kursu zorganizowanego przez Europass Teacher Academy p.n. \u201dA happy lesson: valuable...<a href='https:\/\/sp.tuchow.pl\/index.php\/2024\/01\/06\/z-wizyta-w-barcelonie\/' class='pfpReadMore'>Read More &raquo;<\/a><div class='clear'><\/div><hr><\/div><div class='pfpItem entry-content'><h2 class='entry-title'><a href='https:\/\/sp.tuchow.pl\/index.php\/2023\/11\/13\/lista-rankingowa-zakwalifikowanych-opiekunow-grupowej-mobilnosci-uczniow-w-projekcie-zielone-swiatlo-dla-uczenia-w-podrozy\/'>Lista rankingowa zakwalifikowanych opiekun\u00f3w grupowej mobilno\u015bci uczni\u00f3w w projekcie \u201eZielone \u015bwiat\u0142o dla uczenia w podr\u00f3\u017cy\u201d.<\/a><\/h2><p>Poni\u017cej przedstawiamy list\u0119 rankingow\u0105 zakwalifikowanych opiekun\u00f3w grupowej mobilno\u015bci uczni\u00f3w w projekcie \u201eZielone \u015bwiat\u0142o dla uczenia w podr\u00f3\u017cy\u201d.<\/p>\n<p><a href=\"https:\/\/sp.tuchow.pl\/pobierz\/erasmus\/Lista_rankingowa_nauczyciele.pdf\" target=\"_blank\" rel=\"noopener noreferrer nofollow\">Click to access Lista_rankingowa_nauczyciele.pdf<\/a><\/p>\n...<a href='https:\/\/sp.tuchow.pl\/index.php\/2023\/11\/13\/lista-rankingowa-zakwalifikowanych-opiekunow-grupowej-mobilnosci-uczniow-w-projekcie-zielone-swiatlo-dla-uczenia-w-podrozy\/' class='pfpReadMore'>Read More &raquo;<\/a><div class='clear'><\/div><hr><\/div><div class='pfpItem entry-content'><h2 class='entry-title'><a href='https:\/\/sp.tuchow.pl\/index.php\/2023\/07\/20\/nauczyciele-na-kursie-smart-teachers-play-more-outdoors-realizowany-w-ramach-projektu-zielone-swiatlo-dla-uczenia-w-podrozy-w-programie-erasmus\/'>Nauczyciele na kursie \u201cSmart Teachers Play More Outdoors\u201d, realizowany w ramach projektu \u201eZielone \u015bwiat\u0142o dla uczenia w podr\u00f3\u017cy\u201d w programie Erasmus+<\/a><\/h2><div dir=\"auto\" style=\"text-align: justify;\">Pi\u0119cioro nauczycieli z naszej szko\u0142y zako\u0144czy\u0142o w\u0142a\u015bnie siedmiodniowy kurs w Islandii, realizowany w ramach projektu Erasmus+ \u201cZielone \u015bwiat\u0142o dla uczenia w podr\u00f3\u017cy&#8221;, wsp\u00f3\u0142finansowanego przez Uni\u0119 Europejsk\u0105. Na kursie \u201cSmart Teachers Play More Outdoors\u201d organizacji Smart Teachers Play More nauczyciele zapoznawali si\u0119 z innowacyjnymi metodami nauczania, kt\u00f3rych podstaw\u0105...<a href='https:\/\/sp.tuchow.pl\/index.php\/2023\/07\/20\/nauczyciele-na-kursie-smart-teachers-play-more-outdoors-realizowany-w-ramach-projektu-zielone-swiatlo-dla-uczenia-w-podrozy-w-programie-erasmus\/' class='pfpReadMore'>Read More &raquo;<\/a><div class='clear'><\/div><hr><\/div><div class='pfpItem entry-content'><h2 class='entry-title'><a href='https:\/\/sp.tuchow.pl\/index.php\/2023\/02\/27\/ostateczna-lista-uczestnikow-grupowej-mobilnosci-uczniow-w-projekcie-zielone-swiatlo-dla-uczenia-w-podrozy-w-programie-erasmus\/'>Ostateczna lista uczestnik\u00f3w grupowej mobilno\u015bci uczni\u00f3w w projekcie \"Zielone \u015bwiat\u0142o dla uczenia w podr\u00f3\u017cy\" w programie Erasmus+<\/a><\/h2><p style=\"text-align: justify;\">Przedstawiamy ostateczn\u0105 list\u0119 uczestnik\u00f3w grupowej mobilno\u015bci uczni\u00f3w w projekcie &#8222;Zielone \u015bwiat\u0142o dla uczenia w podr\u00f3\u017cy&#8221; w programie Erasmus+. Gratulujemy zakwalifikowanym uczestnikom. Wkr\u00f3tce rozpoczniemy pierwsze projektowe dzia\u0142ania we wsp\u00f3\u0142pracy z r\u00f3wie\u015bnikami z Hiszpanii, Rumunii i S\u0142owacji.. Zapraszamy do nich nie tylko zakwalifikowanych 18 uczestnik\u00f3w, ale tak\u017ce ch\u0119tnych uczni\u00f3w z...<a href='https:\/\/sp.tuchow.pl\/index.php\/2023\/02\/27\/ostateczna-lista-uczestnikow-grupowej-mobilnosci-uczniow-w-projekcie-zielone-swiatlo-dla-uczenia-w-podrozy-w-programie-erasmus\/' class='pfpReadMore'>Read More &raquo;<\/a><div class='clear'><\/div><hr><\/div><div class='pfpItem entry-content'><h2 class='entry-title'><a href='https:\/\/sp.tuchow.pl\/index.php\/2023\/02\/20\/lista-rankingowa-zakwalifikowanych-uczestnikow-grupowej-mobilnosci-uczniow-w-projekcie-zielone-swiatlo-dla-uczenia-w-podrozy-w-programie-erasmus-oraz-lista-rezerwowa-uczestnikow\/'>LISTA RANKINGOWA ZAKWALIFIKOWANYCH UCZESTNIK\u00d3W GRUPOWEJ MOBILNO\u015aCI UCZNI\u00d3W  W PROJEKCIE \u201eZIELONE \u015aWIAT\u0141O DLA UCZENIA W PODR\u00d3\u017bY\u201d W PROGRAMIE ERASMUS+ oraz LISTA REZERWOWA UCZESTNIK\u00d3W<\/a><\/h2><p style=\"text-align: justify;\">Og\u0142aszamy &nbsp;list\u0119 rankingow\u0105 zakwalifikowanych uczestnik\u00f3w grupowej mobilno\u015bci uczni\u00f3w w projekcie \u201eZIELONE \u015aWIAT\u0141O DLA UCZENIA W PODR\u00d3\u017bY\u201d w programie ERASMUS+ oraz lista rezerwowa uczestnik\u00f3w.<\/p>\n<p><a href=\"https:\/\/sp.tuchow.pl\/pobierz\/erasmus\/uczniowie%20zakwalifikowani.pdf\">LISTA RANKINGOWA ZAKWALIFIKOWANYCH UCZESTNIK\u00d3W GRUPOWEJ MOBILNO\u015aCI UCZNI\u00d3W W PROJEKCIE \u201eZIELONE \u015aWIAT\u0141O DLA UCZENIA W PODR\u00d3\u017bY\u201d W PROGRAMIE ERASMUS+ oraz LISTA REZERWOWA UCZESTNIK\u00d3W<\/a><\/p>\n...<a href='https:\/\/sp.tuchow.pl\/index.php\/2023\/02\/20\/lista-rankingowa-zakwalifikowanych-uczestnikow-grupowej-mobilnosci-uczniow-w-projekcie-zielone-swiatlo-dla-uczenia-w-podrozy-w-programie-erasmus-oraz-lista-rezerwowa-uczestnikow\/' class='pfpReadMore'>Read More &raquo;<\/a><div class='clear'><\/div><hr><\/div><div class='pfpItem entry-content'><h2 class='entry-title'><a href='https:\/\/sp.tuchow.pl\/index.php\/2023\/02\/12\/10873\/'>Nauczyciele na kursie szkoleniowym \"Integrating ICT and new technologies into teaching and education\", realizowany w ramach projektu \"Zielone \u015bwiat\u0142o dla uczenia w podr\u00f3\u017cy\" w programie Erasmus+<\/a><\/h2><p style=\"text-align: justify;\">Tygodniowy kurs szkoleniowy &#8222;Integrating ICT and new technologies into teaching and education&#8221;, realizowany w ramach projektu &#8222;Zielone \u015bwiat\u0142o dla uczenia w podr\u00f3\u017cy&#8221; w programie Erasmus+ wsp\u00f3\u0142finansowany przez Uni\u0119 Europejsk\u0105, w kt\u00f3rym uczestniczyli nauczyciele z Norwegii, \u0141otwy, Francji, Luksemburga, oraz dwie nauczycielki naszej szko\u0142y.<br \/>\nPodstawowym celem tego szkolenia by\u0142o...<a href='https:\/\/sp.tuchow.pl\/index.php\/2023\/02\/12\/10873\/' class='pfpReadMore'>Read More &raquo;<\/a><div class='clear'><\/div><hr><\/div><div class='pfpItem entry-content'><h2 class='entry-title'><a href='https:\/\/sp.tuchow.pl\/index.php\/2023\/02\/10\/wyniki-pierwszego-etapu-rekrutacji-w-projekcie-zielone-swiatlo-dla-uczenia-w-podrozy-w-programie-erasmus\/'>WYNIKI PIERWSZEGO ETAPU REKRUTACJI W PROJEKCIE \"ZIELONE \u015aWIAT\u0141O DLA UCZENIA W PODR\u00d3\u017bY\" W PROGRAMIE ERASMUS+<\/a><\/h2><div style=\"text-align: justify;\">Na stronie internetowej szko\u0142y w zak\u0142adce &#8222;Rekrutacja Erasmus+&#8221; projektu &#8222;Eco-green light for learning in travel&#8221; zamieszczone zosta\u0142y&nbsp;<a href=\"https:\/\/sp.tuchow.pl\/pobierz\/erasmus\/wyniki%201%20etap%20dz.pdf\">wyniki pierwszego etapu rekrutacji<\/a> uczni\u00f3w kandydat\u00f3w na uczestnik\u00f3w grupowej mobilno\u015bci uczni\u00f3w w tym projekcie. Uczni\u00f3w, kt\u00f3rzy spe\u0142nili wymagania formalne i zostali zakwalifikowani do II etapu rekrutacji, zapraszamy na spotkanie rekrutacyjne, kt\u00f3re...<a href='https:\/\/sp.tuchow.pl\/index.php\/2023\/02\/10\/wyniki-pierwszego-etapu-rekrutacji-w-projekcie-zielone-swiatlo-dla-uczenia-w-podrozy-w-programie-erasmus\/' class='pfpReadMore'>Read More &raquo;<\/a><div class='clear'><\/div><hr><\/div><div class='pfpItem entry-content'><h2 class='entry-title'><a href='https:\/\/sp.tuchow.pl\/index.php\/2023\/01\/20\/10850\/'>Wyniki rekrutacji na kursy i szkolenia w ramach projektu \"Zielone \u015bwiat\u0142o dla uczenia w podr\u00f3\u017cy\" w programie Erasmus+<\/a><\/h2><div>Og\u0142aszamy <a href=\"https:\/\/sp.tuchow.pl\/pobierz\/erasmus\/lista%20kursy.pdf\">list\u0119 nauczycieli i pracownik\u00f3w szko\u0142y<\/a>, kt\u00f3rzy zostali zakwalifikowani na kursy i szkolenia w ramach projektu &#8222;Zielone \u015bwiat\u0142o dla uczenia w podr\u00f3\u017cy&#8221; w programie Erasmus+, wsp\u00f3\u0142finansowanym przez Uni\u0119 Europejsk\u0105.<\/div>\n<div>&nbsp;<\/div>\n<div>Uczniowie klas IV i V ch\u0119tni do udzia\u0142u w tym projekcie mog\u0105 dostarcza\u0107 swoje zg\u0142oszenia do sekretariatu szko\u0142y do przysz\u0142ego <strong>pi\u0105tku...<a href='https:\/\/sp.tuchow.pl\/index.php\/2023\/01\/20\/10850\/' class='pfpReadMore'>Read More &raquo;<\/a><div class='clear'><\/div><hr><\/div><div class='pfpItem entry-content'><h2 class='entry-title'><a href='https:\/\/sp.tuchow.pl\/index.php\/2023\/01\/16\/startujemy-z-rekrutacja-do-projektu-zielone-swiatlo-dla-uczenia-w-podrozy-w-programie-erasmus\/'>Startujemy z rekrutacj\u0105 do projektu \"Zielone \u015bwiat\u0142o dla uczenia w podr\u00f3\u017cy\" w programie Erasmus+.<\/a><\/h2><div style=\"text-align: justify;\">Dzisiaj rozpoczyna si\u0119 rekrutacja do projektu 'Zielone \u015bwiat\u0142o dla uczenia w podr\u00f3\u017cy&#8221; w programie Erasmus+. Serdecznie zapraszamy do zg\u0142aszania si\u0119 zar\u00f3wno uczni\u00f3w (z klas IV i V), kt\u00f3rzy chc\u0105 pracowa\u0107 w projekcie oraz wzi\u0105\u0107 udzia\u0142 w grupowej mobilno\u015bci uczni\u00f3w, jak i nauczycieli i pracownik\u00f3w, kt\u00f3rzy chc\u0105 uczestniczy\u0107 w...<a href='https:\/\/sp.tuchow.pl\/index.php\/2023\/01\/16\/startujemy-z-rekrutacja-do-projektu-zielone-swiatlo-dla-uczenia-w-podrozy-w-programie-erasmus\/' class='pfpReadMore'>Read More &raquo;<\/a><div class='clear'><\/div><hr><\/div><div class='pfpItem entry-content'><h2 class='entry-title'><a href='https:\/\/sp.tuchow.pl\/index.php\/2022\/12\/31\/przygode-z-erasmusem-czas-zaczac\/'>Przygod\u0119 z Erasmusem+ czas zacz\u0105\u0107\u2026<\/a><\/h2><img decoding=\"async\" src=\"https:\/\/sp.tuchow.pl\/wp-content\/uploads\/2022\/12\/PL-Wsp\u00f3\u0142finansowane-przez-Uni\u0119-Europejsk\u0105_PANTONE-mniejsze-150x143.jpg\" \/><p style=\"text-align: justify;\"><span style=\"font-weight: 400;\">Nasza szko\u0142a rozpocz\u0119\u0142a w\u0142a\u015bnie realizacj\u0119 kolejnego projektu mi\u0119dzynarodowego, tym razem w programie Erasmus +. Projekt naszej szko\u0142y o numerze <\/span><b>2022-1-PL01-KA122-SCH-000071665 <\/b><span style=\"font-weight: 400;\">otrzyma\u0142 dofinansowanie w wysoko\u015bci 36 600 euro i obejmuje dzia\u0142ania roz\u0142o\u017cone na 18 miesi\u0119cy. S\u0105 to: grupowa mobilno\u015b\u0107 uczni\u00f3w, a tak\u017ce kursy i szkolenia...<a href='https:\/\/sp.tuchow.pl\/index.php\/2022\/12\/31\/przygode-z-erasmusem-czas-zaczac\/' class='pfpReadMore'>Read More &raquo;<\/a><div class='clear'><\/div><hr><\/div>\n<p>&nbsp;<\/p>\n","protected":false},"excerpt":{"rendered":"<p>Komisja Europejska oraz Narodowa Agencja Programu Erasmus+ nie ponosz\u0105 odpowiedzialno\u015bci za zawarto\u015b\u0107 merytoryczn\u0105 umieszczon\u0105 w materia\u0142ach na tej stronie. &nbsp;<\/p>\n","protected":false},"author":4,"featured_media":0,"parent":0,"menu_order":0,"comment_status":"closed","ping_status":"closed","template":"","meta":{"advanced_seo_description":"","jetpack_seo_html_title":"","jetpack_seo_noindex":false,"ngg_post_thumbnail":0,"footnotes":""},"class_list":["post-10784","page","type-page","status-publish","hentry"],"jetpack_sharing_enabled":true,"jetpack_shortlink":"https:\/\/wp.me\/PghmmV-2NW","jetpack_likes_enabled":true,"jetpack-related-posts":[],"_links":{"self":[{"href":"https:\/\/sp.tuchow.pl\/index.php\/wp-json\/wp\/v2\/pages\/10784","targetHints":{"allow":["GET"]}}],"collection":[{"href":"https:\/\/sp.tuchow.pl\/index.php\/wp-json\/wp\/v2\/pages"}],"about":[{"href":"https:\/\/sp.tuchow.pl\/index.php\/wp-json\/wp\/v2\/types\/page"}],"author":[{"embeddable":true,"href":"https:\/\/sp.tuchow.pl\/index.php\/wp-json\/wp\/v2\/users\/4"}],"replies":[{"embeddable":true,"href":"https:\/\/sp.tuchow.pl\/index.php\/wp-json\/wp\/v2\/comments?post=10784"}],"version-history":[{"count":3,"href":"https:\/\/sp.tuchow.pl\/index.php\/wp-json\/wp\/v2\/pages\/10784\/revisions"}],"predecessor-version":[{"id":10794,"href":"https:\/\/sp.tuchow.pl\/index.php\/wp-json\/wp\/v2\/pages\/10784\/revisions\/10794"}],"wp:attachment":[{"href":"https:\/\/sp.tuchow.pl\/index.php\/wp-json\/wp\/v2\/media?parent=10784"}],"curies":[{"name":"wp","href":"https:\/\/api.w.org\/{rel}","templated":true}]}}