{"id":10409,"date":"2022-04-27T15:36:44","date_gmt":"2022-04-27T13:36:44","guid":{"rendered":"http:\/\/sp.tuchow.pl\/?page_id=10409"},"modified":"2022-05-13T15:01:32","modified_gmt":"2022-05-13T13:01:32","slug":"rekrutacja-nabor-iv","status":"publish","type":"page","link":"https:\/\/sp.tuchow.pl\/index.php\/rekrutacja-nabor-iv\/","title":{"rendered":"Rekrutacja Nab\u00f3r IV"},"content":{"rendered":"<p><img decoding=\"async\" class=\"aligncenter\" src=\"http:\/\/i2.wp.com\/szkola.galas.net.pl\/wp-content\/uploads\/2021\/05\/FE_POWER_poziom_pl-1_rgb.jpg?resize=477%2C62\"><\/p>\n<p>&nbsp;<\/p>\n<p><a href=\"https:\/\/sp.tuchow.pl\/pobierz\/power2\/Regulamin%20Rekrutacji%20uczestnikow.pdf\">Regulamin Rekrutacji uczestnik\u00f3w przedsi\u0119wzi\u0119cia \u201eTravel &amp; Discover \u2013 podr\u00f3\u017cuj i odkrywaj\u201d<\/a><\/p>\n<p><a href=\"https:\/\/sp.tuchow.pl\/pobierz\/power2\/Terminarz%20rekrutacji.pdf\">Terminarz rekrutacji<\/a><\/p>\n<p><a href=\"https:\/\/sp.tuchow.pl\/pobierz\/power2\/KARTA%20ZGLOSZENIA%20UCZNIA.pdf\">Karta zg\u0142oszenia ucznia<\/a><\/p>\n<p><a href=\"https:\/\/sp.tuchow.pl\/pobierz\/power2\/Zasady%20uczestnictwa%20ucznia.pdf\">Zasady uczestnictwa ucznia w przedsi\u0119wzi\u0119ciu PMU<\/a><\/p>\n<p><a href=\"https:\/\/sp.tuchow.pl\/pobierz\/power2\/Oswiadczenie%20uczestnika.pdf\">O\u015bwiadczenie uczestnika przedsi\u0119wzi\u0119cia<\/a><\/p>\n<p><a href=\"https:\/\/sp.tuchow.pl\/pobierz\/power2\/FORMULARZ%20ZGLOSZENIOWY%20KANDYDATA%20NA%20OPIEKUNA.pdf\">Formularz zg\u0142oszeniowy kandydata na opiekuna mobilno\u015bci<\/a><\/p>\n<p><a href=\"https:\/\/sp.tuchow.pl\/pobierz\/power2\/Warunki%20ogolne%20opiekunowie.pdf\">Warunki og\u00f3lne (dot. opiekun\u00f3w mobilno\u015bci)<\/a><\/p>\n<p><a href=\"https:\/\/sp.tuchow.pl\/pobierz\/power2\/Harmonogram%20wyjazdu.pdf\">Harmonogram wyjazdu zagranicznego (mobilno\u015bci)<\/a><\/p>\n<h3><span style=\"color: #ff0000;\">Wyniki rekrutacji<\/span><\/h3>\n<p><a href=\"https:\/\/sp.tuchow.pl\/pobierz\/power2\/Lista%20opiekunow.pdf\">Lista rankingowa opiekun\u00f3w mobilno\u015bci w przedsi\u0119wzi\u0119ciu pn. \u201eTravel &amp; Discover \u2013 podr\u00f3\u017cuj i odkrywaj\u201d realizowanym w ramach projektu \u201ePonadnarodowa mobilno\u015b\u0107 uczni\u00f3w\u201d, wsp\u00f3\u0142finansowanego z Europejskiego Funduszu Spo\u0142ecznego<\/a><\/p>\n<p><a href=\"https:\/\/sp.tuchow.pl\/pobierz\/power2\/Lista%20rankingowa%20uczestnikow.pdf\">Lista rankingowa zakwalifikowanych uczestnik\u00f3w przedsi\u0119wzi\u0119cia \u201eTravel &amp; Discover \u2013 podr\u00f3\u017cuj i odkrywaj\u201d realizowanego w ramach projektu \u201ePonadnarodowa mobilno\u015b\u0107 uczni\u00f3w\u201d, wsp\u00f3\u0142finansowanego z Europejskiego Funduszu Spo\u0142ecznego<\/a><\/p>\n<p><a href=\"https:\/\/sp.tuchow.pl\/pobierz\/power2\/Ostateczna%20lista%20rankingowa%20uczestnikow.pdf\">Ostateczna lista rankingowa zakwalifikowanych uczestnik\u00f3w przedsi\u0119wzi\u0119cia \u201eTravel &amp; Discover \u2013 podr\u00f3\u017cuj i odkrywaj\u201d realizowanego w ramach projektu \u201ePonadnarodowa mobilno\u015b\u0107 uczni\u00f3w\u201d, wsp\u00f3\u0142finansowanego z Europejskiego Funduszu Spo\u0142ecznego oraz lista rezerwowa uczestnik\u00f3w<\/a><\/p>\n","protected":false},"excerpt":{"rendered":"<p>&nbsp; Regulamin Rekrutacji uczestnik\u00f3w przedsi\u0119wzi\u0119cia \u201eTravel &amp; Discover \u2013 podr\u00f3\u017cuj i odkrywaj\u201d Terminarz rekrutacji Karta zg\u0142oszenia ucznia Zasady uczestnictwa ucznia<\/p>\n","protected":false},"author":4,"featured_media":0,"parent":0,"menu_order":0,"comment_status":"closed","ping_status":"closed","template":"","meta":{"advanced_seo_description":"","jetpack_seo_html_title":"","jetpack_seo_noindex":false,"ngg_post_thumbnail":0,"footnotes":""},"class_list":["post-10409","page","type-page","status-publish","hentry"],"jetpack_sharing_enabled":true,"jetpack_shortlink":"https:\/\/wp.me\/PghmmV-2HT","jetpack_likes_enabled":true,"jetpack-related-posts":[],"_links":{"self":[{"href":"https:\/\/sp.tuchow.pl\/index.php\/wp-json\/wp\/v2\/pages\/10409","targetHints":{"allow":["GET"]}}],"collection":[{"href":"https:\/\/sp.tuchow.pl\/index.php\/wp-json\/wp\/v2\/pages"}],"about":[{"href":"https:\/\/sp.tuchow.pl\/index.php\/wp-json\/wp\/v2\/types\/page"}],"author":[{"embeddable":true,"href":"https:\/\/sp.tuchow.pl\/index.php\/wp-json\/wp\/v2\/users\/4"}],"replies":[{"embeddable":true,"href":"https:\/\/sp.tuchow.pl\/index.php\/wp-json\/wp\/v2\/comments?post=10409"}],"version-history":[{"count":6,"href":"https:\/\/sp.tuchow.pl\/index.php\/wp-json\/wp\/v2\/pages\/10409\/revisions"}],"predecessor-version":[{"id":10450,"href":"https:\/\/sp.tuchow.pl\/index.php\/wp-json\/wp\/v2\/pages\/10409\/revisions\/10450"}],"wp:attachment":[{"href":"https:\/\/sp.tuchow.pl\/index.php\/wp-json\/wp\/v2\/media?parent=10409"}],"curies":[{"name":"wp","href":"https:\/\/api.w.org\/{rel}","templated":true}]}}